-- https://www.phpmyadmin.net/
--

START TRANSACTION;



--
-- Database: `primestore_cars`
--

-- --------------------------------------------------------

--
-- Table structure for table `admins`
--

CREATE TABLE `admins` (
  `id` bigint UNSIGNED NOT NULL,
  `name` varchar(255) CHARACTER SET utf8mb4 COLLATE utf8mb4_unicode_ci NOT NULL,
  `email` varchar(255) CHARACTER SET utf8mb4 COLLATE utf8mb4_unicode_ci NOT NULL,
  `phone` varchar(255) CHARACTER SET utf8mb4 COLLATE utf8mb4_unicode_ci DEFAULT NULL,
  `email_verified_at` timestamp NULL DEFAULT NULL,
  `password` varchar(255) CHARACTER SET utf8mb4 COLLATE utf8mb4_unicode_ci NOT NULL,
  `remember_token` varchar(100) CHARACTER SET utf8mb4 COLLATE utf8mb4_unicode_ci DEFAULT NULL,
  `created_at` timestamp NULL DEFAULT NULL,
  `updated_at` timestamp NULL DEFAULT NULL
) ENGINE=InnoDB DEFAULT CHARSET=utf8mb4 COLLATE=utf8mb4_unicode_ci;

--
-- Dumping data for table `admins`
--

INSERT INTO `admins` (`id`, `name`, `email`, `phone`, `email_verified_at`, `password`, `remember_token`, `created_at`, `updated_at`) VALUES
(1, 'Admin', 'admin@gmail.com', '01011982831', NULL, '$2y$10$EYkIqJftbNVbkL5pmDhyMOc6PJnOsiHCtUgX5NgGJACjAkcolP3Di', NULL, NULL, NULL);

-- --------------------------------------------------------

--
-- Table structure for table `banners`
--

CREATE TABLE `banners` (
  `id` bigint UNSIGNED NOT NULL,
  `title` varchar(255) CHARACTER SET utf8mb4 COLLATE utf8mb4_unicode_ci DEFAULT NULL,
  `desc` text CHARACTER SET utf8mb4 COLLATE utf8mb4_unicode_ci,
  `status` tinyint(1) NOT NULL DEFAULT '1',
  `created_at` timestamp NULL DEFAULT NULL,
  `updated_at` timestamp NULL DEFAULT NULL
) ENGINE=InnoDB DEFAULT CHARSET=utf8mb4 COLLATE=utf8mb4_unicode_ci;

--
-- Dumping data for table `banners`
--

INSERT INTO `banners` (`id`, `title`, `desc`, `status`, `created_at`, `updated_at`) VALUES
(8, '{\"en\":\"few\",\"ar\":\"few\"}', '{\"en\":\"fewf\",\"ar\":\"few\"}', 1, '2025-05-31 17:05:47', '2025-06-12 12:23:08'),
(9, '{\"en\":\"car\",\"ar\":\"car\"}', '{\"en\":\"car\",\"ar\":\"car\"}', 1, '2025-06-12 12:24:09', '2025-06-12 12:24:09'),
(10, '{\"en\":\"dgsd\",\"ar\":\"sdgf\"}', '{\"en\":\"sdg\",\"ar\":\"sfd\"}', 1, '2025-06-12 12:24:28', '2025-06-12 12:24:28');

-- --------------------------------------------------------

--
-- Table structure for table `blog`
--

CREATE TABLE `blog` (
  `id` bigint UNSIGNED NOT NULL,
  `title` varchar(255) CHARACTER SET utf8mb4 COLLATE utf8mb4_unicode_ci NOT NULL,
  `description` text CHARACTER SET utf8mb4 COLLATE utf8mb4_unicode_ci NOT NULL,
  `status` tinyint(1) NOT NULL DEFAULT '1',
  `lang` enum('ar','en') CHARACTER SET utf8mb4 COLLATE utf8mb4_unicode_ci NOT NULL DEFAULT 'ar',
  `created_at` timestamp NULL DEFAULT NULL,
  `updated_at` timestamp NULL DEFAULT NULL
) ENGINE=InnoDB DEFAULT CHARSET=utf8mb4 COLLATE=utf8mb4_unicode_ci;

-- --------------------------------------------------------

--
-- Table structure for table `brands`
--

CREATE TABLE `brands` (
  `id` bigint UNSIGNED NOT NULL,
  `name` varchar(255) CHARACTER SET utf8mb4 COLLATE utf8mb4_unicode_ci NOT NULL,
  `status` tinyint(1) NOT NULL DEFAULT '1',
  `created_at` timestamp NULL DEFAULT NULL,
  `updated_at` timestamp NULL DEFAULT NULL
) ENGINE=InnoDB DEFAULT CHARSET=utf8mb4 COLLATE=utf8mb4_unicode_ci;

--
-- Dumping data for table `brands`
--

INSERT INTO `brands` (`id`, `name`, `status`, `created_at`, `updated_at`) VALUES
(5, '{\"en\":\"مرسيدس\",\"ar\":\"Mercedes\"}', 1, '2025-05-30 00:46:57', '2025-05-30 00:46:57'),
(6, '{\"en\":\"BMW\",\"ar\":\"BMW\"}', 1, '2025-05-31 15:16:09', '2025-05-31 15:16:09'),
(7, '{\"en\":\"كيا\",\"ar\":\"kia\"}', 1, '2025-05-31 15:20:58', '2025-05-31 15:20:58'),
(8, '{\"ar\":\"ASC Incorporated\",\"en\":\"ASC Incorporated\"}', 1, '2025-06-02 17:32:48', '2025-06-02 17:32:48'),
(9, '{\"ar\":\"BYD\",\"en\":\"BYD\"}', 1, '2025-06-02 19:06:18', '2025-06-02 19:06:18'),
(10, '{\"ar\":\"Ford\",\"en\":\"Ford\"}', 1, '2025-06-03 12:30:56', '2025-06-03 12:30:56'),
(11, '{\"ar\":\"Mercedes-Benz\",\"en\":\"Mercedes-Benz\"}', 1, '2025-06-04 21:52:28', '2025-06-04 21:52:28'),
(12, '{\"ar\":\"Nissan\",\"en\":\"Nissan\"}', 1, '2025-06-04 22:23:43', '2025-06-04 22:23:43'),
(13, '{\"ar\":\"Alfa Romeo\",\"en\":\"Alfa Romeo\"}', 1, '2025-06-16 04:12:22', '2025-06-16 04:12:22'),
(14, '{\"ar\":\"Hyundai\",\"en\":\"Hyundai\"}', 1, '2025-06-18 20:48:24', '2025-06-18 20:48:24'),
(15, '{\"ar\":\"Kia\",\"en\":\"Kia\"}', 1, '2025-06-18 21:13:33', '2025-06-18 21:13:33'),
(16, '{\"ar\":\"Toyota\",\"en\":\"Toyota\"}', 1, '2025-06-18 21:58:20', '2025-06-18 21:58:20'),
(17, '{\"ar\":\"Honda\",\"en\":\"Honda\"}', 1, '2025-06-18 22:08:20', '2025-06-18 22:08:20'),
(18, '{\"ar\":\"Jeep\",\"en\":\"Jeep\"}', 1, '2025-06-18 22:22:30', '2025-06-18 22:22:30');

-- --------------------------------------------------------

--
-- Table structure for table `cache`
--

CREATE TABLE `cache` (
  `key` varchar(255) CHARACTER SET utf8mb4 COLLATE utf8mb4_unicode_ci NOT NULL,
  `value` mediumtext CHARACTER SET utf8mb4 COLLATE utf8mb4_unicode_ci NOT NULL,
  `expiration` int NOT NULL
) ENGINE=InnoDB DEFAULT CHARSET=utf8mb4 COLLATE=utf8mb4_unicode_ci;

-- --------------------------------------------------------

--
-- Table structure for table `cache_locks`
--

CREATE TABLE `cache_locks` (
  `key` varchar(255) CHARACTER SET utf8mb4 COLLATE utf8mb4_unicode_ci NOT NULL,
  `owner` varchar(255) CHARACTER SET utf8mb4 COLLATE utf8mb4_unicode_ci NOT NULL,
  `expiration` int NOT NULL
) ENGINE=InnoDB DEFAULT CHARSET=utf8mb4 COLLATE=utf8mb4_unicode_ci;

-- --------------------------------------------------------

--
-- Table structure for table `cars`
--

CREATE TABLE `cars` (
  `id` bigint UNSIGNED NOT NULL,
  `title` varchar(255) CHARACTER SET utf8mb4 COLLATE utf8mb4_unicode_ci DEFAULT NULL,
  `description` text CHARACTER SET utf8mb4 COLLATE utf8mb4_unicode_ci,
  `model_variant` varchar(50) CHARACTER SET utf8mb4 COLLATE utf8mb4_unicode_ci DEFAULT NULL,
  `manufacturing_region` varchar(50) CHARACTER SET utf8mb4 COLLATE utf8mb4_unicode_ci DEFAULT NULL,
  `gear` varchar(50) CHARACTER SET utf8mb4 COLLATE utf8mb4_unicode_ci DEFAULT NULL,
  `fuel_type` varchar(50) CHARACTER SET utf8mb4 COLLATE utf8mb4_unicode_ci DEFAULT NULL,
  `engine_capacity` varchar(50) CHARACTER SET utf8mb4 COLLATE utf8mb4_unicode_ci DEFAULT NULL,
  `color` varchar(30) CHARACTER SET utf8mb4 COLLATE utf8mb4_unicode_ci DEFAULT NULL,
  `upholstery_color` varchar(30) CHARACTER SET utf8mb4 COLLATE utf8mb4_unicode_ci DEFAULT NULL,
  `year` varchar(5) CHARACTER SET utf8mb4 COLLATE utf8mb4_unicode_ci DEFAULT NULL,
  `price` int DEFAULT NULL,
  `type` varchar(30) CHARACTER SET utf8mb4 COLLATE utf8mb4_unicode_ci DEFAULT NULL,
  `location` json DEFAULT NULL,
  `mileage` varchar(50) CHARACTER SET utf8mb4 COLLATE utf8mb4_unicode_ci DEFAULT NULL,
  `paint_condition` varchar(50) CHARACTER SET utf8mb4 COLLATE utf8mb4_unicode_ci DEFAULT NULL,
  `vehicle_body` varchar(50) CHARACTER SET utf8mb4 COLLATE utf8mb4_unicode_ci DEFAULT NULL,
  `payment_method` varchar(50) CHARACTER SET utf8mb4 COLLATE utf8mb4_unicode_ci DEFAULT NULL,
  `negotiable` tinyint(1) DEFAULT '0',
  `special` tinyint(1) DEFAULT '0',
  `reals_accept` tinyint(1) NOT NULL DEFAULT '0',
  `usage_status` varchar(50) CHARACTER SET utf8mb4 COLLATE utf8mb4_unicode_ci DEFAULT NULL COMMENT 'new/used/imported',
  `status` varchar(20) CHARACTER SET utf8mb4 COLLATE utf8mb4_unicode_ci NOT NULL DEFAULT 'active',
  `user_id` bigint UNSIGNED NOT NULL,
  `brand_id` bigint UNSIGNED DEFAULT NULL,
  `model_id` bigint UNSIGNED DEFAULT NULL,
  `city_id` bigint UNSIGNED DEFAULT NULL,
  `district_id` bigint UNSIGNED DEFAULT NULL,
  `created_at` timestamp NULL DEFAULT NULL,
  `updated_at` timestamp NULL DEFAULT NULL,
  `agency` tinyint(1) NOT NULL DEFAULT '0',
  `whatsapp` varchar(255) CHARACTER SET utf8mb4 COLLATE utf8mb4_unicode_ci DEFAULT NULL,
  `phone` varchar(255) CHARACTER SET utf8mb4 COLLATE utf8mb4_unicode_ci DEFAULT NULL,
  `checked` tinyint(1) NOT NULL DEFAULT '0',
  `kilometers` int DEFAULT NULL,
  `star` tinyint(1) NOT NULL DEFAULT '0',
  `deleted_at` timestamp NULL DEFAULT NULL,
  `check_status` tinyint NOT NULL DEFAULT '0',
  `rent_or_sale` varchar(255) COLLATE utf8mb4_unicode_ci NOT NULL DEFAULT 'rent',
  `sale_price` int UNSIGNED DEFAULT NULL,
  `rent_price_daily` int UNSIGNED DEFAULT NULL,
  `rent_price_weekly` int UNSIGNED DEFAULT NULL,
  `rent_price_monthly` int UNSIGNED DEFAULT NULL
) ENGINE=InnoDB DEFAULT CHARSET=utf8mb4 COLLATE=utf8mb4_unicode_ci;

--
-- Dumping data for table `cars`
--

INSERT INTO `cars` (`id`, `title`, `description`, `model_variant`, `manufacturing_region`, `gear`, `fuel_type`, `engine_capacity`, `color`, `upholstery_color`, `year`, `price`, `type`, `location`, `mileage`, `paint_condition`, `vehicle_body`, `payment_method`, `negotiable`, `special`, `reals_accept`, `usage_status`, `status`, `user_id`, `brand_id`, `model_id`, `city_id`, `district_id`, `created_at`, `updated_at`, `agency`, `whatsapp`, `phone`, `checked`, `kilometers`, `star`, `deleted_at`, `check_status`, `rent_or_sale`, `sale_price`, `rent_price_daily`, `rent_price_weekly`, `rent_price_monthly`) VALUES
(107, 'دمشق المالكي', 'دمشق المالكي', NULL, 'Gulf', 'Tiptronic', 'Gasoline', '3000-3999 cc', 'Black', 'Burgundy', '2015', 20000, 'سيدان', NULL, '90,000-100,000 km', 'Original paint', 'Excellent (No accidents)', 'cash', 1, 0, 0, 'Used', 'active', 54, 5, 11, 5, 4, '2025-05-30 01:01:51', '2025-06-12 12:18:11', 0, '0096555083030', '0096555083030', 0, 97000, 0, '2025-06-12 12:18:11', 0, 'rent', NULL, NULL, NULL, NULL),
(108, '\'\"` ‡', 'دمشق المالكي. ʼ ‹ `   \'. \'', NULL, 'Gulf', 'Tiptronic', 'Gasoline', '3000-3999 cc', 'Black', 'Burgundy', '2015', 20000, 'سيدان', NULL, '90,000-100,000 km', 'Original paint', 'Excellent (No accidents)', 'cash', 1, 0, 0, 'Used', 'active', 54, 5, 11, 5, 4, '2025-05-30 01:02:28', '2025-06-12 12:18:07', 0, '0096555083030', '0096555083030', 0, 97000, 0, '2025-06-12 12:18:07', 0, 'rent', NULL, NULL, NULL, NULL),
(109, 'دمشق المالكي', 'دمشق المالكي', NULL, 'Gulf', 'Tiptronic', 'Gasoline', '3000-3999 cc', 'Black', 'Burgundy', '2015', 20000, 'سيدان', NULL, '90,000-100,000 km', 'Original paint', 'Excellent (No accidents)', 'cash', 1, 0, 0, 'Used', 'active', 54, 5, 11, 5, 4, '2025-05-30 01:02:48', '2025-06-12 12:18:03', 0, '0096555083030', '0096555083030', 0, 97000, 0, '2025-06-12 12:18:03', 0, 'rent', NULL, NULL, NULL, NULL),
(110, '111', '111', NULL, 'Europe', 'Manual', 'Gasoline', '1000-1999 cc', 'Cement', 'Light Blue', '1981', 55, 'SUV', NULL, '20,000-30,000 km', 'Partially repainted', 'Accident (Major body damage)', 'cash', 0, 0, 0, 'New', 'active', 57, 5, 11, 5, 4, '2025-05-30 16:29:50', '2025-05-30 16:29:50', 0, '01120140411', '01120140411', 0, 10, 0, NULL, 0, 'rent', NULL, NULL, NULL, NULL),
(111, '1111', '111', NULL, 'Europe', 'Manual', 'Gasoline', '1000-1999 cc', 'Cement', 'Cement', '1982', 10, 'SUV', NULL, '20,000-30,000 km', 'Original paint', 'Minor accident (Needs body repair)', 'cash', 0, 0, 0, 'New', 'active', 57, 5, 11, 5, 5, '2025-05-30 16:33:09', '2025-05-30 16:33:09', 0, '01120140411', '01120140411', 0, 10, 0, NULL, 0, 'rent', NULL, NULL, NULL, NULL),
(112, '1113', '1323', NULL, 'Europe', 'Manual', 'Gasoline', '1000-1999 cc', 'Blue', 'Blue', '1981', 10, 'SUV', NULL, '0-10,000 km', 'Partially repainted', 'Minor accident (Needs body repair)', 'cash', 0, 0, 0, 'New', 'active', 57, 5, 11, 5, 5, '2025-05-30 16:46:13', '2025-05-30 16:46:13', 0, '01120140411', '01120140411', 0, 10, 0, NULL, 0, 'rent', NULL, NULL, NULL, NULL),
(113, '112', 'yuuj', NULL, 'Europe', 'Manual', 'Gasoline', '500-999 cc', 'Cement', 'Cement', '1981', 66, 'SUV', NULL, '20,000-30,000 km', 'Partially repainted', 'Chassis condition', 'cash', 1, 0, 0, 'New', 'active', 57, 5, 11, 5, 4, '2025-05-30 16:57:44', '2025-05-30 16:57:44', 0, '01120140411', '01120140411', 0, 66, 0, NULL, 0, 'rent', NULL, NULL, NULL, NULL),
(114, '1111', '111', NULL, 'Europe', 'Manual', 'Gasoline', '1000-1999 cc', 'Cement', 'Cement', '1981', 5, 'SUV', NULL, '30,000-40,000 km', 'Partially repainted', 'Chassis condition', 'cash', 1, 0, 0, 'Imported', 'active', 57, 5, 11, 5, 4, '2025-05-30 17:04:54', '2025-05-30 17:07:44', 0, '01120140411', '01120140411', 0, 99, 0, NULL, 0, 'rent', NULL, NULL, NULL, NULL),
(115, '21hh', '1111', NULL, 'Europe', 'Manual', 'Gasoline', '1000-1999 cc', 'Black', 'Cement', '1981', 22, 'SUV', NULL, '10,000-20,000 km', 'Partially repainted', 'Good (Minor body defects)', 'cash', 1, 0, 0, 'Imported', 'active', 57, 5, 11, 5, 5, '2025-05-30 17:11:11', '2025-05-30 17:11:11', 0, '01120140411', '01120140411', 0, 66, 0, NULL, 0, 'rent', NULL, NULL, NULL, NULL),
(117, '111', '111', NULL, 'Europe', 'Tiptronic', 'Gasoline', '500-999 cc', 'Cement', 'Cement', '1983', 111, 'SUV', NULL, '10,000-20,000 km', 'Fully repainted', 'Minor accident (Needs body repair)', 'cash', 1, 0, 0, 'Imported', 'active', 57, 5, 11, 5, 5, '2025-05-30 17:17:39', '2025-05-30 17:17:39', 0, '01120140411', '01120140411', 0, 10, 0, NULL, 0, 'rent', NULL, NULL, NULL, NULL),
(118, 'سياره لوتس للبيع', 'سياره لوتس للبيع', NULL, 'Europe', 'Automatic', 'Gasoline', '4000-4999 cc', 'Blue', 'Blue', '2024', 10000000, 'سيدان', NULL, '0-10,000 km', 'Fully repainted', 'Minor accident (Needs body repair)', 'cash', 1, 0, 0, 'New', 'active', 58, 5, 11, 5, 4, '2025-05-30 22:00:34', '2025-06-12 12:17:59', 1, '01115028039', '01115028039', 0, 0, 0, '2025-06-12 12:17:59', 1, 'rent', NULL, NULL, NULL, NULL),
(119, 'مرسيدس E300 موديل 2015', 'Black Edition', NULL, 'Gulf', 'Tiptronic', 'Gasoline', '3000-3999 cc', 'Black', 'Burgundy', '2015', 17000, 'سيدان', NULL, '90,000-100,000 km', 'Original paint', 'Excellent (No accidents)', 'cash', 1, 0, 0, 'Imported', 'active', 54, 11, 20, 5, 5, '2025-05-31 16:12:44', '2025-06-12 12:17:55', 0, '0096555083030', '0096555083030', 0, 97000, 0, '2025-06-12 12:17:55', 0, 'rent', NULL, NULL, NULL, NULL),
(120, 'مرسيدس ٢٠١٤', 'كامل المواصفات', NULL, 'Gulf', 'Tiptronic', 'Gasoline', '3000-3999 cc', 'Black', 'Burgundy', '2014', 23000, 'سيدان', NULL, '90,000-100,000 km', 'Original paint', 'Excellent (No accidents)', 'cash', 0, 0, 0, 'Used', 'active', 54, 5, 11, 5, 5, '2025-06-01 00:30:37', '2025-06-12 12:17:51', 0, '0096555083030', '0096555083030', 0, 95000, 0, '2025-06-12 12:17:51', 0, 'rent', NULL, NULL, NULL, NULL),
(121, '111', '111', NULL, 'America', 'Manual', 'Gasoline', '500-999 cc', 'White', 'White', '1981', 10, 'SUV', NULL, '0-10,000 km', 'Fully repainted', 'Good (Minor body defects)', 'installment', 1, 0, 0, 'New', 'active', 57, 8, 16, 5, 5, '2025-06-02 17:32:48', '2025-06-02 17:32:48', 0, '01120140411', '01120140411', 0, 10, 0, NULL, 0, 'rent', NULL, NULL, NULL, NULL),
(122, '1234', '123', NULL, 'Europe', 'Manual', 'Gasoline', '0-499 cc', 'Light Blue', 'Light Blue', '1980', 99, 'SUV', NULL, '20,000-30,000 km', 'Other', 'Excellent (No accidents)', 'cash', 1, 0, 0, 'New', 'active', 57, 6, 19, 5, 4, '2025-06-02 19:06:18', '2025-06-04 01:19:26', 0, '01120140411', '01120140411', 0, 99, 0, NULL, 0, 'rent', NULL, NULL, NULL, NULL),
(123, 'test', 'Test', NULL, 'America', 'Manual', 'Gasoline', '2000-2999 cc', 'Light Blue', 'Light Blue', '1985', 656895, 'سيدان', NULL, '20,000-30,000 km', 'Fully repainted', 'Good (Minor body defects)', 'installment', 1, 0, 0, 'Used', 'active', 58, 8, 16, 5, 5, '2025-06-03 00:40:31', '2025-06-12 12:17:48', 1, '01115028039', '01115028039', 0, 68389, 0, '2025-06-12 12:17:48', 0, 'rent', NULL, NULL, NULL, NULL),
(124, 'فورد اكسبلور', 'موديل ٢٠٢٤ بحالة الوكالة', NULL, 'America', 'Automatic', 'Gasoline', '2000-2999 cc', 'White', 'Cement', '2024', 21000, 'SUV', NULL, '0-10,000 km', 'Original paint', 'Excellent (No accidents)', 'cash', 1, 0, 0, 'New', 'active', 54, 10, 18, 5, 4, '2025-06-03 12:30:56', '2025-06-12 12:17:41', 0, '0096555083030', '0096555083030', 0, 5500, 0, '2025-06-12 12:17:41', 1, 'rent', NULL, NULL, NULL, NULL),
(125, 'نيسان فان', 'موديل ٢٠١٣ عدد الركاب ٩', NULL, 'Other', 'Automatic', 'Diesel', '4000-4999 cc', 'White', 'Gray', '2013', 7500, 'فان', NULL, '100,000+ km', 'Partially repainted', 'Good (Minor body defects)', 'cash', 1, 0, 0, 'Used', 'active', 54, 12, 21, 5, 5, '2025-06-04 22:23:43', '2025-06-12 12:17:36', 0, '0096555083030', '0096555083030', 0, 155000, 0, '2025-06-12 12:17:36', 0, 'rent', NULL, NULL, NULL, NULL),
(126, 'test', 'ttt', NULL, 'Europe', 'Manual', 'Gasoline', '0-499 cc', 'Cement', 'Black', '1981', NULL, 'هاتش باك', NULL, '10,000-20,000 km', 'Other', 'Excellent (No accidents)', 'cash', 0, 0, 0, 'Imported', 'active', 74, 13, 22, 5, 4, '2025-06-16 04:12:22', '2025-06-16 04:12:22', 0, '01120140410', '0112040410', 0, 666, 0, NULL, 0, 'rent', NULL, 10, 10, 10),
(127, '1111', '1111', NULL, 'Europe', 'Manual', 'Gasoline', '500-999 cc', 'Cement', 'Light Blue', '1984', NULL, 'SUV', NULL, '30,000-40,000 km', 'Original paint', 'Minor accident (Needs body repair)', 'cash', 1, 0, 0, 'New', 'active', 74, 13, 23, 5, 4, '2025-06-16 04:15:30', '2025-06-16 04:15:30', 0, '111', '1111', 0, 10, 0, NULL, 0, 'sale', 10, NULL, NULL, NULL),
(128, 'سياره سوناتا 2013', 'معرض TK موتورز ٠٩٩١٧٤٨٠٧١ اتستراد حرستا مواجه موقف البولمان', NULL, 'Other', 'Automatic', 'Gasoline', '1000-1999 cc', 'White', 'Black', '2013', NULL, 'SUV', NULL, '90,000-100,000 km', 'Original paint', 'Excellent (No accidents)', 'cash', 0, 0, 0, 'Used', 'active', 72, 14, 24, 5, 6, '2025-06-18 20:48:24', '2025-06-18 20:48:24', 1, '0991748071', '0991748071', 0, 94000, 0, NULL, 0, 'sale', 9000, NULL, NULL, NULL),
(129, 'سياره سنتافيه 2015', 'معرض TK موتورز ٠٩٩١٧٤٨٠٧١ اتستراد حرستا مواجه موقف البولمان', NULL, 'Other', 'Automatic', 'Gasoline', '1000-1999 cc', 'White', 'Black', '2015', NULL, 'هاتش باك', NULL, '100,000+ km', 'Original paint', 'Excellent (No accidents)', 'cash', 0, 0, 0, 'Used', 'active', 72, 14, 25, 5, 6, '2025-06-18 21:00:41', '2025-06-18 21:00:41', 1, '0991748071', '0991748071', 0, 312000, 0, NULL, 0, 'sale', 13000, NULL, NULL, NULL),
(130, 'سياره كيا سبورتاج 2012', 'معرض TK موتورز ٠٩٩١٧٤٨٠٧١ اتستراد حرستا مواجه موقف البولمان', NULL, 'Other', 'Automatic', 'Gasoline', '1000-1999 cc', 'White', 'Black', '2012', NULL, 'هاتش باك', NULL, '100,000+ km', 'Other', 'Excellent (No accidents)', 'cash', 0, 0, 0, 'Used', 'active', 72, 15, 26, 5, 6, '2025-06-18 21:13:33', '2025-06-18 21:13:33', 1, '0991748071', '0991748071', 0, 1111, 0, NULL, 0, 'sale', 11500, NULL, NULL, NULL),
(131, 'سياره نيسان جوك 2015', 'معرض TK موتورز ٠٩٩١٧٤٨٠٧١ اتستراد حرستا مواجه موقف البولمان', NULL, 'Other', 'Automatic', 'Gasoline', '1000-1999 cc', 'Navy', 'Black', '2015', NULL, 'هاتش باك', NULL, '100,000+ km', 'Partially repainted', 'Excellent (No accidents)', 'cash', 0, 0, 0, 'Used', 'active', 72, 12, 27, 5, 6, '2025-06-18 21:24:24', '2025-06-18 21:24:24', 1, '0991748071', '0991748071', 0, 162000, 0, NULL, 0, 'sale', 8800, NULL, NULL, NULL),
(132, 'سياره هواندي افانتي 2012', 'معرض TK موتورز ٠٩٩١٧٤٨٠٧١ اتستراد حرستا مواجه موقف البولمان', NULL, 'Other', 'Automatic', 'Gasoline', '1000-1999 cc', 'Silver', 'Black', '2012', NULL, 'سيدان', NULL, '100,000+ km', 'Other', 'Excellent (No accidents)', 'cash', 0, 0, 0, 'Used', 'active', 72, 14, 28, 5, 6, '2025-06-18 21:47:34', '2025-06-18 21:47:34', 1, '0991748071', '0991748071', 0, 164126, 0, NULL, 0, 'sale', 8500, NULL, NULL, NULL),
(133, 'سياره تويوتا هايلوكس', 'سياره معرض انفنتي 0956380730 العنوان اتستراد حرستا مقابل كراج البولمان', NULL, 'Other', 'Manual', 'Diesel', '2000-2999 cc', 'White', 'Burgundy', '2017', NULL, 'دفع رباعي', NULL, '50,000-60,000 km', 'Original paint', 'Excellent (No accidents)', 'cash', 0, 0, 0, 'Used', 'active', 72, 16, 29, 5, 6, '2025-06-18 21:58:20', '2025-06-18 22:09:25', 1, '0991748071', '0991748071', 0, 60000, 0, NULL, 0, 'sale', 0, NULL, NULL, NULL),
(134, 'سياره هواندي افانتي 2012', 'معرض TK موتورز ٠٩٩١٧٤٨٠٧١ اتستراد حرستا مواجه موقف البولمان', NULL, 'Other', 'Automatic', 'Gasoline', '1000-1999 cc', 'White', 'Black', '2012', NULL, 'سيدان', NULL, '100,000+ km', 'Partially repainted', 'Excellent (No accidents)', 'cash', 0, 0, 0, 'Used', 'active', 72, 14, 28, 5, 6, '2025-06-18 22:07:33', '2025-06-18 22:07:33', 1, '0991748071', '0991748071', 0, 1111, 0, NULL, 0, 'sale', 8700, NULL, NULL, NULL),
(135, 'سياره هوندا crv 2015', 'سياره معرض انفنتي 0956380730 العنوان اتستراد حرستا مقابل كراج البولمان', NULL, 'Other', 'Automatic', 'Gasoline', '3000-3999 cc', 'Silver', 'Black', '2015', NULL, 'SUV', NULL, '100,000+ km', 'Original paint', 'Excellent (No accidents)', 'cash', 0, 0, 0, 'Used', 'active', 72, 17, 30, 5, 6, '2025-06-18 22:08:20', '2025-06-18 22:08:20', 1, '0991748071', '0991748071', 0, 158000, 0, NULL, 0, 'sale', 0, NULL, NULL, NULL),
(136, 'باص تويوتا كوستر وارد قطر', 'سياره معرض انفنتي 0956380730 العنوان اتستراد حرستا مقابل كراج البولمان', NULL, 'Other', 'Manual', 'Diesel', '3000-3999 cc', 'White', 'Black', '2016', NULL, 'فان', NULL, '100,000+ km', 'Original paint', 'Excellent (No accidents)', 'cash', 0, 0, 0, 'Used', 'active', 72, 16, 29, 5, 6, '2025-06-18 22:15:13', '2025-06-18 22:15:13', 1, '0991748071', '0991748071', 0, 160000, 0, NULL, 0, 'sale', 0, NULL, NULL, NULL),
(137, 'سياره مرسيدس cla 2015 وارد كوري', 'سياره معرض انفنتي 0956380730 العنوان اتستراد حرستا مقابل كراج البولمان', NULL, 'Other', 'Automatic', 'Gasoline', '3000-3999 cc', 'White', 'Black', '2015', NULL, 'سيدان', NULL, '100,000+ km', 'Original paint', 'Excellent (No accidents)', 'cash', 0, 0, 0, 'Used', 'active', 72, 11, 31, 5, 6, '2025-06-18 22:22:26', '2025-06-18 22:22:26', 1, '0991748071', '0991748071', 0, 0, 0, NULL, 0, 'sale', 0, NULL, NULL, NULL),
(138, 'سياره جيب شيروكي 2015', 'معرض TK موتورز ٠٩٩١٧٤٨٠٧١ اتستراد حرستا مواجه موقف البولمان', NULL, 'Other', 'Automatic', 'Gasoline', '3000-3999 cc', 'Burgundy', 'Black', '2012', NULL, 'SUV', NULL, '80,000-90,000 km', 'Other', 'Excellent (No accidents)', 'cash', 0, 0, 0, 'Used', 'active', 72, 18, 32, 5, 6, '2025-06-18 22:22:30', '2025-06-18 22:22:30', 1, '0991748071', '0991748071', 0, 80000, 0, NULL, 0, 'sale', 15500, NULL, NULL, NULL),
(139, 'سياره هوندا بيلوت 2016', 'سياره معرض انفنتي 0956380730 العنوان اتستراد حرستا مقابل كراج البولمان', NULL, 'Other', 'Automatic', 'Gasoline', '2000-2999 cc', 'White', 'Black', '2016', NULL, 'SUV', NULL, '100,000+ km', 'Partially repainted', 'Excellent (No accidents)', 'cash', 0, 0, 0, 'Used', 'active', 72, 17, 33, 5, 6, '2025-06-18 22:33:54', '2025-06-18 22:33:54', 1, '0991748071', '0991748071', 0, 160000, 0, NULL, 0, 'sale', 0, NULL, NULL, NULL),
(140, 'سياره كيا 2013 k3', 'معرض TK موتورز ٠٩٩١٧٤٨٠٧١ اتستراد حرستا مواجه موقف البولمان', NULL, 'Other', 'Automatic', 'Gasoline', '1000-1999 cc', 'Black', 'Black', '2013', NULL, 'سيدان', NULL, '80,000-90,000 km', 'Other', 'Excellent (No accidents)', 'cash', 0, 0, 0, 'Used', 'active', 72, 15, 34, 5, 6, '2025-06-18 22:34:41', '2025-06-18 22:34:41', 1, '0991748071', '0991748071', 0, 82000, 0, NULL, 0, 'sale', 8900, NULL, NULL, NULL),
(141, 'سياره كيا k3 2014', 'معرض tk موتورز 0991748071 اتستراد حرستا مواجه موقف البولمان', NULL, 'Other', 'Automatic', 'Gasoline', '1000-1999 cc', 'Silver', 'Black', '2014', NULL, 'سيدان', NULL, '70,000-80,000 km', 'Other', 'Excellent (No accidents)', 'cash', 0, 0, 0, 'Used', 'active', 72, 15, 34, 5, 6, '2025-06-19 17:20:45', '2025-06-19 17:20:45', 1, '0991748071', '0991748071', 0, 78200, 0, NULL, 0, 'sale', 9000, NULL, NULL, NULL),
(142, 'سياره هواندي افانتي 2013', 'معرض tk موتورز 0991748071 اتستراد حرستا مواجه موقف البولمان', NULL, 'Other', 'Automatic', 'Gasoline', '1000-1999 cc', 'Silver', 'Black', '2013', NULL, 'سيدان', NULL, '80,000-90,000 km', 'Other', 'Excellent (No accidents)', 'cash', 0, 0, 0, 'Used', 'active', 72, 14, 28, 5, 6, '2025-06-19 17:28:24', '2025-06-19 17:28:24', 1, '0991748071', '0991748071', 0, 84000, 0, NULL, 0, 'sale', 8300, NULL, NULL, NULL),
(143, 'سياره هواندي افانتي 2011', 'معرض tk موتورز 0991748071 اتستراد حرستا مواجه موقف البولمان', NULL, 'Other', 'Automatic', 'Gasoline', '1000-1999 cc', 'Burgundy', 'Black', '2011', NULL, 'سيدان', NULL, '80,000-90,000 km', 'Original paint', 'Excellent (No accidents)', 'cash', 0, 0, 0, 'Used', 'active', 72, 14, 28, 5, 6, '2025-06-19 17:35:10', '2025-06-19 17:35:10', 1, '0991748071', '0991748071', 0, 82000, 0, NULL, 0, 'sale', 9000, NULL, NULL, NULL);

-- --------------------------------------------------------

--
-- Table structure for table `cars_specifications`
--

CREATE TABLE `cars_specifications` (
  `id` bigint UNSIGNED NOT NULL,
  `title` longtext CHARACTER SET utf8mb4 COLLATE utf8mb4_unicode_ci,
  `car_id` bigint UNSIGNED NOT NULL,
  `type` varchar(30) CHARACTER SET utf8mb4 COLLATE utf8mb4_unicode_ci NOT NULL,
  `created_at` timestamp NULL DEFAULT NULL,
  `updated_at` timestamp NULL DEFAULT NULL
) ENGINE=InnoDB DEFAULT CHARSET=utf8mb4 COLLATE=utf8mb4_unicode_ci;

--
-- Dumping data for table `cars_specifications`
--

INSERT INTO `cars_specifications` (`id`, `title`, `car_id`, `type`, `created_at`, `updated_at`) VALUES
(401, 'AUX/USB input,Airbags,Electric seat control,Steering control,Memory seats,Electric windows,Central locking,Heated seats,Media player,Leather seats,Cooled seats,Rear electric seat,Air conditioning,Alarm system', 107, 'specifications', '2025-05-30 01:01:51', '2025-05-30 01:01:51'),
(402, 'Daytime lights,Spare tire,Rims,Front sensors,Rear sensors,Keyless entry,Panorama,Sunroof,Electric folding mirrors,Xenon lights,LED lights,Sports version,Rear electric', 107, 'external_specifications', '2025-05-30 01:01:51', '2025-05-30 01:01:51'),
(405, 'AUX/USB input,Airbags,Electric seat control,Steering control,Memory seats,Electric windows,Central locking,Heated seats,Media player,Leather seats,Cooled seats,Rear electric seat,Air conditioning,Alarm system', 109, 'specifications', '2025-05-30 01:02:48', '2025-05-30 01:02:48'),
(406, 'Daytime lights,Spare tire,Rims,Front sensors,Rear sensors,Keyless entry,Panorama,Sunroof,Electric folding mirrors,Xenon lights,LED lights,Sports version,Rear electric', 109, 'external_specifications', '2025-05-30 01:02:48', '2025-05-30 01:02:48'),
(410, 'Electric seat control', 110, 'specifications', '2025-05-30 16:29:50', '2025-05-30 16:29:50'),
(411, 'Steering control', 110, 'specifications', '2025-05-30 16:29:50', '2025-05-30 16:29:50'),
(412, 'Airbags', 110, 'specifications', '2025-05-30 16:29:50', '2025-05-30 16:29:50'),
(413, 'AUX/USB input', 110, 'specifications', '2025-05-30 16:29:50', '2025-05-30 16:29:50'),
(414, 'Spare tire', 110, 'external_specifications', '2025-05-30 16:29:50', '2025-05-30 16:29:50'),
(415, 'Daytime lights', 110, 'external_specifications', '2025-05-30 16:29:50', '2025-05-30 16:29:50'),
(416, 'Rims', 110, 'external_specifications', '2025-05-30 16:29:50', '2025-05-30 16:29:50'),
(417, 'Front sensors', 110, 'external_specifications', '2025-05-30 16:29:50', '2025-05-30 16:29:50'),
(418, 'Apple CarPlay', 110, 'technical_specifications', '2025-05-30 16:29:50', '2025-05-30 16:29:50'),
(419, 'Android Auto', 110, 'technical_specifications', '2025-05-30 16:29:50', '2025-05-30 16:29:50'),
(420, 'Voice commands', 110, 'technical_specifications', '2025-05-30 16:29:50', '2025-05-30 16:29:50'),
(421, 'Projector', 110, 'technical_specifications', '2025-05-30 16:29:50', '2025-05-30 16:29:50'),
(422, 'Electric seat control', 111, 'specifications', '2025-05-30 16:33:09', '2025-05-30 16:33:09'),
(423, 'Airbags', 111, 'specifications', '2025-05-30 16:33:09', '2025-05-30 16:33:09'),
(424, 'AUX/USB input', 111, 'specifications', '2025-05-30 16:33:09', '2025-05-30 16:33:09'),
(425, 'Steering control', 111, 'specifications', '2025-05-30 16:33:09', '2025-05-30 16:33:09'),
(426, 'Daytime lights', 111, 'external_specifications', '2025-05-30 16:33:09', '2025-05-30 16:33:09'),
(427, 'Spare tire', 111, 'external_specifications', '2025-05-30 16:33:09', '2025-05-30 16:33:09'),
(428, 'Rims', 111, 'external_specifications', '2025-05-30 16:33:09', '2025-05-30 16:33:09'),
(429, 'Front sensors', 111, 'external_specifications', '2025-05-30 16:33:09', '2025-05-30 16:33:09'),
(430, 'Apple CarPlay', 111, 'technical_specifications', '2025-05-30 16:33:09', '2025-05-30 16:33:09'),
(431, 'Android Auto', 111, 'technical_specifications', '2025-05-30 16:33:09', '2025-05-30 16:33:09'),
(432, 'Voice commands', 111, 'technical_specifications', '2025-05-30 16:33:09', '2025-05-30 16:33:09'),
(433, 'Projector', 111, 'technical_specifications', '2025-05-30 16:33:09', '2025-05-30 16:33:09'),
(434, 'Electric seat control', 112, 'specifications', '2025-05-30 16:46:13', '2025-05-30 16:46:13'),
(435, 'AUX/USB input', 112, 'specifications', '2025-05-30 16:46:13', '2025-05-30 16:46:13'),
(436, 'Airbags', 112, 'specifications', '2025-05-30 16:46:13', '2025-05-30 16:46:13'),
(437, 'Steering control', 112, 'specifications', '2025-05-30 16:46:13', '2025-05-30 16:46:13'),
(438, 'Daytime lights', 112, 'external_specifications', '2025-05-30 16:46:13', '2025-05-30 16:46:13'),
(439, 'Spare tire', 112, 'external_specifications', '2025-05-30 16:46:13', '2025-05-30 16:46:13'),
(440, 'Rims', 112, 'external_specifications', '2025-05-30 16:46:13', '2025-05-30 16:46:13'),
(441, 'Front sensors', 112, 'external_specifications', '2025-05-30 16:46:13', '2025-05-30 16:46:13'),
(442, 'Apple CarPlay', 112, 'technical_specifications', '2025-05-30 16:46:13', '2025-05-30 16:46:13'),
(443, 'Android Auto', 112, 'technical_specifications', '2025-05-30 16:46:13', '2025-05-30 16:46:13'),
(444, 'Voice commands', 112, 'technical_specifications', '2025-05-30 16:46:13', '2025-05-30 16:46:13'),
(445, 'Projector', 112, 'technical_specifications', '2025-05-30 16:46:13', '2025-05-30 16:46:13'),
(446, 'Airbags,AUX/USB input,Electric seat control', 113, 'specifications', '2025-05-30 16:57:44', '2025-05-30 16:57:44'),
(447, 'Daytime lights,Spare tire,Rims', 113, 'external_specifications', '2025-05-30 16:57:44', '2025-05-30 16:57:44'),
(448, 'Apple CarPlay,Android Auto,Voice commands', 113, 'technical_specifications', '2025-05-30 16:57:44', '2025-05-30 16:57:44'),
(460, 'Airbags', 115, 'specifications', '2025-05-30 17:11:11', '2025-05-30 17:11:11'),
(461, 'Electric seat control', 115, 'specifications', '2025-05-30 17:11:11', '2025-05-30 17:11:11'),
(462, 'Daytime lights', 115, 'external_specifications', '2025-05-30 17:11:11', '2025-05-30 17:11:11'),
(463, 'Android Auto', 115, 'technical_specifications', '2025-05-30 17:11:11', '2025-05-30 17:11:11'),
(464, 'AUX/USB input', 117, 'specifications', '2025-05-30 17:17:39', '2025-05-30 17:17:39'),
(465, 'Airbags', 117, 'specifications', '2025-05-30 17:17:39', '2025-05-30 17:17:39'),
(466, 'Electric seat control', 117, 'specifications', '2025-05-30 17:17:39', '2025-05-30 17:17:39'),
(467, 'Steering control', 117, 'specifications', '2025-05-30 17:17:39', '2025-05-30 17:17:39'),
(468, 'Daytime lights', 117, 'external_specifications', '2025-05-30 17:17:39', '2025-05-30 17:17:39'),
(469, 'Spare tire', 117, 'external_specifications', '2025-05-30 17:17:39', '2025-05-30 17:17:39'),
(470, 'Rims', 117, 'external_specifications', '2025-05-30 17:17:39', '2025-05-30 17:17:39'),
(471, 'Front sensors', 117, 'external_specifications', '2025-05-30 17:17:39', '2025-05-30 17:17:39'),
(472, 'Apple CarPlay', 117, 'technical_specifications', '2025-05-30 17:17:39', '2025-05-30 17:17:39'),
(473, 'Android Auto', 117, 'technical_specifications', '2025-05-30 17:17:39', '2025-05-30 17:17:39'),
(474, 'Voice commands', 117, 'technical_specifications', '2025-05-30 17:17:39', '2025-05-30 17:17:39'),
(475, 'Projector', 117, 'technical_specifications', '2025-05-30 17:17:39', '2025-05-30 17:17:39'),
(476, 'AUX/USB input', 114, 'specifications', '2025-05-30 17:27:37', '2025-05-30 17:27:37'),
(477, 'Airbags', 114, 'specifications', '2025-05-30 17:27:37', '2025-05-30 17:27:37'),
(478, 'Electric seat control', 114, 'specifications', '2025-05-30 17:27:37', '2025-05-30 17:27:37'),
(479, 'Daytime lights', 114, 'external_specifications', '2025-05-30 17:27:37', '2025-05-30 17:27:37'),
(480, 'Spare tire', 114, 'external_specifications', '2025-05-30 17:27:37', '2025-05-30 17:27:37'),
(481, 'Rims', 114, 'external_specifications', '2025-05-30 17:27:37', '2025-05-30 17:27:37'),
(482, 'Apple CarPlay', 114, 'technical_specifications', '2025-05-30 17:27:37', '2025-05-30 17:27:37'),
(483, 'Android Auto', 114, 'technical_specifications', '2025-05-30 17:27:37', '2025-05-30 17:27:37'),
(484, 'AUX/USB input', 118, 'specifications', '2025-05-30 22:00:34', '2025-05-30 22:00:34'),
(485, 'Airbags', 118, 'specifications', '2025-05-30 22:00:34', '2025-05-30 22:00:34'),
(486, 'Electric seat control', 118, 'specifications', '2025-05-30 22:00:34', '2025-05-30 22:00:34'),
(487, 'Daytime lights', 118, 'external_specifications', '2025-05-30 22:00:34', '2025-05-30 22:00:34'),
(488, 'Spare tire', 118, 'external_specifications', '2025-05-30 22:00:34', '2025-05-30 22:00:34'),
(489, 'Rims', 118, 'external_specifications', '2025-05-30 22:00:34', '2025-05-30 22:00:34'),
(490, 'Apple CarPlay', 118, 'technical_specifications', '2025-05-30 22:00:34', '2025-05-30 22:00:34'),
(491, 'Android Auto', 118, 'technical_specifications', '2025-05-30 22:00:34', '2025-05-30 22:00:34'),
(492, 'Voice commands', 118, 'technical_specifications', '2025-05-30 22:00:34', '2025-05-30 22:00:34'),
(493, 'AUX/USB input', 108, 'specifications', '2025-05-31 15:06:52', '2025-05-31 15:06:52'),
(494, 'Airbags', 108, 'specifications', '2025-05-31 15:06:52', '2025-05-31 15:06:52'),
(495, 'Electric seat control', 108, 'specifications', '2025-05-31 15:06:52', '2025-05-31 15:06:52'),
(496, 'Steering control', 108, 'specifications', '2025-05-31 15:06:52', '2025-05-31 15:06:52'),
(497, 'Memory seats', 108, 'specifications', '2025-05-31 15:06:52', '2025-05-31 15:06:52'),
(498, 'Electric windows', 108, 'specifications', '2025-05-31 15:06:52', '2025-05-31 15:06:52'),
(499, 'Central locking', 108, 'specifications', '2025-05-31 15:06:52', '2025-05-31 15:06:52'),
(500, 'Heated seats', 108, 'specifications', '2025-05-31 15:06:52', '2025-05-31 15:06:52'),
(501, 'Media player', 108, 'specifications', '2025-05-31 15:06:52', '2025-05-31 15:06:52'),
(502, 'Leather seats', 108, 'specifications', '2025-05-31 15:06:52', '2025-05-31 15:06:52'),
(503, 'Cooled seats', 108, 'specifications', '2025-05-31 15:06:52', '2025-05-31 15:06:52'),
(504, 'Rear electric seat', 108, 'specifications', '2025-05-31 15:06:52', '2025-05-31 15:06:52'),
(505, 'Air conditioning', 108, 'specifications', '2025-05-31 15:06:52', '2025-05-31 15:06:52'),
(506, 'Alarm system', 108, 'specifications', '2025-05-31 15:06:52', '2025-05-31 15:06:52'),
(507, 'Daytime lights', 108, 'external_specifications', '2025-05-31 15:06:52', '2025-05-31 15:06:52'),
(508, 'Spare tire', 108, 'external_specifications', '2025-05-31 15:06:52', '2025-05-31 15:06:52'),
(509, 'Rims', 108, 'external_specifications', '2025-05-31 15:06:52', '2025-05-31 15:06:52'),
(510, 'Front sensors', 108, 'external_specifications', '2025-05-31 15:06:52', '2025-05-31 15:06:52'),
(511, 'Rear sensors', 108, 'external_specifications', '2025-05-31 15:06:52', '2025-05-31 15:06:52'),
(512, 'Keyless entry', 108, 'external_specifications', '2025-05-31 15:06:52', '2025-05-31 15:06:52'),
(513, 'Panorama', 108, 'external_specifications', '2025-05-31 15:06:52', '2025-05-31 15:06:52'),
(514, 'Sunroof', 108, 'external_specifications', '2025-05-31 15:06:52', '2025-05-31 15:06:52'),
(515, 'Electric folding mirrors', 108, 'external_specifications', '2025-05-31 15:06:52', '2025-05-31 15:06:52'),
(516, 'Xenon lights', 108, 'external_specifications', '2025-05-31 15:06:52', '2025-05-31 15:06:52'),
(517, 'LED lights', 108, 'external_specifications', '2025-05-31 15:06:52', '2025-05-31 15:06:52'),
(518, 'Sports version', 108, 'external_specifications', '2025-05-31 15:06:52', '2025-05-31 15:06:52'),
(519, 'Rear electric', 108, 'external_specifications', '2025-05-31 15:06:52', '2025-05-31 15:06:52'),
(520, 'Android Auto', 108, 'technical_specifications', '2025-05-31 15:06:52', '2025-05-31 15:06:52'),
(555, 'AUX/USB input', 120, 'specifications', '2025-06-01 00:30:37', '2025-06-01 00:30:37'),
(556, 'Airbags', 120, 'specifications', '2025-06-01 00:30:37', '2025-06-01 00:30:37'),
(557, 'Electric seat control', 120, 'specifications', '2025-06-01 00:30:37', '2025-06-01 00:30:37'),
(558, 'Daytime lights', 120, 'external_specifications', '2025-06-01 00:30:37', '2025-06-01 00:30:37'),
(559, 'Spare tire', 120, 'external_specifications', '2025-06-01 00:30:37', '2025-06-01 00:30:37'),
(560, 'Rims', 120, 'external_specifications', '2025-06-01 00:30:37', '2025-06-01 00:30:37'),
(561, 'Apple CarPlay', 120, 'technical_specifications', '2025-06-01 00:30:37', '2025-06-01 00:30:37'),
(562, 'Android Auto', 120, 'technical_specifications', '2025-06-01 00:30:37', '2025-06-01 00:30:37'),
(566, 'Airbags', 121, 'specifications', '2025-06-02 17:36:36', '2025-06-02 17:36:36'),
(567, 'Daytime lights', 121, 'external_specifications', '2025-06-02 17:36:36', '2025-06-02 17:36:36'),
(568, 'Apple CarPlay', 121, 'technical_specifications', '2025-06-02 17:36:36', '2025-06-02 17:36:36'),
(572, 'AUX/USB input', 123, 'specifications', '2025-06-03 00:40:31', '2025-06-03 00:40:31'),
(573, 'Airbags', 123, 'specifications', '2025-06-03 00:40:31', '2025-06-03 00:40:31'),
(574, 'Electric seat control', 123, 'specifications', '2025-06-03 00:40:31', '2025-06-03 00:40:31'),
(575, 'Daytime lights', 123, 'external_specifications', '2025-06-03 00:40:31', '2025-06-03 00:40:31'),
(576, 'Rims', 123, 'external_specifications', '2025-06-03 00:40:31', '2025-06-03 00:40:31'),
(577, 'Android Auto', 123, 'technical_specifications', '2025-06-03 00:40:31', '2025-06-03 00:40:31'),
(578, 'Voice commands', 123, 'technical_specifications', '2025-06-03 00:40:31', '2025-06-03 00:40:31'),
(579, 'AUX/USB input', 124, 'specifications', '2025-06-03 12:30:56', '2025-06-03 12:30:56'),
(580, 'Airbags', 124, 'specifications', '2025-06-03 12:30:56', '2025-06-03 12:30:56'),
(581, 'Electric seat control', 124, 'specifications', '2025-06-03 12:30:56', '2025-06-03 12:30:56'),
(582, 'Daytime lights', 124, 'external_specifications', '2025-06-03 12:30:56', '2025-06-03 12:30:56'),
(583, 'Spare tire', 124, 'external_specifications', '2025-06-03 12:30:56', '2025-06-03 12:30:56'),
(584, 'Rims', 124, 'external_specifications', '2025-06-03 12:30:56', '2025-06-03 12:30:56'),
(585, 'Apple CarPlay', 124, 'technical_specifications', '2025-06-03 12:30:56', '2025-06-03 12:30:56'),
(586, 'Android Auto', 124, 'technical_specifications', '2025-06-03 12:30:56', '2025-06-03 12:30:56'),
(587, 'Voice commands', 124, 'technical_specifications', '2025-06-03 12:30:56', '2025-06-03 12:30:56'),
(591, 'AUX/USB input', 119, 'specifications', '2025-06-04 21:52:28', '2025-06-04 21:52:28'),
(592, 'Airbags', 119, 'specifications', '2025-06-04 21:52:28', '2025-06-04 21:52:28'),
(593, 'Electric seat control', 119, 'specifications', '2025-06-04 21:52:28', '2025-06-04 21:52:28'),
(594, 'Steering control', 119, 'specifications', '2025-06-04 21:52:28', '2025-06-04 21:52:28'),
(595, 'Electric windows', 119, 'specifications', '2025-06-04 21:52:28', '2025-06-04 21:52:28'),
(596, 'Central locking', 119, 'specifications', '2025-06-04 21:52:28', '2025-06-04 21:52:28'),
(597, 'Heated seats', 119, 'specifications', '2025-06-04 21:52:28', '2025-06-04 21:52:28'),
(598, 'Leather seats', 119, 'specifications', '2025-06-04 21:52:28', '2025-06-04 21:52:28'),
(599, 'Daytime lights', 119, 'external_specifications', '2025-06-04 21:52:28', '2025-06-04 21:52:28'),
(600, 'Spare tire', 119, 'external_specifications', '2025-06-04 21:52:28', '2025-06-04 21:52:28'),
(601, 'Rims', 119, 'external_specifications', '2025-06-04 21:52:28', '2025-06-04 21:52:28'),
(602, 'Sunroof', 119, 'external_specifications', '2025-06-04 21:52:28', '2025-06-04 21:52:28'),
(603, 'Panorama', 119, 'external_specifications', '2025-06-04 21:52:28', '2025-06-04 21:52:28'),
(604, 'Keyless entry', 119, 'external_specifications', '2025-06-04 21:52:28', '2025-06-04 21:52:28'),
(605, 'Android Auto', 119, 'technical_specifications', '2025-06-04 21:52:28', '2025-06-04 21:52:28'),
(606, 'Voice commands', 119, 'technical_specifications', '2025-06-04 21:52:28', '2025-06-04 21:52:28'),
(607, 'Bluetooth', 119, 'technical_specifications', '2025-06-04 21:52:28', '2025-06-04 21:52:28'),
(611, 'Air conditioning', 125, 'specifications', '2025-06-04 22:26:40', '2025-06-04 22:26:40'),
(612, 'Spare tire', 125, 'external_specifications', '2025-06-04 22:26:40', '2025-06-04 22:26:40'),
(613, 'Bluetooth', 125, 'technical_specifications', '2025-06-04 22:26:40', '2025-06-04 22:26:40'),
(614, 'Electric seat control', 122, 'specifications', '2025-06-04 23:22:32', '2025-06-04 23:22:32'),
(615, 'Rims', 122, 'external_specifications', '2025-06-04 23:22:32', '2025-06-04 23:22:32'),
(616, 'Voice commands', 122, 'technical_specifications', '2025-06-04 23:22:32', '2025-06-04 23:22:32'),
(627, 'Airbags', 127, 'specifications', '2025-06-16 04:15:30', '2025-06-16 04:15:30'),
(628, 'AUX/USB input', 127, 'specifications', '2025-06-16 04:15:30', '2025-06-16 04:15:30'),
(629, 'Daytime lights', 127, 'external_specifications', '2025-06-16 04:15:30', '2025-06-16 04:15:30'),
(630, 'Spare tire', 127, 'external_specifications', '2025-06-16 04:15:30', '2025-06-16 04:15:30'),
(631, 'Rims', 127, 'external_specifications', '2025-06-16 04:15:30', '2025-06-16 04:15:30'),
(632, 'Apple CarPlay', 127, 'technical_specifications', '2025-06-16 04:15:30', '2025-06-16 04:15:30'),
(633, 'Android Auto', 127, 'technical_specifications', '2025-06-16 04:15:30', '2025-06-16 04:15:30'),
(634, 'Voice commands', 127, 'technical_specifications', '2025-06-16 04:15:30', '2025-06-16 04:15:30'),
(645, 'Airbags', 126, 'specifications', '2025-06-16 13:06:27', '2025-06-16 13:06:27'),
(646, 'Steering control', 126, 'specifications', '2025-06-16 13:06:27', '2025-06-16 13:06:27'),
(647, 'Electric seat control', 126, 'specifications', '2025-06-16 13:06:27', '2025-06-16 13:06:27'),
(648, 'Daytime lights', 126, 'external_specifications', '2025-06-16 13:06:27', '2025-06-16 13:06:27'),
(649, 'Spare tire', 126, 'external_specifications', '2025-06-16 13:06:27', '2025-06-16 13:06:27'),
(650, 'Rims', 126, 'external_specifications', '2025-06-16 13:06:27', '2025-06-16 13:06:27'),
(651, 'Apple CarPlay', 126, 'technical_specifications', '2025-06-16 13:06:27', '2025-06-16 13:06:27'),
(652, 'Android Auto', 126, 'technical_specifications', '2025-06-16 13:06:27', '2025-06-16 13:06:27'),
(653, 'Voice commands', 126, 'technical_specifications', '2025-06-16 13:06:27', '2025-06-16 13:06:27'),
(654, 'Projector', 126, 'technical_specifications', '2025-06-16 13:06:27', '2025-06-16 13:06:27'),
(668, 'Steering control', 128, 'specifications', '2025-06-18 20:49:57', '2025-06-18 20:49:57'),
(669, 'Leather seats', 128, 'specifications', '2025-06-18 20:49:57', '2025-06-18 20:49:57'),
(670, 'Air conditioning', 128, 'specifications', '2025-06-18 20:49:57', '2025-06-18 20:49:57'),
(671, 'Electric windows', 128, 'specifications', '2025-06-18 20:49:57', '2025-06-18 20:49:57'),
(672, 'Central locking', 128, 'specifications', '2025-06-18 20:49:57', '2025-06-18 20:49:57'),
(673, 'Electric seat control', 128, 'specifications', '2025-06-18 20:49:57', '2025-06-18 20:49:57'),
(674, 'Airbags', 128, 'specifications', '2025-06-18 20:49:57', '2025-06-18 20:49:57'),
(675, 'Rear sensors', 128, 'external_specifications', '2025-06-18 20:49:57', '2025-06-18 20:49:57'),
(676, 'Panorama', 128, 'external_specifications', '2025-06-18 20:49:57', '2025-06-18 20:49:57'),
(677, 'Electric folding mirrors', 128, 'external_specifications', '2025-06-18 20:49:57', '2025-06-18 20:49:57'),
(678, 'Anti-slip', 128, 'technical_specifications', '2025-06-18 20:49:57', '2025-06-18 20:49:57'),
(679, 'Cruise control', 128, 'technical_specifications', '2025-06-18 20:49:57', '2025-06-18 20:49:57'),
(680, 'Touch screen', 128, 'technical_specifications', '2025-06-18 20:49:57', '2025-06-18 20:49:57'),
(681, 'Airbags', 129, 'specifications', '2025-06-18 21:00:41', '2025-06-18 21:00:41'),
(682, 'Electric windows', 129, 'specifications', '2025-06-18 21:00:41', '2025-06-18 21:00:41'),
(683, 'Leather seats', 129, 'specifications', '2025-06-18 21:00:41', '2025-06-18 21:00:41'),
(684, 'Air conditioning', 129, 'specifications', '2025-06-18 21:00:41', '2025-06-18 21:00:41'),
(685, 'Rear sensors', 129, 'external_specifications', '2025-06-18 21:00:41', '2025-06-18 21:00:41'),
(686, 'Electric folding mirrors', 129, 'external_specifications', '2025-06-18 21:00:41', '2025-06-18 21:00:41'),
(687, 'Touch screen', 129, 'technical_specifications', '2025-06-18 21:00:41', '2025-06-18 21:00:41'),
(688, 'ABS system', 129, 'technical_specifications', '2025-06-18 21:00:41', '2025-06-18 21:00:41'),
(689, 'Airbags', 130, 'specifications', '2025-06-18 21:13:33', '2025-06-18 21:13:33'),
(690, 'Electric windows', 130, 'specifications', '2025-06-18 21:13:33', '2025-06-18 21:13:33'),
(691, 'Leather seats', 130, 'specifications', '2025-06-18 21:13:33', '2025-06-18 21:13:33'),
(692, 'Air conditioning', 130, 'specifications', '2025-06-18 21:13:33', '2025-06-18 21:13:33'),
(693, 'Electric folding mirrors', 130, 'external_specifications', '2025-06-18 21:13:33', '2025-06-18 21:13:33'),
(694, 'Anti-slip', 130, 'technical_specifications', '2025-06-18 21:13:33', '2025-06-18 21:13:33'),
(695, 'Cruise control', 130, 'technical_specifications', '2025-06-18 21:13:33', '2025-06-18 21:13:33'),
(696, 'Airbags', 131, 'specifications', '2025-06-18 21:24:24', '2025-06-18 21:24:24'),
(697, 'Electric windows', 131, 'specifications', '2025-06-18 21:24:24', '2025-06-18 21:24:24'),
(698, 'Heated seats', 131, 'specifications', '2025-06-18 21:24:24', '2025-06-18 21:24:24'),
(699, 'Leather seats', 131, 'specifications', '2025-06-18 21:24:24', '2025-06-18 21:24:24'),
(700, 'Cooled seats', 131, 'specifications', '2025-06-18 21:24:24', '2025-06-18 21:24:24'),
(701, 'Air conditioning', 131, 'specifications', '2025-06-18 21:24:24', '2025-06-18 21:24:24'),
(702, 'Steering control', 131, 'specifications', '2025-06-18 21:24:24', '2025-06-18 21:24:24'),
(703, 'Sunroof', 131, 'external_specifications', '2025-06-18 21:24:24', '2025-06-18 21:24:24'),
(704, 'Electric folding mirrors', 131, 'external_specifications', '2025-06-18 21:24:24', '2025-06-18 21:24:24'),
(705, 'Tire pressure sensors', 131, 'technical_specifications', '2025-06-18 21:24:24', '2025-06-18 21:24:24'),
(706, 'Touch screen', 131, 'technical_specifications', '2025-06-18 21:24:24', '2025-06-18 21:24:24'),
(707, 'Anti-slip', 131, 'technical_specifications', '2025-06-18 21:24:24', '2025-06-18 21:24:24'),
(708, 'Cruise control', 131, 'technical_specifications', '2025-06-18 21:24:24', '2025-06-18 21:24:24'),
(709, 'AUX/USB input', 132, 'specifications', '2025-06-18 21:47:34', '2025-06-18 21:47:34'),
(710, 'Airbags', 132, 'specifications', '2025-06-18 21:47:34', '2025-06-18 21:47:34'),
(711, 'Steering control', 132, 'specifications', '2025-06-18 21:47:34', '2025-06-18 21:47:34'),
(712, 'Heated seats', 132, 'specifications', '2025-06-18 21:47:34', '2025-06-18 21:47:34'),
(713, 'Electric windows', 132, 'specifications', '2025-06-18 21:47:34', '2025-06-18 21:47:34'),
(714, 'Leather seats', 132, 'specifications', '2025-06-18 21:47:34', '2025-06-18 21:47:34'),
(715, 'Air conditioning', 132, 'specifications', '2025-06-18 21:47:34', '2025-06-18 21:47:34'),
(716, 'Electric folding mirrors', 132, 'external_specifications', '2025-06-18 21:47:34', '2025-06-18 21:47:34'),
(717, 'Bluetooth', 132, 'technical_specifications', '2025-06-18 21:47:34', '2025-06-18 21:47:34'),
(718, 'Anti-slip', 132, 'technical_specifications', '2025-06-18 21:47:34', '2025-06-18 21:47:34'),
(728, 'Airbags', 134, 'specifications', '2025-06-18 22:07:33', '2025-06-18 22:07:33'),
(729, 'Steering control', 134, 'specifications', '2025-06-18 22:07:33', '2025-06-18 22:07:33'),
(730, 'Electric windows', 134, 'specifications', '2025-06-18 22:07:33', '2025-06-18 22:07:33'),
(731, 'Heated seats', 134, 'specifications', '2025-06-18 22:07:33', '2025-06-18 22:07:33'),
(732, 'Air conditioning', 134, 'specifications', '2025-06-18 22:07:33', '2025-06-18 22:07:33'),
(733, 'Rear sensors', 134, 'external_specifications', '2025-06-18 22:07:33', '2025-06-18 22:07:33'),
(734, 'Rear camera', 134, 'technical_specifications', '2025-06-18 22:07:33', '2025-06-18 22:07:33'),
(735, 'Anti-slip', 134, 'technical_specifications', '2025-06-18 22:07:33', '2025-06-18 22:07:33'),
(736, 'Cruise control', 134, 'technical_specifications', '2025-06-18 22:07:33', '2025-06-18 22:07:33'),
(737, 'Steering control', 135, 'specifications', '2025-06-18 22:08:20', '2025-06-18 22:08:20'),
(738, 'Electric windows', 135, 'specifications', '2025-06-18 22:08:20', '2025-06-18 22:08:20'),
(739, 'Leather seats', 135, 'specifications', '2025-06-18 22:08:20', '2025-06-18 22:08:20'),
(740, 'Rims', 135, 'external_specifications', '2025-06-18 22:08:20', '2025-06-18 22:08:20'),
(741, 'Spare tire', 135, 'external_specifications', '2025-06-18 22:08:20', '2025-06-18 22:08:20'),
(742, 'Electric folding mirrors', 135, 'external_specifications', '2025-06-18 22:08:20', '2025-06-18 22:08:20'),
(743, 'ABS system', 135, 'technical_specifications', '2025-06-18 22:08:20', '2025-06-18 22:08:20'),
(744, 'AUX/USB input', 133, 'specifications', '2025-06-18 22:09:25', '2025-06-18 22:09:25'),
(745, 'Airbags', 133, 'specifications', '2025-06-18 22:09:25', '2025-06-18 22:09:25'),
(746, 'Electric seat control', 133, 'specifications', '2025-06-18 22:09:25', '2025-06-18 22:09:25'),
(747, 'Electric windows', 133, 'specifications', '2025-06-18 22:09:25', '2025-06-18 22:09:25'),
(748, 'Media player', 133, 'specifications', '2025-06-18 22:09:25', '2025-06-18 22:09:25'),
(749, 'Leather seats', 133, 'specifications', '2025-06-18 22:09:25', '2025-06-18 22:09:25'),
(750, 'Air conditioning', 133, 'specifications', '2025-06-18 22:09:25', '2025-06-18 22:09:25'),
(751, 'Spare tire', 133, 'external_specifications', '2025-06-18 22:09:25', '2025-06-18 22:09:25'),
(752, 'ABS system', 133, 'technical_specifications', '2025-06-18 22:09:25', '2025-06-18 22:09:25'),
(753, 'AUX/USB input', 136, 'specifications', '2025-06-18 22:15:13', '2025-06-18 22:15:13'),
(754, 'Spare tire', 136, 'external_specifications', '2025-06-18 22:15:13', '2025-06-18 22:15:13'),
(755, 'Anti-slip', 136, 'technical_specifications', '2025-06-18 22:15:13', '2025-06-18 22:15:13'),
(756, 'Airbags', 137, 'specifications', '2025-06-18 22:22:26', '2025-06-18 22:22:26'),
(757, 'Electric seat control', 137, 'specifications', '2025-06-18 22:22:26', '2025-06-18 22:22:26'),
(758, 'Steering control', 137, 'specifications', '2025-06-18 22:22:26', '2025-06-18 22:22:26'),
(759, 'Electric windows', 137, 'specifications', '2025-06-18 22:22:26', '2025-06-18 22:22:26'),
(760, 'Heated seats', 137, 'specifications', '2025-06-18 22:22:26', '2025-06-18 22:22:26'),
(761, 'Media player', 137, 'specifications', '2025-06-18 22:22:26', '2025-06-18 22:22:26'),
(762, 'Leather seats', 137, 'specifications', '2025-06-18 22:22:26', '2025-06-18 22:22:26'),
(763, 'Air conditioning', 137, 'specifications', '2025-06-18 22:22:26', '2025-06-18 22:22:26'),
(764, 'Heated steering', 137, 'specifications', '2025-06-18 22:22:26', '2025-06-18 22:22:26'),
(765, 'Cooled seats', 137, 'specifications', '2025-06-18 22:22:26', '2025-06-18 22:22:26'),
(766, 'Spare tire', 137, 'external_specifications', '2025-06-18 22:22:26', '2025-06-18 22:22:26'),
(767, 'Rims', 137, 'external_specifications', '2025-06-18 22:22:26', '2025-06-18 22:22:26'),
(768, 'Rear sensors', 137, 'external_specifications', '2025-06-18 22:22:26', '2025-06-18 22:22:26'),
(769, 'Panorama', 137, 'external_specifications', '2025-06-18 22:22:26', '2025-06-18 22:22:26'),
(770, 'Electric folding mirrors', 137, 'external_specifications', '2025-06-18 22:22:26', '2025-06-18 22:22:26'),
(771, 'Tire pressure sensors', 137, 'technical_specifications', '2025-06-18 22:22:26', '2025-06-18 22:22:26'),
(772, 'Media screen', 137, 'technical_specifications', '2025-06-18 22:22:26', '2025-06-18 22:22:26'),
(773, 'Touch screen', 137, 'technical_specifications', '2025-06-18 22:22:26', '2025-06-18 22:22:26'),
(774, 'Cruise control', 137, 'technical_specifications', '2025-06-18 22:22:26', '2025-06-18 22:22:26'),
(775, 'Anti-slip', 137, 'technical_specifications', '2025-06-18 22:22:26', '2025-06-18 22:22:26'),
(776, 'ABS system', 137, 'technical_specifications', '2025-06-18 22:22:26', '2025-06-18 22:22:26'),
(777, 'AUX/USB input', 138, 'specifications', '2025-06-18 22:22:30', '2025-06-18 22:22:30'),
(778, 'Airbags', 138, 'specifications', '2025-06-18 22:22:30', '2025-06-18 22:22:30'),
(779, 'Electric windows', 138, 'specifications', '2025-06-18 22:22:30', '2025-06-18 22:22:30'),
(780, 'Leather seats', 138, 'specifications', '2025-06-18 22:22:30', '2025-06-18 22:22:30'),
(781, 'Air conditioning', 138, 'specifications', '2025-06-18 22:22:30', '2025-06-18 22:22:30'),
(782, 'Steering control', 138, 'specifications', '2025-06-18 22:22:30', '2025-06-18 22:22:30'),
(783, 'Electric seat control', 138, 'specifications', '2025-06-18 22:22:30', '2025-06-18 22:22:30'),
(784, 'Sunroof', 138, 'external_specifications', '2025-06-18 22:22:30', '2025-06-18 22:22:30'),
(785, 'Electric folding mirrors', 138, 'external_specifications', '2025-06-18 22:22:30', '2025-06-18 22:22:30'),
(786, 'Bluetooth', 138, 'technical_specifications', '2025-06-18 22:22:30', '2025-06-18 22:22:30'),
(787, 'Front collision warning', 138, 'technical_specifications', '2025-06-18 22:22:30', '2025-06-18 22:22:30'),
(788, 'Cruise control', 138, 'technical_specifications', '2025-06-18 22:22:30', '2025-06-18 22:22:30'),
(789, 'Anti-slip', 138, 'technical_specifications', '2025-06-18 22:22:30', '2025-06-18 22:22:30'),
(790, 'Touch screen', 138, 'technical_specifications', '2025-06-18 22:22:30', '2025-06-18 22:22:30'),
(791, 'Voice commands', 138, 'technical_specifications', '2025-06-18 22:22:30', '2025-06-18 22:22:30'),
(792, 'Airbags', 139, 'specifications', '2025-06-18 22:33:54', '2025-06-18 22:33:54'),
(793, 'Electric seat control', 139, 'specifications', '2025-06-18 22:33:54', '2025-06-18 22:33:54'),
(794, 'Steering control', 139, 'specifications', '2025-06-18 22:33:54', '2025-06-18 22:33:54'),
(795, 'Electric windows', 139, 'specifications', '2025-06-18 22:33:54', '2025-06-18 22:33:54'),
(796, 'Leather seats', 139, 'specifications', '2025-06-18 22:33:54', '2025-06-18 22:33:54'),
(797, 'Cooled seats', 139, 'specifications', '2025-06-18 22:33:54', '2025-06-18 22:33:54'),
(798, 'Air conditioning', 139, 'specifications', '2025-06-18 22:33:54', '2025-06-18 22:33:54'),
(799, 'Spare tire', 139, 'external_specifications', '2025-06-18 22:33:54', '2025-06-18 22:33:54'),
(800, 'Rims', 139, 'external_specifications', '2025-06-18 22:33:54', '2025-06-18 22:33:54'),
(801, 'Panorama', 139, 'external_specifications', '2025-06-18 22:33:54', '2025-06-18 22:33:54'),
(802, 'Electric folding mirrors', 139, 'external_specifications', '2025-06-18 22:33:54', '2025-06-18 22:33:54'),
(803, 'Anti-slip', 139, 'technical_specifications', '2025-06-18 22:33:54', '2025-06-18 22:33:54'),
(804, 'ABS system', 139, 'technical_specifications', '2025-06-18 22:33:54', '2025-06-18 22:33:54'),
(805, 'Airbags', 140, 'specifications', '2025-06-18 22:34:41', '2025-06-18 22:34:41'),
(806, 'Steering control', 140, 'specifications', '2025-06-18 22:34:41', '2025-06-18 22:34:41'),
(807, 'Electric windows', 140, 'specifications', '2025-06-18 22:34:41', '2025-06-18 22:34:41'),
(808, 'Heated seats', 140, 'specifications', '2025-06-18 22:34:41', '2025-06-18 22:34:41'),
(809, 'Electric folding mirrors', 140, 'external_specifications', '2025-06-18 22:34:41', '2025-06-18 22:34:41'),
(810, 'Bluetooth', 140, 'technical_specifications', '2025-06-18 22:34:41', '2025-06-18 22:34:41'),
(811, 'Anti-slip', 140, 'technical_specifications', '2025-06-18 22:34:41', '2025-06-18 22:34:41'),
(812, 'Cruise control', 140, 'technical_specifications', '2025-06-18 22:34:41', '2025-06-18 22:34:41'),
(813, 'Airbags', 141, 'specifications', '2025-06-19 17:20:45', '2025-06-19 17:20:45'),
(814, 'AUX/USB input', 141, 'specifications', '2025-06-19 17:20:45', '2025-06-19 17:20:45'),
(815, 'Steering control', 141, 'specifications', '2025-06-19 17:20:45', '2025-06-19 17:20:45'),
(816, 'Electric windows', 141, 'specifications', '2025-06-19 17:20:45', '2025-06-19 17:20:45'),
(817, 'Heated seats', 141, 'specifications', '2025-06-19 17:20:45', '2025-06-19 17:20:45'),
(818, 'Cooled seats', 141, 'specifications', '2025-06-19 17:20:45', '2025-06-19 17:20:45'),
(819, 'Electric folding mirrors', 141, 'external_specifications', '2025-06-19 17:20:45', '2025-06-19 17:20:45'),
(820, 'Anti-slip', 141, 'technical_specifications', '2025-06-19 17:20:45', '2025-06-19 17:20:45'),
(821, 'Voice commands', 141, 'technical_specifications', '2025-06-19 17:20:45', '2025-06-19 17:20:45'),
(822, 'Airbags', 142, 'specifications', '2025-06-19 17:28:24', '2025-06-19 17:28:24'),
(823, 'Steering control', 142, 'specifications', '2025-06-19 17:28:24', '2025-06-19 17:28:24'),
(824, 'Electric windows', 142, 'specifications', '2025-06-19 17:28:24', '2025-06-19 17:28:24'),
(825, 'Air conditioning', 142, 'specifications', '2025-06-19 17:28:24', '2025-06-19 17:28:24'),
(826, 'Rear sensors', 142, 'external_specifications', '2025-06-19 17:28:24', '2025-06-19 17:28:24'),
(827, 'Electric folding mirrors', 142, 'external_specifications', '2025-06-19 17:28:24', '2025-06-19 17:28:24'),
(828, 'Voice commands', 142, 'technical_specifications', '2025-06-19 17:28:24', '2025-06-19 17:28:24'),
(829, 'Rear camera', 142, 'technical_specifications', '2025-06-19 17:28:24', '2025-06-19 17:28:24'),
(830, 'Anti-slip', 142, 'technical_specifications', '2025-06-19 17:28:24', '2025-06-19 17:28:24'),
(831, 'Cruise control', 142, 'technical_specifications', '2025-06-19 17:28:24', '2025-06-19 17:28:24'),
(832, 'Airbags', 143, 'specifications', '2025-06-19 17:35:10', '2025-06-19 17:35:10'),
(833, 'Electric windows', 143, 'specifications', '2025-06-19 17:35:10', '2025-06-19 17:35:10'),
(834, 'Leather seats', 143, 'specifications', '2025-06-19 17:35:10', '2025-06-19 17:35:10'),
(835, 'Air conditioning', 143, 'specifications', '2025-06-19 17:35:10', '2025-06-19 17:35:10'),
(836, 'Electric folding mirrors', 143, 'external_specifications', '2025-06-19 17:35:10', '2025-06-19 17:35:10'),
(837, 'Bluetooth', 143, 'technical_specifications', '2025-06-19 17:35:10', '2025-06-19 17:35:10'),
(838, 'Anti-slip', 143, 'technical_specifications', '2025-06-19 17:35:10', '2025-06-19 17:35:10');

-- --------------------------------------------------------

--
-- Table structure for table `categories`
--

CREATE TABLE `categories` (
  `id` bigint UNSIGNED NOT NULL,
  `created_at` timestamp NULL DEFAULT NULL,
  `updated_at` timestamp NULL DEFAULT NULL
) ENGINE=InnoDB DEFAULT CHARSET=utf8mb4 COLLATE=utf8mb4_unicode_ci;

-- --------------------------------------------------------

--
-- Table structure for table `chats`
--

CREATE TABLE `chats` (
  `id` bigint UNSIGNED NOT NULL,
  `user_id` bigint UNSIGNED NOT NULL,
  `car_id` bigint UNSIGNED NOT NULL,
  `car_user_id` bigint UNSIGNED NOT NULL,
  `created_at` timestamp NULL DEFAULT NULL,
  `updated_at` timestamp NULL DEFAULT NULL
) ENGINE=InnoDB DEFAULT CHARSET=utf8mb4 COLLATE=utf8mb4_unicode_ci;

--
-- Dumping data for table `chats`
--

INSERT INTO `chats` (`id`, `user_id`, `car_id`, `car_user_id`, `created_at`, `updated_at`) VALUES
(18, 57, 118, 58, '2025-05-30 22:28:28', '2025-05-30 22:28:28'),
(19, 54, 118, 58, '2025-05-31 17:02:04', '2025-05-31 17:02:04'),
(20, 54, 117, 57, '2025-05-31 23:33:17', '2025-05-31 23:33:17'),
(21, 58, 120, 54, '2025-06-03 00:27:40', '2025-06-03 00:27:40'),
(22, 68, 118, 58, '2025-06-04 22:07:32', '2025-06-04 22:07:32');

-- --------------------------------------------------------

--
-- Table structure for table `chat_messages`
--

CREATE TABLE `chat_messages` (
  `id` bigint UNSIGNED NOT NULL,
  `chat_id` bigint UNSIGNED NOT NULL,
  `car_id` bigint UNSIGNED NOT NULL,
  `from_id` bigint UNSIGNED NOT NULL,
  `to_id` bigint UNSIGNED NOT NULL,
  `message` text CHARACTER SET utf8mb4 COLLATE utf8mb4_unicode_ci NOT NULL,
  `created_at` timestamp NULL DEFAULT NULL,
  `updated_at` timestamp NULL DEFAULT NULL
) ENGINE=InnoDB DEFAULT CHARSET=utf8mb4 COLLATE=utf8mb4_unicode_ci;

--
-- Dumping data for table `chat_messages`
--

INSERT INTO `chat_messages` (`id`, `chat_id`, `car_id`, `from_id`, `to_id`, `message`, `created_at`, `updated_at`) VALUES
(23, 18, 118, 57, 58, 'gggg', '2025-05-31 19:21:40', '2025-05-31 19:21:40'),
(24, 18, 118, 57, 58, 'fff', '2025-05-31 19:21:45', '2025-05-31 19:21:45'),
(25, 18, 118, 57, 58, 'hhh', '2025-05-31 23:42:24', '2025-05-31 23:42:24'),
(26, 18, 118, 57, 58, 'ghh', '2025-05-31 23:43:46', '2025-05-31 23:43:46'),
(27, 18, 118, 57, 58, 'ghh', '2025-05-31 23:43:49', '2025-05-31 23:43:49'),
(28, 18, 118, 57, 58, 'vhhb', '2025-05-31 23:52:59', '2025-05-31 23:52:59'),
(29, 18, 118, 57, 58, 'ghhh', '2025-05-31 23:55:24', '2025-05-31 23:55:24'),
(30, 18, 118, 57, 58, 'ggg', '2025-05-31 23:55:26', '2025-05-31 23:55:26'),
(31, 18, 118, 57, 58, 'hhh', '2025-06-01 02:57:40', '2025-06-01 02:57:40'),
(32, 21, 120, 58, 54, 'السلام عليكم', '2025-06-03 00:27:46', '2025-06-03 00:27:46'),
(33, 21, 120, 58, 54, 'محتاج السياره', '2025-06-03 00:30:15', '2025-06-03 00:30:15'),
(34, 18, 118, 57, 58, 'اتت', '2025-06-03 00:39:34', '2025-06-03 00:39:34'),
(35, 18, 118, 57, 58, 'bbb', '2025-06-03 01:24:32', '2025-06-03 01:24:32'),
(36, 18, 118, 57, 58, 'ggg', '2025-06-03 01:26:49', '2025-06-03 01:26:49'),
(37, 18, 118, 57, 58, 'ffff', '2025-06-04 22:06:11', '2025-06-04 22:06:11'),
(38, 18, 118, 57, 58, 'ggg', '2025-06-04 22:06:39', '2025-06-04 22:06:39'),
(39, 18, 118, 57, 58, 'ggg', '2025-06-04 22:07:31', '2025-06-04 22:07:31'),
(40, 22, 118, 68, 58, 'السلام عليكم', '2025-06-04 22:08:17', '2025-06-04 22:08:17'),
(41, 18, 118, 57, 58, 'edd', '2025-06-04 22:11:47', '2025-06-04 22:11:47'),
(42, 18, 118, 57, 58, 'ff', '2025-06-04 22:34:38', '2025-06-04 22:34:38'),
(43, 18, 118, 57, 58, 'ggg', '2025-06-04 22:34:43', '2025-06-04 22:34:43');

-- --------------------------------------------------------

--
-- Table structure for table `cities`
--

CREATE TABLE `cities` (
  `id` bigint UNSIGNED NOT NULL,
  `name` varchar(255) CHARACTER SET utf8mb4 COLLATE utf8mb4_unicode_ci NOT NULL,
  `status` tinyint(1) NOT NULL DEFAULT '1',
  `created_at` timestamp NULL DEFAULT NULL,
  `updated_at` timestamp NULL DEFAULT NULL
) ENGINE=InnoDB DEFAULT CHARSET=utf8mb4 COLLATE=utf8mb4_unicode_ci;

--
-- Dumping data for table `cities`
--

INSERT INTO `cities` (`id`, `name`, `status`, `created_at`, `updated_at`) VALUES
(5, '{\"en\":\"Damascus\",\"ar\":\"دمشق\"}', 1, '2025-05-30 00:44:49', '2025-05-30 00:44:49');

-- --------------------------------------------------------

--
-- Table structure for table `contacts`
--

CREATE TABLE `contacts` (
  `id` bigint UNSIGNED NOT NULL,
  `name` varchar(100) CHARACTER SET utf8mb4 COLLATE utf8mb4_unicode_ci NOT NULL,
  `phone` varchar(100) CHARACTER SET utf8mb4 COLLATE utf8mb4_unicode_ci NOT NULL,
  `subject` varchar(250) CHARACTER SET utf8mb4 COLLATE utf8mb4_unicode_ci NOT NULL,
  `message` text CHARACTER SET utf8mb4 COLLATE utf8mb4_unicode_ci NOT NULL,
  `created_at` timestamp NULL DEFAULT NULL,
  `updated_at` timestamp NULL DEFAULT NULL
) ENGINE=InnoDB DEFAULT CHARSET=utf8mb4 COLLATE=utf8mb4_unicode_ci;

-- --------------------------------------------------------

--
-- Table structure for table `districts`
--

CREATE TABLE `districts` (
  `id` bigint UNSIGNED NOT NULL,
  `name` varchar(255) CHARACTER SET utf8mb4 COLLATE utf8mb4_unicode_ci NOT NULL,
  `city_id` bigint UNSIGNED NOT NULL,
  `status` tinyint(1) NOT NULL DEFAULT '1',
  `created_at` timestamp NULL DEFAULT NULL,
  `updated_at` timestamp NULL DEFAULT NULL
) ENGINE=InnoDB DEFAULT CHARSET=utf8mb4 COLLATE=utf8mb4_unicode_ci;

--
-- Dumping data for table `districts`
--

INSERT INTO `districts` (`id`, `name`, `city_id`, `status`, `created_at`, `updated_at`) VALUES
(4, '{\"en\":\"Al Malki\",\"ar\":\"المالكي\"}', 5, 1, '2025-05-30 00:45:56', '2025-05-30 00:45:56'),
(5, '{\"en\":\"Al Rawda\",\"ar\":\"الروضة\"}', 5, 1, '2025-05-30 00:46:20', '2025-05-30 00:46:20'),
(6, '{\"en\":\"حرستا\",\"ar\":\"حرستا\"}', 5, 1, '2025-06-18 18:34:44', '2025-06-18 18:34:44');

-- --------------------------------------------------------

--
-- Table structure for table `failed_jobs`
--

CREATE TABLE `failed_jobs` (
  `id` bigint UNSIGNED NOT NULL,
  `uuid` varchar(255) CHARACTER SET utf8mb4 COLLATE utf8mb4_unicode_ci NOT NULL,
  `connection` text CHARACTER SET utf8mb4 COLLATE utf8mb4_unicode_ci NOT NULL,
  `queue` text CHARACTER SET utf8mb4 COLLATE utf8mb4_unicode_ci NOT NULL,
  `payload` longtext CHARACTER SET utf8mb4 COLLATE utf8mb4_unicode_ci NOT NULL,
  `exception` longtext CHARACTER SET utf8mb4 COLLATE utf8mb4_unicode_ci NOT NULL,
  `failed_at` timestamp NOT NULL DEFAULT CURRENT_TIMESTAMP
) ENGINE=InnoDB DEFAULT CHARSET=utf8mb4 COLLATE=utf8mb4_unicode_ci;

-- --------------------------------------------------------

--
-- Table structure for table `files`
--

CREATE TABLE `files` (
  `id` bigint UNSIGNED NOT NULL,
  `file_name` varchar(255) CHARACTER SET utf8mb4 COLLATE utf8mb4_unicode_ci NOT NULL,
  `original_name` varchar(255) CHARACTER SET utf8mb4 COLLATE utf8mb4_unicode_ci DEFAULT NULL,
  `mime_type` varchar(255) CHARACTER SET utf8mb4 COLLATE utf8mb4_unicode_ci DEFAULT NULL,
  `type` varchar(255) CHARACTER SET utf8mb4 COLLATE utf8mb4_unicode_ci DEFAULT NULL,
  `storage` varchar(255) CHARACTER SET utf8mb4 COLLATE utf8mb4_unicode_ci NOT NULL,
  `url` varchar(255) CHARACTER SET utf8mb4 COLLATE utf8mb4_unicode_ci DEFAULT NULL,
  `path` varchar(255) CHARACTER SET utf8mb4 COLLATE utf8mb4_unicode_ci DEFAULT NULL,
  `file_type` varchar(255) CHARACTER SET utf8mb4 COLLATE utf8mb4_unicode_ci NOT NULL,
  `file_id` bigint UNSIGNED NOT NULL,
  `size` varchar(100) CHARACTER SET utf8mb4 COLLATE utf8mb4_unicode_ci DEFAULT NULL,
  `order_column` varchar(20) CHARACTER SET utf8mb4 COLLATE utf8mb4_unicode_ci DEFAULT NULL,
  `collection_name` varchar(100) CHARACTER SET utf8mb4 COLLATE utf8mb4_unicode_ci DEFAULT NULL,
  `created_at` timestamp NULL DEFAULT NULL,
  `updated_at` timestamp NULL DEFAULT NULL
) ENGINE=InnoDB DEFAULT CHARSET=utf8mb4 COLLATE=utf8mb4_unicode_ci;

--
-- Dumping data for table `files`
--

INSERT INTO `files` (`id`, `file_name`, `original_name`, `mime_type`, `type`, `storage`, `url`, `path`, `file_type`, `file_id`, `size`, `order_column`, `collection_name`, `created_at`, `updated_at`) VALUES
(304, 'f98ROrCXqLvRxfNMb41EPXrHuEeNBmhVn3CQ3onV.webp', '1661857436549229550', 'webp', 'car_images', 'public', 'https://car-project.perfect-teamwork.com/storage/images/cars//f98ROrCXqLvRxfNMb41EPXrHuEeNBmhVn3CQ3onV.webp', 'images/cars//f98ROrCXqLvRxfNMb41EPXrHuEeNBmhVn3CQ3onV.webp', 'App\\Models\\Car', 108, '0.14', NULL, NULL, '2025-05-30 01:20:16', '2025-05-30 01:20:16'),
(305, 'brauUzr9Xbs2RU8WPQB1Cigvz6ZALZw7E04yIhq3.webp', '1661857435120448578', 'webp', 'car_images', 'public', 'https://car-project.perfect-teamwork.com/storage/images/cars//brauUzr9Xbs2RU8WPQB1Cigvz6ZALZw7E04yIhq3.webp', 'images/cars//brauUzr9Xbs2RU8WPQB1Cigvz6ZALZw7E04yIhq3.webp', 'App\\Models\\Car', 108, '0.13', NULL, NULL, '2025-05-30 01:20:17', '2025-05-30 01:20:17'),
(306, '5w5RNzXjRPifwvz2sSPGs8aVtLNsEtTDPLToghA0.webp', '1661857435889994228', 'webp', 'car_images', 'public', 'https://car-project.perfect-teamwork.com/storage/images/cars//5w5RNzXjRPifwvz2sSPGs8aVtLNsEtTDPLToghA0.webp', 'images/cars//5w5RNzXjRPifwvz2sSPGs8aVtLNsEtTDPLToghA0.webp', 'App\\Models\\Car', 108, '0.14', NULL, NULL, '2025-05-30 01:20:17', '2025-05-30 01:20:17'),
(307, 'oqSHfvPyXbUCPMkRKv9jxNQCUfz3k7N0c0P9FUyP.webp', 'istockphoto-2161896294-612x612', 'webp', 'car_images', 'public', 'https://car-project.perfect-teamwork.com/storage/images/cars//oqSHfvPyXbUCPMkRKv9jxNQCUfz3k7N0c0P9FUyP.webp', 'images/cars//oqSHfvPyXbUCPMkRKv9jxNQCUfz3k7N0c0P9FUyP.webp', 'App\\Models\\Car', 110, '0.01', NULL, NULL, '2025-05-30 16:29:50', '2025-05-30 16:29:50'),
(308, 'WREWa8YRWqk6cgrBPyIjHqjN99a0Ae9to8cKMSv8.webp', 'istockphoto-2161896294-612x612', 'webp', 'car_images', 'public', 'https://car-project.perfect-teamwork.com/storage/images/cars//WREWa8YRWqk6cgrBPyIjHqjN99a0Ae9to8cKMSv8.webp', 'images/cars//WREWa8YRWqk6cgrBPyIjHqjN99a0Ae9to8cKMSv8.webp', 'App\\Models\\Car', 110, '0.01', NULL, NULL, '2025-05-30 16:29:50', '2025-05-30 16:29:50'),
(309, '5BmbBgDB3Osli1JNRMU21McTpF51HvOwsiE3q9FE.webp', 'istockphoto-2161896294-612x612', 'webp', 'car_images', 'public', 'https://car-project.perfect-teamwork.com/storage/images/cars//5BmbBgDB3Osli1JNRMU21McTpF51HvOwsiE3q9FE.webp', 'images/cars//5BmbBgDB3Osli1JNRMU21McTpF51HvOwsiE3q9FE.webp', 'App\\Models\\Car', 110, '0.01', NULL, NULL, '2025-05-30 16:29:50', '2025-05-30 16:29:50'),
(310, 'Zg5qDcPSMD0MDfVBvgXoyMIRkVL3deNyRHtWzB38.webp', 'istockphoto-2161896294-612x612', 'webp', 'car_images', 'public', 'https://car-project.perfect-teamwork.com/storage/images/cars//Zg5qDcPSMD0MDfVBvgXoyMIRkVL3deNyRHtWzB38.webp', 'images/cars//Zg5qDcPSMD0MDfVBvgXoyMIRkVL3deNyRHtWzB38.webp', 'App\\Models\\Car', 111, '0.01', NULL, NULL, '2025-05-30 16:33:09', '2025-05-30 16:33:09'),
(311, '1Loq1SOkK57trwzDYRKJn6EX0F8tIf3xoUyUfgy2.webp', 'istockphoto-2161896294-612x612', 'webp', 'car_images', 'public', 'https://car-project.perfect-teamwork.com/storage/images/cars//1Loq1SOkK57trwzDYRKJn6EX0F8tIf3xoUyUfgy2.webp', 'images/cars//1Loq1SOkK57trwzDYRKJn6EX0F8tIf3xoUyUfgy2.webp', 'App\\Models\\Car', 111, '0.01', NULL, NULL, '2025-05-30 16:33:09', '2025-05-30 16:33:09'),
(312, 'mdFIr0rRmGWW3Qp6rOqh5Z1nFdUY0Ry87X1oPxjb.webp', 'istockphoto-2161896294-612x612', 'webp', 'car_images', 'public', 'https://car-project.perfect-teamwork.com/storage/images/cars//mdFIr0rRmGWW3Qp6rOqh5Z1nFdUY0Ry87X1oPxjb.webp', 'images/cars//mdFIr0rRmGWW3Qp6rOqh5Z1nFdUY0Ry87X1oPxjb.webp', 'App\\Models\\Car', 111, '0.01', NULL, NULL, '2025-05-30 16:33:09', '2025-05-30 16:33:09'),
(313, 'BTPYClKmYal5BuJtZatXePp0pVv0rtk2FH3qDoj0.webp', 'istockphoto-2161896294-612x612', 'webp', 'car_images', 'public', 'https://car-project.perfect-teamwork.com/storage/images/cars//BTPYClKmYal5BuJtZatXePp0pVv0rtk2FH3qDoj0.webp', 'images/cars//BTPYClKmYal5BuJtZatXePp0pVv0rtk2FH3qDoj0.webp', 'App\\Models\\Car', 112, '0.01', NULL, NULL, '2025-05-30 16:46:14', '2025-05-30 16:46:14'),
(314, 'bDroQRPyITb68wyRZbPru66hK3TyPzatCUTMU0Qm.webp', 'istockphoto-2161896294-612x612', 'webp', 'car_images', 'public', 'https://car-project.perfect-teamwork.com/storage/images/cars//bDroQRPyITb68wyRZbPru66hK3TyPzatCUTMU0Qm.webp', 'images/cars//bDroQRPyITb68wyRZbPru66hK3TyPzatCUTMU0Qm.webp', 'App\\Models\\Car', 112, '0.01', NULL, NULL, '2025-05-30 16:46:14', '2025-05-30 16:46:14'),
(315, '37UMlnAV9nY6tq9xH5zf1fbr8mctjJrxhOb0QWXo.webp', 'istockphoto-2161896294-612x612', 'webp', 'car_images', 'public', 'https://car-project.perfect-teamwork.com/storage/images/cars//37UMlnAV9nY6tq9xH5zf1fbr8mctjJrxhOb0QWXo.webp', 'images/cars//37UMlnAV9nY6tq9xH5zf1fbr8mctjJrxhOb0QWXo.webp', 'App\\Models\\Car', 112, '0.01', NULL, NULL, '2025-05-30 16:46:14', '2025-05-30 16:46:14'),
(316, '5jAa3ofBPROwOfc1k9nDlzOSf1V9ubbF80Yg5ssj.webp', '1000238456', 'webp', 'car_images', 'public', 'https://car-project.perfect-teamwork.com/storage/images/cars//5jAa3ofBPROwOfc1k9nDlzOSf1V9ubbF80Yg5ssj.webp', 'images/cars//5jAa3ofBPROwOfc1k9nDlzOSf1V9ubbF80Yg5ssj.webp', 'App\\Models\\Car', 113, '0.01', NULL, NULL, '2025-05-30 16:57:44', '2025-05-30 16:57:44'),
(317, 'IWqh4FW1873bVIvGxLGv7jgZbskzaxHHMUAwzCV6.webp', '1000238447', 'webp', 'car_images', 'public', 'https://car-project.perfect-teamwork.com/storage/images/cars//IWqh4FW1873bVIvGxLGv7jgZbskzaxHHMUAwzCV6.webp', 'images/cars//IWqh4FW1873bVIvGxLGv7jgZbskzaxHHMUAwzCV6.webp', 'App\\Models\\Car', 113, '0.01', NULL, NULL, '2025-05-30 16:57:44', '2025-05-30 16:57:44'),
(318, 'nOrRYa5pJ8OPPJoK3JRC9uOzrvMjp80B2XKKo59y.webp', '1000238446', 'webp', 'car_images', 'public', 'https://car-project.perfect-teamwork.com/storage/images/cars//nOrRYa5pJ8OPPJoK3JRC9uOzrvMjp80B2XKKo59y.webp', 'images/cars//nOrRYa5pJ8OPPJoK3JRC9uOzrvMjp80B2XKKo59y.webp', 'App\\Models\\Car', 113, '0.01', NULL, NULL, '2025-05-30 16:57:44', '2025-05-30 16:57:44'),
(319, '5vGmbneZW4RRDfBrBO9lsDuBFC0mZorgS0fPhyXJ.webp', '1000238445', 'webp', 'car_images', 'public', 'https://car-project.perfect-teamwork.com/storage/images/cars//5vGmbneZW4RRDfBrBO9lsDuBFC0mZorgS0fPhyXJ.webp', 'images/cars//5vGmbneZW4RRDfBrBO9lsDuBFC0mZorgS0fPhyXJ.webp', 'App\\Models\\Car', 113, '0.01', NULL, NULL, '2025-05-30 16:57:44', '2025-05-30 16:57:44'),
(320, 'Zzf8X0SCuiUxpz6XR9YXMgbKroJA3HRpeHP3nGF1.webp', '1000238444', 'webp', 'car_images', 'public', 'https://car-project.perfect-teamwork.com/storage/images/cars//Zzf8X0SCuiUxpz6XR9YXMgbKroJA3HRpeHP3nGF1.webp', 'images/cars//Zzf8X0SCuiUxpz6XR9YXMgbKroJA3HRpeHP3nGF1.webp', 'App\\Models\\Car', 113, '0.01', NULL, NULL, '2025-05-30 16:57:44', '2025-05-30 16:57:44'),
(321, 'd3QFSxl6Oo0oWdUvaVbE6jJ6VxrUrkVx4dbordeU.webp', '1000234338', 'webp', 'car_images', 'public', 'https://car-project.perfect-teamwork.com/storage/images/cars//d3QFSxl6Oo0oWdUvaVbE6jJ6VxrUrkVx4dbordeU.webp', 'images/cars//d3QFSxl6Oo0oWdUvaVbE6jJ6VxrUrkVx4dbordeU.webp', 'App\\Models\\Car', 113, '0.30', NULL, NULL, '2025-05-30 16:57:44', '2025-05-30 16:57:44'),
(322, '5LytpASqGYh8hdnDM7dIpZHo0PuH84ftTXLnTPdR.webp', '1000207912', 'webp', 'car_images', 'public', 'https://car-project.perfect-teamwork.com/storage/images/cars//5LytpASqGYh8hdnDM7dIpZHo0PuH84ftTXLnTPdR.webp', 'images/cars//5LytpASqGYh8hdnDM7dIpZHo0PuH84ftTXLnTPdR.webp', 'App\\Models\\Car', 113, '0.04', NULL, NULL, '2025-05-30 16:57:44', '2025-05-30 16:57:44'),
(323, 'DbGVcRjfXXlCwibB73MIW8AevJf160bFkMwuwo2A.webp', '1000207911', 'webp', 'car_images', 'public', 'https://car-project.perfect-teamwork.com/storage/images/cars//DbGVcRjfXXlCwibB73MIW8AevJf160bFkMwuwo2A.webp', 'images/cars//DbGVcRjfXXlCwibB73MIW8AevJf160bFkMwuwo2A.webp', 'App\\Models\\Car', 113, '0.04', NULL, NULL, '2025-05-30 16:57:44', '2025-05-30 16:57:44'),
(324, 'AwE1bNgSRaYdbICKgKwE4caYTzcxHVVLtqr96i0d.webp', '1000051040', 'webp', 'car_images', 'public', 'https://car-project.perfect-teamwork.com/storage/images/cars//AwE1bNgSRaYdbICKgKwE4caYTzcxHVVLtqr96i0d.webp', 'images/cars//AwE1bNgSRaYdbICKgKwE4caYTzcxHVVLtqr96i0d.webp', 'App\\Models\\Car', 113, '0.30', NULL, NULL, '2025-05-30 16:57:44', '2025-05-30 16:57:44'),
(325, 'nA3LVIFSTIUl62hlxZLZ4IhQparqsUIsEgDTJObg.webp', '1000050568', 'webp', 'car_images', 'public', 'https://car-project.perfect-teamwork.com/storage/images/cars//nA3LVIFSTIUl62hlxZLZ4IhQparqsUIsEgDTJObg.webp', 'images/cars//nA3LVIFSTIUl62hlxZLZ4IhQparqsUIsEgDTJObg.webp', 'App\\Models\\Car', 113, '1.09', NULL, NULL, '2025-05-30 16:57:45', '2025-05-30 16:57:45'),
(326, 'Wuc8a5YFpVycZEhbQLe42grekbIeNIIz95Q23mP1.webp', '1000050490', 'webp', 'car_images', 'public', 'https://car-project.perfect-teamwork.com/storage/images/cars//Wuc8a5YFpVycZEhbQLe42grekbIeNIIz95Q23mP1.webp', 'images/cars//Wuc8a5YFpVycZEhbQLe42grekbIeNIIz95Q23mP1.webp', 'App\\Models\\Car', 113, '0.22', NULL, NULL, '2025-05-30 16:57:45', '2025-05-30 16:57:45'),
(327, 'FcbnVjx36StnEo3WIP2MA3Wh6h9RNPihCyM2irLN.webp', '1000050491', 'webp', 'car_images', 'public', 'https://car-project.perfect-teamwork.com/storage/images/cars//FcbnVjx36StnEo3WIP2MA3Wh6h9RNPihCyM2irLN.webp', 'images/cars//FcbnVjx36StnEo3WIP2MA3Wh6h9RNPihCyM2irLN.webp', 'App\\Models\\Car', 113, '0.44', NULL, NULL, '2025-05-30 16:57:45', '2025-05-30 16:57:45'),
(328, 'x4zulXoDU1SjJXYI93NiNVkXG3G9NHnhJZqfsO48.webp', '1000050386', 'webp', 'car_images', 'public', 'https://car-project.perfect-teamwork.com/storage/images/cars//x4zulXoDU1SjJXYI93NiNVkXG3G9NHnhJZqfsO48.webp', 'images/cars//x4zulXoDU1SjJXYI93NiNVkXG3G9NHnhJZqfsO48.webp', 'App\\Models\\Car', 113, '0.40', NULL, NULL, '2025-05-30 16:57:45', '2025-05-30 16:57:45'),
(329, '8soRnXpZQt9AnhvVKszdW3C8DGxXCXWUe1usId9l.webp', '1000029675', 'webp', 'car_images', 'public', 'https://car-project.perfect-teamwork.com/storage/images/cars//8soRnXpZQt9AnhvVKszdW3C8DGxXCXWUe1usId9l.webp', 'images/cars//8soRnXpZQt9AnhvVKszdW3C8DGxXCXWUe1usId9l.webp', 'App\\Models\\Car', 113, '1.49', NULL, NULL, '2025-05-30 16:57:45', '2025-05-30 16:57:45'),
(330, 'NBu2vr2zGcU5q87bJn7Gfo65iQ7RhuGMIY1f0fZK.webp', '1000006839', 'webp', 'car_images', 'public', 'https://car-project.perfect-teamwork.com/storage/images/cars//NBu2vr2zGcU5q87bJn7Gfo65iQ7RhuGMIY1f0fZK.webp', 'images/cars//NBu2vr2zGcU5q87bJn7Gfo65iQ7RhuGMIY1f0fZK.webp', 'App\\Models\\Car', 113, '0.49', NULL, NULL, '2025-05-30 16:57:46', '2025-05-30 16:57:46'),
(331, '8cqkXQ01Y4QoRNDSCcMC8Vd4vL51ieSkQYtz6zBy.webp', '102', 'webp', 'car_images', 'public', 'https://car-project.perfect-teamwork.com/storage/images/cars//8cqkXQ01Y4QoRNDSCcMC8Vd4vL51ieSkQYtz6zBy.webp', 'images/cars//8cqkXQ01Y4QoRNDSCcMC8Vd4vL51ieSkQYtz6zBy.webp', 'App\\Models\\Car', 113, '0.75', NULL, NULL, '2025-05-30 16:57:46', '2025-05-30 16:57:46'),
(332, 'tpCV1BLGwZ90fBcc3WJT6kTPHBG1vBPzzzbTA8eO.webp', '98', 'webp', 'car_images', 'public', 'https://car-project.perfect-teamwork.com/storage/images/cars//tpCV1BLGwZ90fBcc3WJT6kTPHBG1vBPzzzbTA8eO.webp', 'images/cars//tpCV1BLGwZ90fBcc3WJT6kTPHBG1vBPzzzbTA8eO.webp', 'App\\Models\\Car', 113, '0.03', NULL, NULL, '2025-05-30 16:57:46', '2025-05-30 16:57:46'),
(333, 'ZrDPXSMx18eWSh9q81lck5hUID5V8iyw5v3dBboc.webp', '106', 'webp', 'car_images', 'public', 'https://car-project.perfect-teamwork.com/storage/images/cars//ZrDPXSMx18eWSh9q81lck5hUID5V8iyw5v3dBboc.webp', 'images/cars//ZrDPXSMx18eWSh9q81lck5hUID5V8iyw5v3dBboc.webp', 'App\\Models\\Car', 113, '0.67', NULL, NULL, '2025-05-30 16:57:46', '2025-05-30 16:57:46'),
(334, 'zUJZLOAkIImiraZjelK6OPk6kLL67WkP6Iplymba.webp', '105', 'webp', 'car_images', 'public', 'https://car-project.perfect-teamwork.com/storage/images/cars//zUJZLOAkIImiraZjelK6OPk6kLL67WkP6Iplymba.webp', 'images/cars//zUJZLOAkIImiraZjelK6OPk6kLL67WkP6Iplymba.webp', 'App\\Models\\Car', 113, '0.73', NULL, NULL, '2025-05-30 16:57:46', '2025-05-30 16:57:46'),
(335, 'Ezpr35zitEP1KvO7Eq3P7yBNKRcojKEMc6bctObj.webp', '103', 'webp', 'car_images', 'public', 'https://car-project.perfect-teamwork.com/storage/images/cars//Ezpr35zitEP1KvO7Eq3P7yBNKRcojKEMc6bctObj.webp', 'images/cars//Ezpr35zitEP1KvO7Eq3P7yBNKRcojKEMc6bctObj.webp', 'App\\Models\\Car', 113, '1.12', NULL, NULL, '2025-05-30 16:57:46', '2025-05-30 16:57:46'),
(336, 'mtWxhc7CY4t2pqkdCPF1mqcr1dz1KQVxAKBfTm1W.webp', '1000238456', 'webp', 'car_images', 'public', 'https://car-project.perfect-teamwork.com/storage/images/cars//mtWxhc7CY4t2pqkdCPF1mqcr1dz1KQVxAKBfTm1W.webp', 'images/cars//mtWxhc7CY4t2pqkdCPF1mqcr1dz1KQVxAKBfTm1W.webp', 'App\\Models\\Car', 114, '0.01', NULL, NULL, '2025-05-30 17:04:54', '2025-05-30 17:04:54'),
(337, 'QjHGcyFU7RTdsBasxJo0aTFfxRyZQcgHVzM6imCP.webp', '1000238447', 'webp', 'car_images', 'public', 'https://car-project.perfect-teamwork.com/storage/images/cars//QjHGcyFU7RTdsBasxJo0aTFfxRyZQcgHVzM6imCP.webp', 'images/cars//QjHGcyFU7RTdsBasxJo0aTFfxRyZQcgHVzM6imCP.webp', 'App\\Models\\Car', 114, '0.01', NULL, NULL, '2025-05-30 17:04:54', '2025-05-30 17:04:54'),
(338, 'ld2CphVZiDnQdhgmMKmOqb8w4Iey8JbJAXejjnNq.webp', '1000238446', 'webp', 'car_images', 'public', 'https://car-project.perfect-teamwork.com/storage/images/cars//ld2CphVZiDnQdhgmMKmOqb8w4Iey8JbJAXejjnNq.webp', 'images/cars//ld2CphVZiDnQdhgmMKmOqb8w4Iey8JbJAXejjnNq.webp', 'App\\Models\\Car', 114, '0.01', NULL, NULL, '2025-05-30 17:04:54', '2025-05-30 17:04:54'),
(339, 'UH1HchXcAVMSs22h11SAWYR9tyEi98NhsTp5vnBJ.webp', '1000238445', 'webp', 'car_images', 'public', 'https://car-project.perfect-teamwork.com/storage/images/cars//UH1HchXcAVMSs22h11SAWYR9tyEi98NhsTp5vnBJ.webp', 'images/cars//UH1HchXcAVMSs22h11SAWYR9tyEi98NhsTp5vnBJ.webp', 'App\\Models\\Car', 114, '0.01', NULL, NULL, '2025-05-30 17:04:54', '2025-05-30 17:04:54'),
(340, 'Aqy8GR4w3Xm4Xa9NCHEw5t9HBPR5uWbIuoRw0PVr.webp', '1000238444', 'webp', 'car_images', 'public', 'https://car-project.perfect-teamwork.com/storage/images/cars//Aqy8GR4w3Xm4Xa9NCHEw5t9HBPR5uWbIuoRw0PVr.webp', 'images/cars//Aqy8GR4w3Xm4Xa9NCHEw5t9HBPR5uWbIuoRw0PVr.webp', 'App\\Models\\Car', 114, '0.01', NULL, NULL, '2025-05-30 17:04:54', '2025-05-30 17:04:54'),
(341, 'XftJ137IndAunXQOFPE7ayJWyxWn9OEX4KiqxjUr.webp', '1000207912', 'webp', 'car_images', 'public', 'https://car-project.perfect-teamwork.com/storage/images/cars//XftJ137IndAunXQOFPE7ayJWyxWn9OEX4KiqxjUr.webp', 'images/cars//XftJ137IndAunXQOFPE7ayJWyxWn9OEX4KiqxjUr.webp', 'App\\Models\\Car', 114, '0.04', NULL, NULL, '2025-05-30 17:04:54', '2025-05-30 17:04:54'),
(342, 'FaB5hq4XniqDLy0fE5W1L7DoMLyXGA34zASsXznJ.webp', '1000207911', 'webp', 'car_images', 'public', 'https://car-project.perfect-teamwork.com/storage/images/cars//FaB5hq4XniqDLy0fE5W1L7DoMLyXGA34zASsXznJ.webp', 'images/cars//FaB5hq4XniqDLy0fE5W1L7DoMLyXGA34zASsXznJ.webp', 'App\\Models\\Car', 114, '0.04', NULL, NULL, '2025-05-30 17:04:54', '2025-05-30 17:04:54'),
(343, 'eDxwQKoroIS5sbC2KGKQmy3iOnLv67jssla3TbVd.webp', '1000051040', 'webp', 'car_images', 'public', 'https://car-project.perfect-teamwork.com/storage/images/cars//eDxwQKoroIS5sbC2KGKQmy3iOnLv67jssla3TbVd.webp', 'images/cars//eDxwQKoroIS5sbC2KGKQmy3iOnLv67jssla3TbVd.webp', 'App\\Models\\Car', 114, '0.30', NULL, NULL, '2025-05-30 17:04:54', '2025-05-30 17:04:54'),
(344, 'Exk6v3oYB4assnTldkjXt9ymirCdc7wWYniKhLNV.webp', '1000050568', 'webp', 'car_images', 'public', 'https://car-project.perfect-teamwork.com/storage/images/cars//Exk6v3oYB4assnTldkjXt9ymirCdc7wWYniKhLNV.webp', 'images/cars//Exk6v3oYB4assnTldkjXt9ymirCdc7wWYniKhLNV.webp', 'App\\Models\\Car', 114, '1.09', NULL, NULL, '2025-05-30 17:04:55', '2025-05-30 17:04:55'),
(345, 'EJq7ja82wNAVszpV9xpBtp8Lnf1Xf0VtnRhOZhbY.webp', '1000050490', 'webp', 'car_images', 'public', 'https://car-project.perfect-teamwork.com/storage/images/cars//EJq7ja82wNAVszpV9xpBtp8Lnf1Xf0VtnRhOZhbY.webp', 'images/cars//EJq7ja82wNAVszpV9xpBtp8Lnf1Xf0VtnRhOZhbY.webp', 'App\\Models\\Car', 114, '0.22', NULL, NULL, '2025-05-30 17:04:55', '2025-05-30 17:04:55'),
(346, 'ecnubRAHI9ixnkKxNTxngtpKocOE52xZhoMUaeGG.webp', '1000050491', 'webp', 'car_images', 'public', 'https://car-project.perfect-teamwork.com/storage/images/cars//ecnubRAHI9ixnkKxNTxngtpKocOE52xZhoMUaeGG.webp', 'images/cars//ecnubRAHI9ixnkKxNTxngtpKocOE52xZhoMUaeGG.webp', 'App\\Models\\Car', 114, '0.44', NULL, NULL, '2025-05-30 17:04:55', '2025-05-30 17:04:55'),
(347, 'nZn5AbUlhVpdGWxn4X0Dv72Tt1LtouPUxjnzODcX.webp', '1000050386', 'webp', 'car_images', 'public', 'https://car-project.perfect-teamwork.com/storage/images/cars//nZn5AbUlhVpdGWxn4X0Dv72Tt1LtouPUxjnzODcX.webp', 'images/cars//nZn5AbUlhVpdGWxn4X0Dv72Tt1LtouPUxjnzODcX.webp', 'App\\Models\\Car', 114, '0.40', NULL, NULL, '2025-05-30 17:04:55', '2025-05-30 17:04:55'),
(348, 'r1y3T0nFdsdINdOFIFuxd6uvnEz26wDn6KJKCQ3X.webp', '1000049140', 'webp', 'car_images', 'public', 'https://car-project.perfect-teamwork.com/storage/images/cars//r1y3T0nFdsdINdOFIFuxd6uvnEz26wDn6KJKCQ3X.webp', 'images/cars//r1y3T0nFdsdINdOFIFuxd6uvnEz26wDn6KJKCQ3X.webp', 'App\\Models\\Car', 114, '0.43', NULL, NULL, '2025-05-30 17:04:55', '2025-05-30 17:04:55'),
(349, '2RawR2dJ8ajJ876pybz5FvwAsYdPfAoPBBQ6pseC.webp', '1000029675', 'webp', 'car_images', 'public', 'https://car-project.perfect-teamwork.com/storage/images/cars//2RawR2dJ8ajJ876pybz5FvwAsYdPfAoPBBQ6pseC.webp', 'images/cars//2RawR2dJ8ajJ876pybz5FvwAsYdPfAoPBBQ6pseC.webp', 'App\\Models\\Car', 114, '1.49', NULL, NULL, '2025-05-30 17:04:55', '2025-05-30 17:04:55'),
(350, 'nNnypAP1wtOtZMVtYkRPJvS6WvBTDAFSyB5Hs4vt.webp', '1000006839', 'webp', 'car_images', 'public', 'https://car-project.perfect-teamwork.com/storage/images/cars//nNnypAP1wtOtZMVtYkRPJvS6WvBTDAFSyB5Hs4vt.webp', 'images/cars//nNnypAP1wtOtZMVtYkRPJvS6WvBTDAFSyB5Hs4vt.webp', 'App\\Models\\Car', 114, '0.49', NULL, NULL, '2025-05-30 17:04:56', '2025-05-30 17:04:56'),
(351, 'AiwaBbHfowjw73ExzoyicTG8EaWo0fpnHjmQ1cOq.webp', '102', 'webp', 'car_images', 'public', 'https://car-project.perfect-teamwork.com/storage/images/cars//AiwaBbHfowjw73ExzoyicTG8EaWo0fpnHjmQ1cOq.webp', 'images/cars//AiwaBbHfowjw73ExzoyicTG8EaWo0fpnHjmQ1cOq.webp', 'App\\Models\\Car', 114, '0.75', NULL, NULL, '2025-05-30 17:04:56', '2025-05-30 17:04:56'),
(352, 'htZTAMvYVYYk4mVTbPFku8EoFgX6m9DxCxqTSS5w.webp', '98', 'webp', 'car_images', 'public', 'https://car-project.perfect-teamwork.com/storage/images/cars//htZTAMvYVYYk4mVTbPFku8EoFgX6m9DxCxqTSS5w.webp', 'images/cars//htZTAMvYVYYk4mVTbPFku8EoFgX6m9DxCxqTSS5w.webp', 'App\\Models\\Car', 114, '0.03', NULL, NULL, '2025-05-30 17:04:56', '2025-05-30 17:04:56'),
(353, 'rp5L4YHHCXhYQPt8cjKnrnq6yrQq3jKJkPcAbVkm.webp', '106', 'webp', 'car_images', 'public', 'https://car-project.perfect-teamwork.com/storage/images/cars//rp5L4YHHCXhYQPt8cjKnrnq6yrQq3jKJkPcAbVkm.webp', 'images/cars//rp5L4YHHCXhYQPt8cjKnrnq6yrQq3jKJkPcAbVkm.webp', 'App\\Models\\Car', 114, '0.67', NULL, NULL, '2025-05-30 17:04:56', '2025-05-30 17:04:56'),
(354, '9wiasUPJ45UL8CAms0dAnWG31YH5LgxlgNKr0YUT.webp', '105', 'webp', 'car_images', 'public', 'https://car-project.perfect-teamwork.com/storage/images/cars//9wiasUPJ45UL8CAms0dAnWG31YH5LgxlgNKr0YUT.webp', 'images/cars//9wiasUPJ45UL8CAms0dAnWG31YH5LgxlgNKr0YUT.webp', 'App\\Models\\Car', 114, '0.73', NULL, NULL, '2025-05-30 17:04:56', '2025-05-30 17:04:56'),
(355, '2cdfb318-177d-4b22-92d7-4bad94c5316c1715594369858224179_1748608057.mp4', '2cdfb318-177d-4b22-92d7-4bad94c5316c1715594369858224179.mp4', 'application/octet-stream', 'real', 'public', 'https://car-project.perfect-teamwork.com/storage/videos/original/2cdfb318-177d-4b22-92d7-4bad94c5316c1715594369858224179_1748608057.mp4', 'videos/original/2cdfb318-177d-4b22-92d7-4bad94c5316c1715594369858224179_1748608057.mp4', 'App\\Models\\Car', 114, '2228205', '1', 'videos', '2025-05-30 17:04:56', '2025-05-30 17:27:37'),
(356, 'PhNkwIvkkVk54PxHHNKSCLUIcMWxTB402mxlbuRT.webp', 'istockphoto-2161896294-612x612', 'webp', 'car_images', 'public', 'https://car-project.perfect-teamwork.com/storage/images/cars//PhNkwIvkkVk54PxHHNKSCLUIcMWxTB402mxlbuRT.webp', 'images/cars//PhNkwIvkkVk54PxHHNKSCLUIcMWxTB402mxlbuRT.webp', 'App\\Models\\Car', 115, '0.01', NULL, NULL, '2025-05-30 17:11:11', '2025-05-30 17:11:11'),
(357, 'PYfER1k444Vygbw8Qn2He72AVUFZXYatxmvFKHIy.webp', 'istockphoto-2161896294-612x612', 'webp', 'car_images', 'public', 'https://car-project.perfect-teamwork.com/storage/images/cars//PYfER1k444Vygbw8Qn2He72AVUFZXYatxmvFKHIy.webp', 'images/cars//PYfER1k444Vygbw8Qn2He72AVUFZXYatxmvFKHIy.webp', 'App\\Models\\Car', 115, '0.01', NULL, NULL, '2025-05-30 17:11:11', '2025-05-30 17:11:11'),
(358, 'xPS7Cs8JNSg5Mt9NUvhDpFN5BNNnVlCInzefxlAd.webp', 'istockphoto-2161896294-612x612', 'webp', 'car_images', 'public', 'https://car-project.perfect-teamwork.com/storage/images/cars//xPS7Cs8JNSg5Mt9NUvhDpFN5BNNnVlCInzefxlAd.webp', 'images/cars//xPS7Cs8JNSg5Mt9NUvhDpFN5BNNnVlCInzefxlAd.webp', 'App\\Models\\Car', 115, '0.01', NULL, NULL, '2025-05-30 17:11:11', '2025-05-30 17:11:11'),
(359, 'LGSLS8EtCv51YbZRnQVfqJ7aeK5WqF2Uc4Vil3Hi.webp', 'istockphoto-2161896294-612x612', 'webp', 'car_images', 'public', 'https://car-project.perfect-teamwork.com/storage/images/cars//LGSLS8EtCv51YbZRnQVfqJ7aeK5WqF2Uc4Vil3Hi.webp', 'images/cars//LGSLS8EtCv51YbZRnQVfqJ7aeK5WqF2Uc4Vil3Hi.webp', 'App\\Models\\Car', 117, '0.01', NULL, NULL, '2025-05-30 17:17:39', '2025-05-30 17:17:39'),
(360, 'xyCWA9WlEdjI1lHyebRVyzLa573p91oKWoSTfJbS.webp', 'istockphoto-2161896294-612x612', 'webp', 'car_images', 'public', 'https://car-project.perfect-teamwork.com/storage/images/cars//xyCWA9WlEdjI1lHyebRVyzLa573p91oKWoSTfJbS.webp', 'images/cars//xyCWA9WlEdjI1lHyebRVyzLa573p91oKWoSTfJbS.webp', 'App\\Models\\Car', 117, '0.01', NULL, NULL, '2025-05-30 17:17:39', '2025-05-30 17:17:39'),
(361, 'GZfbbRYiNtK1i7QANk1HaFOEADo5sgjfoRvPlalz.webp', 'istockphoto-2161896294-612x612', 'webp', 'car_images', 'public', 'https://car-project.perfect-teamwork.com/storage/images/cars//GZfbbRYiNtK1i7QANk1HaFOEADo5sgjfoRvPlalz.webp', 'images/cars//GZfbbRYiNtK1i7QANk1HaFOEADo5sgjfoRvPlalz.webp', 'App\\Models\\Car', 117, '0.01', NULL, NULL, '2025-05-30 17:17:39', '2025-05-30 17:17:39'),
(362, '6npbu6mVGBiWLy7LWs3HYJP0nIR55dMHiPuYWFeE.webp', 'FB_IMG_1718226099317', 'webp', 'car_images', 'public', 'https://car-project.perfect-teamwork.com/storage/images/cars//6npbu6mVGBiWLy7LWs3HYJP0nIR55dMHiPuYWFeE.webp', 'images/cars//6npbu6mVGBiWLy7LWs3HYJP0nIR55dMHiPuYWFeE.webp', 'App\\Models\\Car', 118, '0.04', NULL, NULL, '2025-05-30 22:00:35', '2025-05-30 22:00:35'),
(363, 'c75zmXGmbAOVFDjPpfLLk2UoZxPrKWL6X1uQ8dTI.webp', 'FB_IMG_1718226104844', 'webp', 'car_images', 'public', 'https://car-project.perfect-teamwork.com/storage/images/cars//c75zmXGmbAOVFDjPpfLLk2UoZxPrKWL6X1uQ8dTI.webp', 'images/cars//c75zmXGmbAOVFDjPpfLLk2UoZxPrKWL6X1uQ8dTI.webp', 'App\\Models\\Car', 118, '0.04', NULL, NULL, '2025-05-30 22:00:35', '2025-05-30 22:00:35'),
(364, '7awrmiAZ8jGn6k6J1LsVpXks2hVdCCbbI6mgQlwS.webp', 'FB_IMG_1718226111217', 'webp', 'car_images', 'public', 'https://car-project.perfect-teamwork.com/storage/images/cars//7awrmiAZ8jGn6k6J1LsVpXks2hVdCCbbI6mgQlwS.webp', 'images/cars//7awrmiAZ8jGn6k6J1LsVpXks2hVdCCbbI6mgQlwS.webp', 'App\\Models\\Car', 118, '0.03', NULL, NULL, '2025-05-30 22:00:35', '2025-05-30 22:00:35'),
(365, 'FB_VID_39062090892540377_1748624435.mp4', 'FB_VID_39062090892540377.mp4', 'application/octet-stream', 'real', 'public', 'https://car-project.perfect-teamwork.com/storage/videos/original/FB_VID_39062090892540377_1748624435.mp4', 'videos/original/FB_VID_39062090892540377_1748624435.mp4', 'App\\Models\\Car', 118, '751773', '1', 'videos', '2025-05-30 22:00:35', '2025-05-30 22:00:35'),
(366, 'rdvEp9iIgUlf4GVNOm03gDdBpsNrIJI5Z5es903Y.webp', '1661857435889994228', 'webp', 'car_images', 'public', 'https://car-project.perfect-teamwork.com/storage/images/cars//rdvEp9iIgUlf4GVNOm03gDdBpsNrIJI5Z5es903Y.webp', 'images/cars//rdvEp9iIgUlf4GVNOm03gDdBpsNrIJI5Z5es903Y.webp', 'App\\Models\\Car', 119, '0.14', NULL, NULL, '2025-05-31 16:12:44', '2025-05-31 16:12:44'),
(367, 'eEi3dRPFLBUYtEfhdEuQA1nPOVjlFDpvJI0BZSFO.webp', '1661857440915095390', 'webp', 'car_images', 'public', 'https://car-project.perfect-teamwork.com/storage/images/cars//eEi3dRPFLBUYtEfhdEuQA1nPOVjlFDpvJI0BZSFO.webp', 'images/cars//eEi3dRPFLBUYtEfhdEuQA1nPOVjlFDpvJI0BZSFO.webp', 'App\\Models\\Car', 119, '0.06', NULL, NULL, '2025-05-31 16:12:44', '2025-05-31 16:12:44'),
(368, 'vorEJ2GUl1S85l9iLXcyokS7mrDA2m8hZvbP4awD.webp', '1661857437355043356', 'webp', 'car_images', 'public', 'https://car-project.perfect-teamwork.com/storage/images/cars//vorEJ2GUl1S85l9iLXcyokS7mrDA2m8hZvbP4awD.webp', 'images/cars//vorEJ2GUl1S85l9iLXcyokS7mrDA2m8hZvbP4awD.webp', 'App\\Models\\Car', 119, '0.12', NULL, NULL, '2025-05-31 16:12:44', '2025-05-31 16:12:44'),
(369, 'H5ETzhiBLFtR1c2vztiatRrwSX7FCc7aOisHQY4r.webp', '1661857437197799437', 'webp', 'car_images', 'public', 'https://car-project.perfect-teamwork.com/storage/images/cars//H5ETzhiBLFtR1c2vztiatRrwSX7FCc7aOisHQY4r.webp', 'images/cars//H5ETzhiBLFtR1c2vztiatRrwSX7FCc7aOisHQY4r.webp', 'App\\Models\\Car', 119, '0.10', NULL, NULL, '2025-05-31 16:24:07', '2025-05-31 16:24:07'),
(370, '6V5GNcXTVAMKfdig6CWb4VBEPhsM5vXbvXi44jvk.webp', 'istockphoto-1147544807-612x612', 'webp', 'blog', 'public', 'https://car-project.perfect-teamwork.com/storage/images/blog/6V5GNcXTVAMKfdig6CWb4VBEPhsM5vXbvXi44jvk.webp', 'images/blog/6V5GNcXTVAMKfdig6CWb4VBEPhsM5vXbvXi44jvk.webp', 'App\\Models\\Blog', 5, '0.01', NULL, NULL, '2025-05-31 17:04:12', '2025-05-31 17:04:12'),
(371, '9obHsSsWk6JnljSSf9hchKqEQJGoPCC0azyeWR4V.webp', 'ada1c992568e928a7eaf8cb543683356', 'webp', 'banner', 'public', 'https://car-project.perfect-teamwork.com/storage/images/banners/9obHsSsWk6JnljSSf9hchKqEQJGoPCC0azyeWR4V.webp', 'images/banners/9obHsSsWk6JnljSSf9hchKqEQJGoPCC0azyeWR4V.webp', 'App\\Models\\Banner', 8, '0.05', NULL, NULL, '2025-05-31 17:05:48', '2025-06-12 12:23:01'),
(372, 'c4DETMgBEmBC9nAHTpwOFKhZBBpJyjumNcJzSXTp.webp', '1661857435120448578', 'webp', 'car_images', 'public', 'https://car-project.perfect-teamwork.com/storage/images/cars//c4DETMgBEmBC9nAHTpwOFKhZBBpJyjumNcJzSXTp.webp', 'images/cars//c4DETMgBEmBC9nAHTpwOFKhZBBpJyjumNcJzSXTp.webp', 'App\\Models\\Car', 120, '0.13', NULL, NULL, '2025-06-01 00:30:37', '2025-06-01 00:30:37'),
(373, 'kavKE5cjD8ywku1KhSG7nzaHyOfHXE6neeGQ7eF9.webp', '1661857437355043356', 'webp', 'car_images', 'public', 'https://car-project.perfect-teamwork.com/storage/images/cars//kavKE5cjD8ywku1KhSG7nzaHyOfHXE6neeGQ7eF9.webp', 'images/cars//kavKE5cjD8ywku1KhSG7nzaHyOfHXE6neeGQ7eF9.webp', 'App\\Models\\Car', 120, '0.12', NULL, NULL, '2025-06-01 00:30:37', '2025-06-01 00:30:37'),
(374, '5r9594yl14lafY4c8aTODqjltT1y3RlJzKe5YA3A.webp', '1661857440915095390', 'webp', 'car_images', 'public', 'https://car-project.perfect-teamwork.com/storage/images/cars//5r9594yl14lafY4c8aTODqjltT1y3RlJzKe5YA3A.webp', 'images/cars//5r9594yl14lafY4c8aTODqjltT1y3RlJzKe5YA3A.webp', 'App\\Models\\Car', 120, '0.06', NULL, NULL, '2025-06-01 00:30:37', '2025-06-01 00:30:37'),
(375, '1000233901_1748719837.mp4', '1000233901.mp4', 'application/octet-stream', 'real', 'public', 'https://car-project.perfect-teamwork.com/storage/videos/original/1000233901_1748719837.mp4', 'videos/original/1000233901_1748719837.mp4', 'App\\Models\\Car', 120, '10178216', '1', 'videos', '2025-06-01 00:30:37', '2025-06-01 00:30:37'),
(376, 'JCVJ60l7wsWdJUhGyScROJmDpkiyC0hTIjMA5B3s.webp', '1000000033', 'webp', 'car_images', 'public', 'https://car-project.perfect-teamwork.com/storage/images/cars//JCVJ60l7wsWdJUhGyScROJmDpkiyC0hTIjMA5B3s.webp', 'images/cars//JCVJ60l7wsWdJUhGyScROJmDpkiyC0hTIjMA5B3s.webp', 'App\\Models\\Car', 121, '0.01', NULL, NULL, '2025-06-02 17:32:49', '2025-06-02 17:32:49'),
(377, 'Z19WndnIngYKxc4uEgOw7xUZ2hJPn0GIx3gPrQjy.webp', '1000000033', 'webp', 'car_images', 'public', 'https://car-project.perfect-teamwork.com/storage/images/cars//Z19WndnIngYKxc4uEgOw7xUZ2hJPn0GIx3gPrQjy.webp', 'images/cars//Z19WndnIngYKxc4uEgOw7xUZ2hJPn0GIx3gPrQjy.webp', 'App\\Models\\Car', 121, '0.01', NULL, NULL, '2025-06-02 17:32:49', '2025-06-02 17:32:49'),
(378, 'wKSXxruRItNR2vYWAhttNeTu4umxBOevV2Mi7c6o.webp', '1000000033', 'webp', 'car_images', 'public', 'https://car-project.perfect-teamwork.com/storage/images/cars//wKSXxruRItNR2vYWAhttNeTu4umxBOevV2Mi7c6o.webp', 'images/cars//wKSXxruRItNR2vYWAhttNeTu4umxBOevV2Mi7c6o.webp', 'App\\Models\\Car', 121, '0.01', NULL, NULL, '2025-06-02 17:32:49', '2025-06-02 17:32:49'),
(379, 'wJJ7CwClhs72aZUPPvIGo2EPe3j6gPjOdMZEV6V1.webp', '1000265827', 'webp', 'car_images', 'public', 'https://car-project.perfect-teamwork.com/storage/images/cars//wJJ7CwClhs72aZUPPvIGo2EPe3j6gPjOdMZEV6V1.webp', 'images/cars//wJJ7CwClhs72aZUPPvIGo2EPe3j6gPjOdMZEV6V1.webp', 'App\\Models\\Car', 122, '0.12', NULL, NULL, '2025-06-02 19:06:18', '2025-06-02 19:06:18'),
(380, '1wk7iWT0NSstiCAiDmJM94JV36PtII8jWJQb8HND.webp', '1000265875', 'webp', 'car_images', 'public', 'https://car-project.perfect-teamwork.com/storage/images/cars//1wk7iWT0NSstiCAiDmJM94JV36PtII8jWJQb8HND.webp', 'images/cars//1wk7iWT0NSstiCAiDmJM94JV36PtII8jWJQb8HND.webp', 'App\\Models\\Car', 122, '0.13', NULL, NULL, '2025-06-02 19:06:18', '2025-06-02 19:06:18'),
(381, 'C83dyriAO4Tp8UTCAzeeYK3KN8TFbMQHd8kZh994.webp', '1000265895', 'webp', 'car_images', 'public', 'https://car-project.perfect-teamwork.com/storage/images/cars//C83dyriAO4Tp8UTCAzeeYK3KN8TFbMQHd8kZh994.webp', 'images/cars//C83dyriAO4Tp8UTCAzeeYK3KN8TFbMQHd8kZh994.webp', 'App\\Models\\Car', 122, '0.16', NULL, NULL, '2025-06-02 19:06:19', '2025-06-02 19:06:19'),
(382, '5tuduKJbStClwJH73KXpVE05Q2LlIAhARI6XRrTI.webp', 'IMG-20250602-WA0021', 'webp', 'car_images', 'public', 'https://car-project.perfect-teamwork.com/storage/images/cars//5tuduKJbStClwJH73KXpVE05Q2LlIAhARI6XRrTI.webp', 'images/cars//5tuduKJbStClwJH73KXpVE05Q2LlIAhARI6XRrTI.webp', 'App\\Models\\Car', 123, '0.86', NULL, NULL, '2025-06-03 00:40:32', '2025-06-03 00:40:32'),
(383, 'DF88gdd7Xr8vxd89KQFDe7O20XhCJWTkLhAGKz46.webp', 'IMG-20250602-WA0023', 'webp', 'car_images', 'public', 'https://car-project.perfect-teamwork.com/storage/images/cars//DF88gdd7Xr8vxd89KQFDe7O20XhCJWTkLhAGKz46.webp', 'images/cars//DF88gdd7Xr8vxd89KQFDe7O20XhCJWTkLhAGKz46.webp', 'App\\Models\\Car', 123, '0.81', NULL, NULL, '2025-06-03 00:40:32', '2025-06-03 00:40:32'),
(384, 'CKh6SfEaqYlBUobFoHF2czzUNh232kGqpf0w4KEd.webp', 'IMG-20250602-WA0021', 'webp', 'car_images', 'public', 'https://car-project.perfect-teamwork.com/storage/images/cars//CKh6SfEaqYlBUobFoHF2czzUNh232kGqpf0w4KEd.webp', 'images/cars//CKh6SfEaqYlBUobFoHF2czzUNh232kGqpf0w4KEd.webp', 'App\\Models\\Car', 123, '0.86', NULL, NULL, '2025-06-03 00:40:33', '2025-06-03 00:40:33'),
(385, 'f943237f-d045-4139-9b32-f8bf35d1ec934018261478206397844_1748893233.mp4', 'f943237f-d045-4139-9b32-f8bf35d1ec934018261478206397844.mp4', 'application/octet-stream', 'real', 'public', 'https://car-project.perfect-teamwork.com/storage/videos/original/f943237f-d045-4139-9b32-f8bf35d1ec934018261478206397844_1748893233.mp4', 'videos/original/f943237f-d045-4139-9b32-f8bf35d1ec934018261478206397844_1748893233.mp4', 'App\\Models\\Car', 123, '10744409', '1', 'videos', '2025-06-03 00:40:33', '2025-06-03 00:40:33'),
(386, 'CKEU2VJjYY5nYdEsBpMUBjShQJX83Av5NluNy2nN.webp', '1000234808', 'webp', 'car_images', 'public', 'https://car-project.perfect-teamwork.com/storage/images/cars//CKEU2VJjYY5nYdEsBpMUBjShQJX83Av5NluNy2nN.webp', 'images/cars//CKEU2VJjYY5nYdEsBpMUBjShQJX83Av5NluNy2nN.webp', 'App\\Models\\Car', 124, '0.26', NULL, NULL, '2025-06-03 12:30:56', '2025-06-03 12:30:56'),
(387, 'H4kh9YjUeKSYezKpIvDW4y81B9Tqztv4Z2w9WWDY.webp', '1000234812', 'webp', 'car_images', 'public', 'https://car-project.perfect-teamwork.com/storage/images/cars//H4kh9YjUeKSYezKpIvDW4y81B9Tqztv4Z2w9WWDY.webp', 'images/cars//H4kh9YjUeKSYezKpIvDW4y81B9Tqztv4Z2w9WWDY.webp', 'App\\Models\\Car', 124, '0.01', NULL, NULL, '2025-06-03 12:30:56', '2025-06-03 12:30:56'),
(388, 'CB60TNmmot5tkBOL0JxZKFxRxWQi4ErSGyiaOgQh.webp', '1000234813', 'webp', 'car_images', 'public', 'https://car-project.perfect-teamwork.com/storage/images/cars//CB60TNmmot5tkBOL0JxZKFxRxWQi4ErSGyiaOgQh.webp', 'images/cars//CB60TNmmot5tkBOL0JxZKFxRxWQi4ErSGyiaOgQh.webp', 'App\\Models\\Car', 124, '0.08', NULL, NULL, '2025-06-03 12:30:56', '2025-06-03 12:30:56'),
(392, 'HGKWbp0xD6nBEIn42NbUrkcrXRXst983KyW0zeXT.webp', '1000234365', 'webp', 'car_images', 'public', 'https://car-project.perfect-teamwork.com/storage/images/cars//HGKWbp0xD6nBEIn42NbUrkcrXRXst983KyW0zeXT.webp', 'images/cars//HGKWbp0xD6nBEIn42NbUrkcrXRXst983KyW0zeXT.webp', 'App\\Models\\Car', 125, '0.67', NULL, NULL, '2025-06-04 22:26:40', '2025-06-04 22:26:40'),
(393, 'AWp3FotCTRs3UCzcAkyje0bqFb1IPl8jStorXjwe.webp', '1000234359', 'webp', 'car_images', 'public', 'https://car-project.perfect-teamwork.com/storage/images/cars//AWp3FotCTRs3UCzcAkyje0bqFb1IPl8jStorXjwe.webp', 'images/cars//AWp3FotCTRs3UCzcAkyje0bqFb1IPl8jStorXjwe.webp', 'App\\Models\\Car', 125, '0.86', NULL, NULL, '2025-06-04 22:26:40', '2025-06-04 22:26:40'),
(394, 'yLa4FGwm1ngXKLDtyXJe9XY6QX0211t1q7QzkMqg.webp', '1000234360', 'webp', 'car_images', 'public', 'https://car-project.perfect-teamwork.com/storage/images/cars//yLa4FGwm1ngXKLDtyXJe9XY6QX0211t1q7QzkMqg.webp', 'images/cars//yLa4FGwm1ngXKLDtyXJe9XY6QX0211t1q7QzkMqg.webp', 'App\\Models\\Car', 125, '0.79', NULL, NULL, '2025-06-04 22:26:40', '2025-06-04 22:26:40'),
(395, 'r8f21RL49hbMpTZOnnned9XL8a8EBymefvGzqKuc.webp', '1000234361', 'webp', 'car_images', 'public', 'https://car-project.perfect-teamwork.com/storage/images/cars//r8f21RL49hbMpTZOnnned9XL8a8EBymefvGzqKuc.webp', 'images/cars//r8f21RL49hbMpTZOnnned9XL8a8EBymefvGzqKuc.webp', 'App\\Models\\Car', 125, '0.26', NULL, NULL, '2025-06-04 22:26:40', '2025-06-04 22:26:40'),
(396, '6BpuTMzYfMYmaIT4bw69CsAMsGugy3LetGBnV8I7.webp', 'e4c05bda07b7b8de6789abd99adf02d0', 'webp', 'banner', 'public', 'https://car-project.perfect-teamwork.com/storage/images/banners/6BpuTMzYfMYmaIT4bw69CsAMsGugy3LetGBnV8I7.webp', 'images/banners/6BpuTMzYfMYmaIT4bw69CsAMsGugy3LetGBnV8I7.webp', 'App\\Models\\Banner', 9, '0.05', NULL, NULL, '2025-06-12 12:24:09', '2025-06-12 12:24:09'),
(397, '77oVpDiN3wHwOUc4GBSmrAuD0MIO7vseJhfWr4hK.webp', '5fb68dbd0442abce0b102f59b2a5fc8e', 'webp', 'banner', 'public', 'https://car-project.perfect-teamwork.com/storage/images/banners/77oVpDiN3wHwOUc4GBSmrAuD0MIO7vseJhfWr4hK.webp', 'images/banners/77oVpDiN3wHwOUc4GBSmrAuD0MIO7vseJhfWr4hK.webp', 'App\\Models\\Banner', 10, '0.06', NULL, NULL, '2025-06-12 12:24:28', '2025-06-12 12:24:28'),
(398, 'Ar5pdVRWM0WsQtnMJJrDbs7Zvnq2ldg5jGtSkqBd.webp', 'download', 'webp', 'car_images', 'public', 'https://car-project.perfect-teamwork.com/storage/images/cars//Ar5pdVRWM0WsQtnMJJrDbs7Zvnq2ldg5jGtSkqBd.webp', 'images/cars//Ar5pdVRWM0WsQtnMJJrDbs7Zvnq2ldg5jGtSkqBd.webp', 'App\\Models\\Car', 126, '0.01', NULL, NULL, '2025-06-16 04:12:22', '2025-06-16 04:12:22'),
(399, 'Q7r87c2g0xUN0GGiWWVX6hG5Tf6cJleBaOQYsLXq.webp', 'download', 'webp', 'car_images', 'public', 'https://car-project.perfect-teamwork.com/storage/images/cars//Q7r87c2g0xUN0GGiWWVX6hG5Tf6cJleBaOQYsLXq.webp', 'images/cars//Q7r87c2g0xUN0GGiWWVX6hG5Tf6cJleBaOQYsLXq.webp', 'App\\Models\\Car', 126, '0.01', NULL, NULL, '2025-06-16 04:12:22', '2025-06-16 04:12:22'),
(400, 'Uy2O4wJ1iesR1xfQRFnwnqu0PiJStUOjSHjNgCBe.webp', 'download', 'webp', 'car_images', 'public', 'https://car-project.perfect-teamwork.com/storage/images/cars//Uy2O4wJ1iesR1xfQRFnwnqu0PiJStUOjSHjNgCBe.webp', 'images/cars//Uy2O4wJ1iesR1xfQRFnwnqu0PiJStUOjSHjNgCBe.webp', 'App\\Models\\Car', 126, '0.01', NULL, NULL, '2025-06-16 04:12:22', '2025-06-16 04:12:22'),
(401, 'BgcntiZSkJdm7hxqiWQ6F693t2EssXmdiINYcu2f.webp', 'download', 'webp', 'car_images', 'public', 'https://car-project.perfect-teamwork.com/storage/images/cars//BgcntiZSkJdm7hxqiWQ6F693t2EssXmdiINYcu2f.webp', 'images/cars//BgcntiZSkJdm7hxqiWQ6F693t2EssXmdiINYcu2f.webp', 'App\\Models\\Car', 127, '0.01', NULL, NULL, '2025-06-16 04:15:30', '2025-06-16 04:15:30'),
(402, 'AyGUS6u86lqekijIb1aYYUZodIUGBfUtY26A1ywd.webp', 'download', 'webp', 'car_images', 'public', 'https://car-project.perfect-teamwork.com/storage/images/cars//AyGUS6u86lqekijIb1aYYUZodIUGBfUtY26A1ywd.webp', 'images/cars//AyGUS6u86lqekijIb1aYYUZodIUGBfUtY26A1ywd.webp', 'App\\Models\\Car', 127, '0.01', NULL, NULL, '2025-06-16 04:15:30', '2025-06-16 04:15:30'),
(403, 'G9lwxaXdNyfg9LwKR1mspT86wZqEqlGZPTjX88xw.webp', 'download', 'webp', 'car_images', 'public', 'https://car-project.perfect-teamwork.com/storage/images/cars//G9lwxaXdNyfg9LwKR1mspT86wZqEqlGZPTjX88xw.webp', 'images/cars//G9lwxaXdNyfg9LwKR1mspT86wZqEqlGZPTjX88xw.webp', 'App\\Models\\Car', 127, '0.01', NULL, NULL, '2025-06-16 04:15:30', '2025-06-16 04:15:30'),
(404, 'K8Qj7GTSRt0hqQ0XYxpkIDA4yZS79ly5Eq8FXPWi.webp', 'download', 'webp', 'car_images', 'public', 'https://car-project.perfect-teamwork.com/storage/images/cars//K8Qj7GTSRt0hqQ0XYxpkIDA4yZS79ly5Eq8FXPWi.webp', 'images/cars//K8Qj7GTSRt0hqQ0XYxpkIDA4yZS79ly5Eq8FXPWi.webp', 'App\\Models\\Car', 127, '0.01', NULL, NULL, '2025-06-16 04:15:30', '2025-06-16 04:15:30'),
(405, 'dRinCqxGhEKDpZp006mNe5jgT3YYzEHrUJVvi5Ec.webp', '1000266930', 'webp', 'car_images', 'public', 'https://car-project.perfect-teamwork.com/storage/images/cars//dRinCqxGhEKDpZp006mNe5jgT3YYzEHrUJVvi5Ec.webp', 'images/cars//dRinCqxGhEKDpZp006mNe5jgT3YYzEHrUJVvi5Ec.webp', 'App\\Models\\Car', 128, '0.08', NULL, NULL, '2025-06-18 20:48:24', '2025-06-18 20:48:24'),
(406, 'BaYapy0MYZy78tgSxb1eV3RxKfFT343PLkMvOPqR.webp', '1000266929', 'webp', 'car_images', 'public', 'https://car-project.perfect-teamwork.com/storage/images/cars//BaYapy0MYZy78tgSxb1eV3RxKfFT343PLkMvOPqR.webp', 'images/cars//BaYapy0MYZy78tgSxb1eV3RxKfFT343PLkMvOPqR.webp', 'App\\Models\\Car', 128, '0.10', NULL, NULL, '2025-06-18 20:48:24', '2025-06-18 20:48:24'),
(408, 'mWGXgF9xyuWaifWRneihR2yKxjQaMZnjNKS1oN3a.webp', '1000266933', 'webp', 'car_images', 'public', 'https://car-project.perfect-teamwork.com/storage/images/cars//mWGXgF9xyuWaifWRneihR2yKxjQaMZnjNKS1oN3a.webp', 'images/cars//mWGXgF9xyuWaifWRneihR2yKxjQaMZnjNKS1oN3a.webp', 'App\\Models\\Car', 128, '0.10', NULL, NULL, '2025-06-18 20:49:57', '2025-06-18 20:49:57'),
(409, 'mFm9kaFeMWf0mj2mYQKJ6WxnoHrdmO4yfalDKNYp.webp', '1000266942', 'webp', 'car_images', 'public', 'https://car-project.perfect-teamwork.com/storage/images/cars//mFm9kaFeMWf0mj2mYQKJ6WxnoHrdmO4yfalDKNYp.webp', 'images/cars//mFm9kaFeMWf0mj2mYQKJ6WxnoHrdmO4yfalDKNYp.webp', 'App\\Models\\Car', 129, '0.14', NULL, NULL, '2025-06-18 21:00:41', '2025-06-18 21:00:41'),
(410, 'MuYDWG46prs6r6UUAOD4kdbYhQvKBSaWAPJaaW40.webp', '1000266940', 'webp', 'car_images', 'public', 'https://car-project.perfect-teamwork.com/storage/images/cars//MuYDWG46prs6r6UUAOD4kdbYhQvKBSaWAPJaaW40.webp', 'images/cars//MuYDWG46prs6r6UUAOD4kdbYhQvKBSaWAPJaaW40.webp', 'App\\Models\\Car', 129, '0.11', NULL, NULL, '2025-06-18 21:00:41', '2025-06-18 21:00:41'),
(411, 'PHw9sZCZXObqqx0LSP4TMG4sGhMEujyXOP4xzVXU.webp', '1000266941', 'webp', 'car_images', 'public', 'https://car-project.perfect-teamwork.com/storage/images/cars//PHw9sZCZXObqqx0LSP4TMG4sGhMEujyXOP4xzVXU.webp', 'images/cars//PHw9sZCZXObqqx0LSP4TMG4sGhMEujyXOP4xzVXU.webp', 'App\\Models\\Car', 129, '0.11', NULL, NULL, '2025-06-18 21:00:41', '2025-06-18 21:00:41'),
(412, 'oHz3r3bRoYFVdCIK1fqBxNGDqEtk1OOzzTX5cDOV.webp', '1000266951', 'webp', 'car_images', 'public', 'https://car-project.perfect-teamwork.com/storage/images/cars//oHz3r3bRoYFVdCIK1fqBxNGDqEtk1OOzzTX5cDOV.webp', 'images/cars//oHz3r3bRoYFVdCIK1fqBxNGDqEtk1OOzzTX5cDOV.webp', 'App\\Models\\Car', 130, '0.13', NULL, NULL, '2025-06-18 21:13:33', '2025-06-18 21:13:33'),
(413, 'KVwdWs9egH65elxOlQmrbRIHeD7uJCIHa3GbT0Kn.webp', '1000266952', 'webp', 'car_images', 'public', 'https://car-project.perfect-teamwork.com/storage/images/cars//KVwdWs9egH65elxOlQmrbRIHeD7uJCIHa3GbT0Kn.webp', 'images/cars//KVwdWs9egH65elxOlQmrbRIHeD7uJCIHa3GbT0Kn.webp', 'App\\Models\\Car', 130, '0.10', NULL, NULL, '2025-06-18 21:13:33', '2025-06-18 21:13:33'),
(414, 'PXTTaP9mViKST3wpXIkbOwfIbRSnurTvqbuR6ItS.webp', '1000266953', 'webp', 'car_images', 'public', 'https://car-project.perfect-teamwork.com/storage/images/cars//PXTTaP9mViKST3wpXIkbOwfIbRSnurTvqbuR6ItS.webp', 'images/cars//PXTTaP9mViKST3wpXIkbOwfIbRSnurTvqbuR6ItS.webp', 'App\\Models\\Car', 130, '0.09', NULL, NULL, '2025-06-18 21:13:33', '2025-06-18 21:13:33'),
(415, 'La1g9cUrkffmTQ6EvcEGSGN5oHAqnfuXWHGjSdSW.webp', '1000266962', 'webp', 'car_images', 'public', 'https://car-project.perfect-teamwork.com/storage/images/cars//La1g9cUrkffmTQ6EvcEGSGN5oHAqnfuXWHGjSdSW.webp', 'images/cars//La1g9cUrkffmTQ6EvcEGSGN5oHAqnfuXWHGjSdSW.webp', 'App\\Models\\Car', 131, '0.15', NULL, NULL, '2025-06-18 21:24:24', '2025-06-18 21:24:24'),
(416, 'vtevf7P92piLiVyhwOyU9yFMKeaAxbAoozZpu403.webp', '1000266963', 'webp', 'car_images', 'public', 'https://car-project.perfect-teamwork.com/storage/images/cars//vtevf7P92piLiVyhwOyU9yFMKeaAxbAoozZpu403.webp', 'images/cars//vtevf7P92piLiVyhwOyU9yFMKeaAxbAoozZpu403.webp', 'App\\Models\\Car', 131, '0.12', NULL, NULL, '2025-06-18 21:24:24', '2025-06-18 21:24:24'),
(417, 'M0fxRIt7hcr6YwBTtXqBavx4j7kbHXvo8lbol6VQ.webp', '1000266964', 'webp', 'car_images', 'public', 'https://car-project.perfect-teamwork.com/storage/images/cars//M0fxRIt7hcr6YwBTtXqBavx4j7kbHXvo8lbol6VQ.webp', 'images/cars//M0fxRIt7hcr6YwBTtXqBavx4j7kbHXvo8lbol6VQ.webp', 'App\\Models\\Car', 131, '0.10', NULL, NULL, '2025-06-18 21:24:24', '2025-06-18 21:24:24'),
(418, 'avyyyzA9cWByzFPfLcpjss1qKcRd9BRTdjBIQQkb.webp', '1000266976', 'webp', 'car_images', 'public', 'https://car-project.perfect-teamwork.com/storage/images/cars//avyyyzA9cWByzFPfLcpjss1qKcRd9BRTdjBIQQkb.webp', 'images/cars//avyyyzA9cWByzFPfLcpjss1qKcRd9BRTdjBIQQkb.webp', 'App\\Models\\Car', 132, '0.06', NULL, NULL, '2025-06-18 21:47:34', '2025-06-18 21:47:34'),
(419, 'BtTQkuimuZsfyWA8eRMOXSSmbhtJNIHYFxEC4dOZ.webp', '1000266979', 'webp', 'car_images', 'public', 'https://car-project.perfect-teamwork.com/storage/images/cars//BtTQkuimuZsfyWA8eRMOXSSmbhtJNIHYFxEC4dOZ.webp', 'images/cars//BtTQkuimuZsfyWA8eRMOXSSmbhtJNIHYFxEC4dOZ.webp', 'App\\Models\\Car', 132, '0.06', NULL, NULL, '2025-06-18 21:47:34', '2025-06-18 21:47:34'),
(420, 'Tqm2mP43bUTLD3NxSfMfO5XBFqmvG2NvjlZxkKcx.webp', '1000266976', 'webp', 'car_images', 'public', 'https://car-project.perfect-teamwork.com/storage/images/cars//Tqm2mP43bUTLD3NxSfMfO5XBFqmvG2NvjlZxkKcx.webp', 'images/cars//Tqm2mP43bUTLD3NxSfMfO5XBFqmvG2NvjlZxkKcx.webp', 'App\\Models\\Car', 132, '0.06', NULL, NULL, '2025-06-18 21:47:34', '2025-06-18 21:47:34'),
(424, '4oujVqxmMtqlrUz8Qi8xE3piQjTzXCT0LofWG5cJ.webp', '1000266990', 'webp', 'car_images', 'public', 'https://car-project.perfect-teamwork.com/storage/images/cars//4oujVqxmMtqlrUz8Qi8xE3piQjTzXCT0LofWG5cJ.webp', 'images/cars//4oujVqxmMtqlrUz8Qi8xE3piQjTzXCT0LofWG5cJ.webp', 'App\\Models\\Car', 134, '0.04', NULL, NULL, '2025-06-18 22:07:33', '2025-06-18 22:07:33'),
(425, 'cK7zYnZaTDuLDjvGCawwHh2OkREWtTb54PJcQdge.webp', '1000266990', 'webp', 'car_images', 'public', 'https://car-project.perfect-teamwork.com/storage/images/cars//cK7zYnZaTDuLDjvGCawwHh2OkREWtTb54PJcQdge.webp', 'images/cars//cK7zYnZaTDuLDjvGCawwHh2OkREWtTb54PJcQdge.webp', 'App\\Models\\Car', 134, '0.04', NULL, NULL, '2025-06-18 22:07:33', '2025-06-18 22:07:33'),
(426, 'ZOCj70kaOyjNQLWyUN3s8G8kwjGBEiLnNsWvxPB1.webp', '1000266990', 'webp', 'car_images', 'public', 'https://car-project.perfect-teamwork.com/storage/images/cars//ZOCj70kaOyjNQLWyUN3s8G8kwjGBEiLnNsWvxPB1.webp', 'images/cars//ZOCj70kaOyjNQLWyUN3s8G8kwjGBEiLnNsWvxPB1.webp', 'App\\Models\\Car', 134, '0.04', NULL, NULL, '2025-06-18 22:07:33', '2025-06-18 22:07:33'),
(427, 'RNdfntGEN0ltQcPNT5mHzpsvxvi1hg5TlBAu0wV6.webp', 'IMG-20250618-WA0044', 'webp', 'car_images', 'public', 'https://car-project.perfect-teamwork.com/storage/images/cars//RNdfntGEN0ltQcPNT5mHzpsvxvi1hg5TlBAu0wV6.webp', 'images/cars//RNdfntGEN0ltQcPNT5mHzpsvxvi1hg5TlBAu0wV6.webp', 'App\\Models\\Car', 135, '0.10', NULL, NULL, '2025-06-18 22:08:20', '2025-06-18 22:08:20'),
(428, 'pLcq6wdwWYeUffnU5yipT8AkFxhg3WdcOAIdAt5E.webp', 'IMG-20250618-WA0043', 'webp', 'car_images', 'public', 'https://car-project.perfect-teamwork.com/storage/images/cars//pLcq6wdwWYeUffnU5yipT8AkFxhg3WdcOAIdAt5E.webp', 'images/cars//pLcq6wdwWYeUffnU5yipT8AkFxhg3WdcOAIdAt5E.webp', 'App\\Models\\Car', 135, '0.10', NULL, NULL, '2025-06-18 22:08:20', '2025-06-18 22:08:20'),
(429, 'Sd3DThl1eTb65EgplvK7v8mvZEaJSGx5n8zHgHIX.webp', 'IMG-20250618-WA0042', 'webp', 'car_images', 'public', 'https://car-project.perfect-teamwork.com/storage/images/cars//Sd3DThl1eTb65EgplvK7v8mvZEaJSGx5n8zHgHIX.webp', 'images/cars//Sd3DThl1eTb65EgplvK7v8mvZEaJSGx5n8zHgHIX.webp', 'App\\Models\\Car', 135, '0.05', NULL, NULL, '2025-06-18 22:08:20', '2025-06-18 22:08:20'),
(430, '3sCk9qQjH2k9v5mSpmJ2LrbaafgdI8i2dkxn4Jwh.webp', 'IMG-20250618-WA0041', 'webp', 'car_images', 'public', 'https://car-project.perfect-teamwork.com/storage/images/cars//3sCk9qQjH2k9v5mSpmJ2LrbaafgdI8i2dkxn4Jwh.webp', 'images/cars//3sCk9qQjH2k9v5mSpmJ2LrbaafgdI8i2dkxn4Jwh.webp', 'App\\Models\\Car', 133, '0.07', NULL, NULL, '2025-06-18 22:09:25', '2025-06-18 22:09:25'),
(431, 'ME3vHYX1SFJnYRm69jHUTFeVFbFr8gSmT66Dki02.webp', 'IMG-20250618-WA0040', 'webp', 'car_images', 'public', 'https://car-project.perfect-teamwork.com/storage/images/cars//ME3vHYX1SFJnYRm69jHUTFeVFbFr8gSmT66Dki02.webp', 'images/cars//ME3vHYX1SFJnYRm69jHUTFeVFbFr8gSmT66Dki02.webp', 'App\\Models\\Car', 133, '0.06', NULL, NULL, '2025-06-18 22:09:25', '2025-06-18 22:09:25'),
(432, 'i4x1zA9oAlPKjuYY5164Ohi8uMgY3yK3IBXa1fAY.webp', 'IMG-20250618-WA0039', 'webp', 'car_images', 'public', 'https://car-project.perfect-teamwork.com/storage/images/cars//i4x1zA9oAlPKjuYY5164Ohi8uMgY3yK3IBXa1fAY.webp', 'images/cars//i4x1zA9oAlPKjuYY5164Ohi8uMgY3yK3IBXa1fAY.webp', 'App\\Models\\Car', 133, '0.04', NULL, NULL, '2025-06-18 22:09:26', '2025-06-18 22:09:26'),
(433, 'uIFbsiGiSaXnD7jWCHlPDx5KtzY34BAgr3f7vkdh.webp', 'IMG-20250618-WA0047', 'webp', 'car_images', 'public', 'https://car-project.perfect-teamwork.com/storage/images/cars//uIFbsiGiSaXnD7jWCHlPDx5KtzY34BAgr3f7vkdh.webp', 'images/cars//uIFbsiGiSaXnD7jWCHlPDx5KtzY34BAgr3f7vkdh.webp', 'App\\Models\\Car', 136, '0.10', NULL, NULL, '2025-06-18 22:15:13', '2025-06-18 22:15:13'),
(434, 'YXLrtyrhODMUKTtibToSczP7VlgVXHJifgzhdgia.webp', 'IMG-20250618-WA0046', 'webp', 'car_images', 'public', 'https://car-project.perfect-teamwork.com/storage/images/cars//YXLrtyrhODMUKTtibToSczP7VlgVXHJifgzhdgia.webp', 'images/cars//YXLrtyrhODMUKTtibToSczP7VlgVXHJifgzhdgia.webp', 'App\\Models\\Car', 136, '0.11', NULL, NULL, '2025-06-18 22:15:14', '2025-06-18 22:15:14'),
(435, 'lIGuHpCbcC5Yqh238ANBACRKN8F1aakXJrBsAVGg.webp', 'IMG-20250618-WA0045', 'webp', 'car_images', 'public', 'https://car-project.perfect-teamwork.com/storage/images/cars//lIGuHpCbcC5Yqh238ANBACRKN8F1aakXJrBsAVGg.webp', 'images/cars//lIGuHpCbcC5Yqh238ANBACRKN8F1aakXJrBsAVGg.webp', 'App\\Models\\Car', 136, '0.12', NULL, NULL, '2025-06-18 22:15:14', '2025-06-18 22:15:14'),
(436, 'YQm2bFC7F35n8PbROI2b0i30TcPb2tvxivU3w4p3.webp', 'IMG-20250618-WA0048', 'webp', 'car_images', 'public', 'https://car-project.perfect-teamwork.com/storage/images/cars//YQm2bFC7F35n8PbROI2b0i30TcPb2tvxivU3w4p3.webp', 'images/cars//YQm2bFC7F35n8PbROI2b0i30TcPb2tvxivU3w4p3.webp', 'App\\Models\\Car', 137, '0.10', NULL, NULL, '2025-06-18 22:22:26', '2025-06-18 22:22:26'),
(437, 'nWkmxu5X5EiqQjfPsCH5asqcahP5Bjf9Jszhaa8Z.webp', 'IMG-20250618-WA0050', 'webp', 'car_images', 'public', 'https://car-project.perfect-teamwork.com/storage/images/cars//nWkmxu5X5EiqQjfPsCH5asqcahP5Bjf9Jszhaa8Z.webp', 'images/cars//nWkmxu5X5EiqQjfPsCH5asqcahP5Bjf9Jszhaa8Z.webp', 'App\\Models\\Car', 137, '0.04', NULL, NULL, '2025-06-18 22:22:26', '2025-06-18 22:22:26'),
(438, 'DHCxpQExzoOytoxZWMtBBCjNexo4RKUHbl0NoG0p.webp', 'IMG-20250618-WA0049', 'webp', 'car_images', 'public', 'https://car-project.perfect-teamwork.com/storage/images/cars//DHCxpQExzoOytoxZWMtBBCjNexo4RKUHbl0NoG0p.webp', 'images/cars//DHCxpQExzoOytoxZWMtBBCjNexo4RKUHbl0NoG0p.webp', 'App\\Models\\Car', 137, '0.11', NULL, NULL, '2025-06-18 22:22:26', '2025-06-18 22:22:26'),
(439, 'MqeQL9uki6fONjU4d9NaX6tQQvg6sHhtOW4rJBmJ.webp', '1000267000', 'webp', 'car_images', 'public', 'https://car-project.perfect-teamwork.com/storage/images/cars//MqeQL9uki6fONjU4d9NaX6tQQvg6sHhtOW4rJBmJ.webp', 'images/cars//MqeQL9uki6fONjU4d9NaX6tQQvg6sHhtOW4rJBmJ.webp', 'App\\Models\\Car', 138, '0.06', NULL, NULL, '2025-06-18 22:22:30', '2025-06-18 22:22:30'),
(440, 'eiixLLnmw0JVjodJn4Cmy9WgEeJpbbRU1JZob4Am.webp', '1000267001', 'webp', 'car_images', 'public', 'https://car-project.perfect-teamwork.com/storage/images/cars//eiixLLnmw0JVjodJn4Cmy9WgEeJpbbRU1JZob4Am.webp', 'images/cars//eiixLLnmw0JVjodJn4Cmy9WgEeJpbbRU1JZob4Am.webp', 'App\\Models\\Car', 138, '0.08', NULL, NULL, '2025-06-18 22:22:30', '2025-06-18 22:22:30'),
(441, 'Wtpafl4W2g78LchbJGDsfck9sIfwoLAB1vPklUUU.webp', '1000267002', 'webp', 'car_images', 'public', 'https://car-project.perfect-teamwork.com/storage/images/cars//Wtpafl4W2g78LchbJGDsfck9sIfwoLAB1vPklUUU.webp', 'images/cars//Wtpafl4W2g78LchbJGDsfck9sIfwoLAB1vPklUUU.webp', 'App\\Models\\Car', 138, '0.06', NULL, NULL, '2025-06-18 22:22:30', '2025-06-18 22:22:30'),
(442, 'AU3cD4LsJoXHnErQOP5Si1ERsdCCIp04LP7lJnNT.webp', 'IMG-20250618-WA0051', 'webp', 'car_images', 'public', 'https://car-project.perfect-teamwork.com/storage/images/cars//AU3cD4LsJoXHnErQOP5Si1ERsdCCIp04LP7lJnNT.webp', 'images/cars//AU3cD4LsJoXHnErQOP5Si1ERsdCCIp04LP7lJnNT.webp', 'App\\Models\\Car', 139, '0.07', NULL, NULL, '2025-06-18 22:33:54', '2025-06-18 22:33:54'),
(443, 'x3P7fWQ1IeuuFtLovnFAJMo7fvfcZWpnNqGRUkuJ.webp', 'IMG-20250618-WA0054', 'webp', 'car_images', 'public', 'https://car-project.perfect-teamwork.com/storage/images/cars//x3P7fWQ1IeuuFtLovnFAJMo7fvfcZWpnNqGRUkuJ.webp', 'images/cars//x3P7fWQ1IeuuFtLovnFAJMo7fvfcZWpnNqGRUkuJ.webp', 'App\\Models\\Car', 139, '0.05', NULL, NULL, '2025-06-18 22:33:54', '2025-06-18 22:33:54'),
(444, 'hQ3cUI0lqKcSyNN9khduCO7YGjB7IGbWPB4HXRpL.webp', 'IMG-20250618-WA0052', 'webp', 'car_images', 'public', 'https://car-project.perfect-teamwork.com/storage/images/cars//hQ3cUI0lqKcSyNN9khduCO7YGjB7IGbWPB4HXRpL.webp', 'images/cars//hQ3cUI0lqKcSyNN9khduCO7YGjB7IGbWPB4HXRpL.webp', 'App\\Models\\Car', 139, '0.06', NULL, NULL, '2025-06-18 22:33:54', '2025-06-18 22:33:54');
INSERT INTO `files` (`id`, `file_name`, `original_name`, `mime_type`, `type`, `storage`, `url`, `path`, `file_type`, `file_id`, `size`, `order_column`, `collection_name`, `created_at`, `updated_at`) VALUES
(445, 'bSk9DZ72UrrjS4LB3JMCPzuRzq0z7h6L6NONH0kl.webp', '1000267013', 'webp', 'car_images', 'public', 'https://car-project.perfect-teamwork.com/storage/images/cars//bSk9DZ72UrrjS4LB3JMCPzuRzq0z7h6L6NONH0kl.webp', 'images/cars//bSk9DZ72UrrjS4LB3JMCPzuRzq0z7h6L6NONH0kl.webp', 'App\\Models\\Car', 140, '0.07', NULL, NULL, '2025-06-18 22:34:41', '2025-06-18 22:34:41'),
(446, 'rTukH4QSwdjqcB8mR6FFYf5NY00VPBQ7N5jV5yek.webp', '1000267012', 'webp', 'car_images', 'public', 'https://car-project.perfect-teamwork.com/storage/images/cars//rTukH4QSwdjqcB8mR6FFYf5NY00VPBQ7N5jV5yek.webp', 'images/cars//rTukH4QSwdjqcB8mR6FFYf5NY00VPBQ7N5jV5yek.webp', 'App\\Models\\Car', 140, '0.06', NULL, NULL, '2025-06-18 22:34:41', '2025-06-18 22:34:41'),
(447, 'I6dVElmDEM8JrjIeGETqDglVXoVGUGMKcxb7OkGm.webp', '1000267011', 'webp', 'car_images', 'public', 'https://car-project.perfect-teamwork.com/storage/images/cars//I6dVElmDEM8JrjIeGETqDglVXoVGUGMKcxb7OkGm.webp', 'images/cars//I6dVElmDEM8JrjIeGETqDglVXoVGUGMKcxb7OkGm.webp', 'App\\Models\\Car', 140, '0.06', NULL, NULL, '2025-06-18 22:34:41', '2025-06-18 22:34:41'),
(448, '2mcfpFhW1LxugQPcSjk8xgKjDL6Ta3ff3qyAEoZe.webp', '1000267412', 'webp', 'car_images', 'public', 'https://car-project.perfect-teamwork.com/storage/images/cars//2mcfpFhW1LxugQPcSjk8xgKjDL6Ta3ff3qyAEoZe.webp', 'images/cars//2mcfpFhW1LxugQPcSjk8xgKjDL6Ta3ff3qyAEoZe.webp', 'App\\Models\\Car', 141, '0.09', NULL, NULL, '2025-06-19 17:20:45', '2025-06-19 17:20:45'),
(449, 'h7E6TWMXCLFFTGcCPxgwyEyAsMvXIX3WxIuDzlkP.webp', '1000267412', 'webp', 'car_images', 'public', 'https://car-project.perfect-teamwork.com/storage/images/cars//h7E6TWMXCLFFTGcCPxgwyEyAsMvXIX3WxIuDzlkP.webp', 'images/cars//h7E6TWMXCLFFTGcCPxgwyEyAsMvXIX3WxIuDzlkP.webp', 'App\\Models\\Car', 141, '0.09', NULL, NULL, '2025-06-19 17:20:45', '2025-06-19 17:20:45'),
(450, 'WviFphM9SI91OLjXGbADnjYlQ0PQwrcfGJFpelhT.webp', '1000267412', 'webp', 'car_images', 'public', 'https://car-project.perfect-teamwork.com/storage/images/cars//WviFphM9SI91OLjXGbADnjYlQ0PQwrcfGJFpelhT.webp', 'images/cars//WviFphM9SI91OLjXGbADnjYlQ0PQwrcfGJFpelhT.webp', 'App\\Models\\Car', 141, '0.09', NULL, NULL, '2025-06-19 17:20:45', '2025-06-19 17:20:45'),
(451, 'yTfSFZ5FqSGLuX44X6am4HSxoT0FfioqhIvzu3yy.webp', '1000267421', 'webp', 'car_images', 'public', 'https://car-project.perfect-teamwork.com/storage/images/cars//yTfSFZ5FqSGLuX44X6am4HSxoT0FfioqhIvzu3yy.webp', 'images/cars//yTfSFZ5FqSGLuX44X6am4HSxoT0FfioqhIvzu3yy.webp', 'App\\Models\\Car', 142, '0.14', NULL, NULL, '2025-06-19 17:28:24', '2025-06-19 17:28:24'),
(452, '4nfiaBDM2UrInzamU3Fq1xAnjY2BRYyEXLRRvpow.webp', '1000267422', 'webp', 'car_images', 'public', 'https://car-project.perfect-teamwork.com/storage/images/cars//4nfiaBDM2UrInzamU3Fq1xAnjY2BRYyEXLRRvpow.webp', 'images/cars//4nfiaBDM2UrInzamU3Fq1xAnjY2BRYyEXLRRvpow.webp', 'App\\Models\\Car', 142, '0.13', NULL, NULL, '2025-06-19 17:28:24', '2025-06-19 17:28:24'),
(453, '100HvgjbIE1Hkw3CtTd201xPmM08B85Z9FTTAL93.webp', '1000267421', 'webp', 'car_images', 'public', 'https://car-project.perfect-teamwork.com/storage/images/cars//100HvgjbIE1Hkw3CtTd201xPmM08B85Z9FTTAL93.webp', 'images/cars//100HvgjbIE1Hkw3CtTd201xPmM08B85Z9FTTAL93.webp', 'App\\Models\\Car', 142, '0.14', NULL, NULL, '2025-06-19 17:28:25', '2025-06-19 17:28:25'),
(454, 'SktmB7xrFqvtaQ3NURUhpt2IdEZiAz9X2A3cu4fZ.webp', '1000267427', 'webp', 'car_images', 'public', 'https://car-project.perfect-teamwork.com/storage/images/cars//SktmB7xrFqvtaQ3NURUhpt2IdEZiAz9X2A3cu4fZ.webp', 'images/cars//SktmB7xrFqvtaQ3NURUhpt2IdEZiAz9X2A3cu4fZ.webp', 'App\\Models\\Car', 143, '0.06', NULL, NULL, '2025-06-19 17:35:10', '2025-06-19 17:35:10'),
(455, 'dikIzzTy0yrPzlvvs6himfuMOnVx7r4NzET9GxSK.webp', '1000267428', 'webp', 'car_images', 'public', 'https://car-project.perfect-teamwork.com/storage/images/cars//dikIzzTy0yrPzlvvs6himfuMOnVx7r4NzET9GxSK.webp', 'images/cars//dikIzzTy0yrPzlvvs6himfuMOnVx7r4NzET9GxSK.webp', 'App\\Models\\Car', 143, '0.07', NULL, NULL, '2025-06-19 17:35:10', '2025-06-19 17:35:10'),
(456, '6TK1f8cVtTz60Kb3pzSP7I3lPD5eRBVGlVhznfaN.webp', '1000267427', 'webp', 'car_images', 'public', 'https://car-project.perfect-teamwork.com/storage/images/cars//6TK1f8cVtTz60Kb3pzSP7I3lPD5eRBVGlVhznfaN.webp', 'images/cars//6TK1f8cVtTz60Kb3pzSP7I3lPD5eRBVGlVhznfaN.webp', 'App\\Models\\Car', 143, '0.06', NULL, NULL, '2025-06-19 17:35:10', '2025-06-19 17:35:10');

-- --------------------------------------------------------

--
-- Table structure for table `jobs`
--

CREATE TABLE `jobs` (
  `id` bigint UNSIGNED NOT NULL,
  `queue` varchar(255) CHARACTER SET utf8mb4 COLLATE utf8mb4_unicode_ci NOT NULL,
  `payload` longtext CHARACTER SET utf8mb4 COLLATE utf8mb4_unicode_ci NOT NULL,
  `attempts` tinyint UNSIGNED NOT NULL,
  `reserved_at` int UNSIGNED DEFAULT NULL,
  `available_at` int UNSIGNED NOT NULL,
  `created_at` int UNSIGNED NOT NULL
) ENGINE=InnoDB DEFAULT CHARSET=utf8mb4 COLLATE=utf8mb4_unicode_ci;

-- --------------------------------------------------------

--
-- Table structure for table `job_batches`
--

CREATE TABLE `job_batches` (
  `id` varchar(255) CHARACTER SET utf8mb4 COLLATE utf8mb4_unicode_ci NOT NULL,
  `name` varchar(255) CHARACTER SET utf8mb4 COLLATE utf8mb4_unicode_ci NOT NULL,
  `total_jobs` int NOT NULL,
  `pending_jobs` int NOT NULL,
  `failed_jobs` int NOT NULL,
  `failed_job_ids` longtext CHARACTER SET utf8mb4 COLLATE utf8mb4_unicode_ci NOT NULL,
  `options` mediumtext CHARACTER SET utf8mb4 COLLATE utf8mb4_unicode_ci,
  `cancelled_at` int DEFAULT NULL,
  `created_at` int NOT NULL,
  `finished_at` int DEFAULT NULL
) ENGINE=InnoDB DEFAULT CHARSET=utf8mb4 COLLATE=utf8mb4_unicode_ci;

-- --------------------------------------------------------

--
-- Table structure for table `migrations`
--

CREATE TABLE `migrations` (
  `id` int UNSIGNED NOT NULL,
  `migration` varchar(255) CHARACTER SET utf8mb4 COLLATE utf8mb4_unicode_ci NOT NULL,
  `batch` int NOT NULL
) ENGINE=InnoDB DEFAULT CHARSET=utf8mb4 COLLATE=utf8mb4_unicode_ci;

--
-- Dumping data for table `migrations`
--

INSERT INTO `migrations` (`id`, `migration`, `batch`) VALUES
(1, '0001_01_01_000000_create_users_table', 1),
(2, '0001_01_01_000001_create_cache_table', 1),
(3, '0001_01_01_000002_create_jobs_table', 1),
(4, '2024_01_09_005240_create_files_table', 1),
(5, '2025_02_11_113919_create_cities_table', 1),
(6, '2025_02_11_113933_create_districts_table', 1),
(7, '2025_03_08_112736_create_brands_table', 1),
(8, '2025_03_08_112752_create_models_table', 1),
(9, '2025_03_08_112777_create_categories_table', 1),
(10, '2025_03_08_112820_create_cars_table', 1),
(11, '2025_03_08_112821_create_car_specifications_table', 1),
(12, '2025_03_09_131403_create_otps_table', 1),
(13, '2025_03_09_174036_create_personal_access_tokens_table', 1),
(14, '2025_03_20_142716_create_contacts_table', 2),
(15, '2025_03_20_150748_create_pages_table', 2),
(17, '2025_03_23_025830_add_agency_type_to_cars_table', 2),
(18, '2025_03_23_025842_add_agency_type_to_users_table', 2),
(19, '2025_03_23_025842_add_checked_to_cars_table', 2),
(20, '2025_03_23_032401_create_user_favorite_cars_table', 2),
(21, '2025_03_23_025614_create_banners_table', 3),
(22, '2025_04_07_104834_add_kilometers_to_cars_table', 4),
(25, '2025_04_07_111208_create_chats_table', 5),
(26, '2025_04_07_111218_create_chat_messages_table', 5),
(27, '2025_04_10_214831_create_notifications_table', 6),
(28, '2025_04_10_215331_add_social_login_to_users_table', 6),
(29, '2024_04_17_140131_create_admins_table', 7),
(30, '2025_04_17_114109_update_cars_table', 7),
(31, '2025_04_22_000329_create_services_table', 8),
(32, '2025_04_23_000337_create_services_requests_table', 8),
(33, '2025_04_27_210950_create_blog_table', 8),
(34, '2025_05_06_124701_create_notification_center_table', 9),
(35, '2025_05_07_004140_create_search_histories_table', 9),
(36, '2025_05_07_011225_update_users_table', 10),
(37, '2025_05_13_205836_add_checked_status_column_to_cars_table', 11),
(39, '2025_05_20_170615_add_photo_to_users_table', 12),
(40, '2025_06_15_204525_add_rent_or_sale_to_cars_table', 13);

-- --------------------------------------------------------

--
-- Table structure for table `models`
--

CREATE TABLE `models` (
  `id` bigint UNSIGNED NOT NULL,
  `name` varchar(255) CHARACTER SET utf8mb4 COLLATE utf8mb4_unicode_ci NOT NULL,
  `brand_id` bigint UNSIGNED NOT NULL,
  `created_at` timestamp NULL DEFAULT NULL,
  `updated_at` timestamp NULL DEFAULT NULL
) ENGINE=InnoDB DEFAULT CHARSET=utf8mb4 COLLATE=utf8mb4_unicode_ci;

--
-- Dumping data for table `models`
--

INSERT INTO `models` (`id`, `name`, `brand_id`, `created_at`, `updated_at`) VALUES
(11, '{\"en\":\"E300\",\"ar\":\"E300\"}', 5, '2025-05-30 00:53:20', '2025-05-30 00:53:20'),
(12, '{\"en\":\"530\",\"ar\":\"530\"}', 6, '2025-05-31 15:16:25', '2025-05-31 15:16:55'),
(13, '{\"en\":\"سبورتاج\",\"ar\":\"sportage\"}', 7, '2025-05-31 15:21:46', '2025-05-31 15:21:46'),
(14, '{\"en\":\"Rio\",\"ar\":\"ريو\"}', 7, '2025-05-31 15:22:06', '2025-05-31 15:22:06'),
(15, '{\"en\":\"sourinto\",\"ar\":\"سورنتو\"}', 7, '2025-05-31 15:22:25', '2025-05-31 15:22:25'),
(16, '{\"ar\":\"GNX\",\"en\":\"GNX\"}', 8, '2025-06-02 17:32:48', '2025-06-02 17:32:48'),
(17, '{\"ar\":\"e6\",\"en\":\"e6\"}', 9, '2025-06-02 19:06:18', '2025-06-02 19:06:18'),
(18, '{\"ar\":\"Explorer 4WD\",\"en\":\"Explorer 4WD\"}', 10, '2025-06-03 12:30:56', '2025-06-03 12:30:56'),
(19, '{\"ar\":\"328ci\",\"en\":\"328ci\"}', 6, '2025-06-04 01:19:26', '2025-06-04 01:19:26'),
(20, '{\"ar\":\"E300\",\"en\":\"E300\"}', 11, '2025-06-04 21:52:28', '2025-06-04 21:52:28'),
(21, '{\"ar\":\"NV200\",\"en\":\"NV200\"}', 12, '2025-06-04 22:23:43', '2025-06-04 22:23:43'),
(22, '{\"ar\":\"Giulia\",\"en\":\"Giulia\"}', 13, '2025-06-16 04:12:22', '2025-06-16 04:12:22'),
(23, '{\"ar\":\"Tonale\",\"en\":\"Tonale\"}', 13, '2025-06-16 04:15:30', '2025-06-16 04:15:30'),
(24, '{\"ar\":\"Sonata\",\"en\":\"Sonata\"}', 14, '2025-06-18 20:48:24', '2025-06-18 20:48:24'),
(25, '{\"ar\":\"Santa Fe\",\"en\":\"Santa Fe\"}', 14, '2025-06-18 21:00:41', '2025-06-18 21:00:41'),
(26, '{\"ar\":\"Sportage\",\"en\":\"Sportage\"}', 15, '2025-06-18 21:13:33', '2025-06-18 21:13:33'),
(27, '{\"ar\":\"Juke\",\"en\":\"Juke\"}', 12, '2025-06-18 21:24:24', '2025-06-18 21:24:24'),
(28, '{\"ar\":\"Elantra\",\"en\":\"Elantra\"}', 14, '2025-06-18 21:47:34', '2025-06-18 21:47:34'),
(29, '{\"ar\":\"others\",\"en\":\"others\"}', 16, '2025-06-18 21:58:20', '2025-06-18 21:58:20'),
(30, '{\"ar\":\"CR-V\",\"en\":\"CR-V\"}', 17, '2025-06-18 22:08:20', '2025-06-18 22:08:20'),
(31, '{\"ar\":\"CLA45 AMG\",\"en\":\"CLA45 AMG\"}', 11, '2025-06-18 22:22:26', '2025-06-18 22:22:26'),
(32, '{\"ar\":\"Cherokee\",\"en\":\"Cherokee\"}', 18, '2025-06-18 22:22:30', '2025-06-18 22:22:30'),
(33, '{\"ar\":\"Pilot\",\"en\":\"Pilot\"}', 17, '2025-06-18 22:33:54', '2025-06-18 22:33:54'),
(34, '{\"ar\":\"others\",\"en\":\"others\"}', 15, '2025-06-18 22:34:41', '2025-06-18 22:34:41');

-- --------------------------------------------------------

--
-- Table structure for table `notifications`
--

CREATE TABLE `notifications` (
  `id` char(36) CHARACTER SET utf8mb4 COLLATE utf8mb4_unicode_ci NOT NULL,
  `type` varchar(255) CHARACTER SET utf8mb4 COLLATE utf8mb4_unicode_ci NOT NULL,
  `notifiable_type` varchar(255) CHARACTER SET utf8mb4 COLLATE utf8mb4_unicode_ci NOT NULL,
  `notifiable_id` bigint UNSIGNED NOT NULL,
  `data` text CHARACTER SET utf8mb4 COLLATE utf8mb4_unicode_ci NOT NULL,
  `read_at` timestamp NULL DEFAULT NULL,
  `created_at` timestamp NULL DEFAULT NULL,
  `updated_at` timestamp NULL DEFAULT NULL
) ENGINE=InnoDB DEFAULT CHARSET=utf8mb4 COLLATE=utf8mb4_unicode_ci;

--
-- Dumping data for table `notifications`
--

INSERT INTO `notifications` (`id`, `type`, `notifiable_type`, `notifiable_id`, `data`, `read_at`, `created_at`, `updated_at`) VALUES
('7b579bd7-c11f-43a1-9d21-929729e7e773', 'App\\Services\\Firebase\\SendNotification', 'App\\Models\\User', 54, '{\"title\":\"\\u062a\\u0645\\u062a \\u0627\\u0644\\u0645\\u0648\\u0627\\u0641\\u0642\\u0629 \\u0639\\u0644\\u0649 \\u062e\\u062f\\u0645\\u062a\\u0643\",\"message\":\"\\u062a\\u0645\\u062a \\u0627\\u0644\\u0645\\u0648\\u0627\\u0641\\u0642\\u0629 \\u0639\\u0644\\u0649 \\u0637\\u0644\\u0628\\u0643 \\u0644\\u062e\\u062f\\u0645\\u0629: feature ad for a week\",\"extra\":{\"type\":\"from_admin\",\"car_id\":124},\"sent_at\":\"2025-06-04T17:05:27.387904Z\"}', NULL, '2025-06-04 22:05:27', '2025-06-04 22:05:27'),
('e8325ddb-85b6-47dc-92b2-fcb451a5405d', 'App\\Services\\Firebase\\SendNotification', 'App\\Models\\User', 54, '{\"title\":\"\\u062a\\u0645\\u062a \\u0627\\u0644\\u0645\\u0648\\u0627\\u0641\\u0642\\u0629 \\u0639\\u0644\\u0649 \\u062e\\u062f\\u0645\\u062a\\u0643\",\"message\":\"\\u062a\\u0645\\u062a \\u0627\\u0644\\u0645\\u0648\\u0627\\u0641\\u0642\\u0629 \\u0639\\u0644\\u0649 \\u0637\\u0644\\u0628\\u0643 \\u0644\\u062e\\u062f\\u0645\\u0629: feature ad for a week\",\"extra\":{\"type\":\"from_admin\",\"car_id\":119},\"sent_at\":\"2025-06-04T17:05:48.801348Z\"}', NULL, '2025-06-04 22:05:48', '2025-06-04 22:05:48');

-- --------------------------------------------------------

--
-- Table structure for table `notification_center`
--

CREATE TABLE `notification_center` (
  `id` bigint UNSIGNED NOT NULL,
  `title` text CHARACTER SET utf8mb4 COLLATE utf8mb4_unicode_ci,
  `desc` text CHARACTER SET utf8mb4 COLLATE utf8mb4_unicode_ci,
  `users_ids` json DEFAULT NULL,
  `type` varchar(20) CHARACTER SET utf8mb4 COLLATE utf8mb4_unicode_ci NOT NULL DEFAULT 'immediately',
  `status` varchar(20) CHARACTER SET utf8mb4 COLLATE utf8mb4_unicode_ci NOT NULL DEFAULT 'sent',
  `send_type` varchar(255) CHARACTER SET utf8mb4 COLLATE utf8mb4_unicode_ci NOT NULL,
  `send_id` bigint UNSIGNED NOT NULL,
  `sent_for` varchar(20) CHARACTER SET utf8mb4 COLLATE utf8mb4_unicode_ci NOT NULL DEFAULT 'all',
  `city_id` bigint UNSIGNED DEFAULT NULL,
  `district_id` bigint UNSIGNED DEFAULT NULL,
  `model_id` bigint UNSIGNED DEFAULT NULL,
  `brand_id` bigint UNSIGNED DEFAULT NULL,
  `user_type` bigint UNSIGNED DEFAULT NULL,
  `send_all` tinyint(1) NOT NULL DEFAULT '0',
  `send_date` datetime DEFAULT NULL,
  `created_at` timestamp NULL DEFAULT NULL,
  `updated_at` timestamp NULL DEFAULT NULL
) ENGINE=InnoDB DEFAULT CHARSET=utf8mb4 COLLATE=utf8mb4_unicode_ci;

-- --------------------------------------------------------

--
-- Table structure for table `otps`
--

CREATE TABLE `otps` (
  `id` bigint UNSIGNED NOT NULL,
  `otp` varchar(4) CHARACTER SET utf8mb4 COLLATE utf8mb4_unicode_ci NOT NULL,
  `type` varchar(255) CHARACTER SET utf8mb4 COLLATE utf8mb4_unicode_ci NOT NULL DEFAULT 'phone',
  `otpable_type` varchar(255) CHARACTER SET utf8mb4 COLLATE utf8mb4_unicode_ci NOT NULL,
  `otpable_id` bigint UNSIGNED NOT NULL,
  `expired_at` datetime DEFAULT NULL,
  `created_at` timestamp NULL DEFAULT NULL,
  `updated_at` timestamp NULL DEFAULT NULL
) ENGINE=InnoDB DEFAULT CHARSET=utf8mb4 COLLATE=utf8mb4_unicode_ci;

--
-- Dumping data for table `otps`
--

INSERT INTO `otps` (`id`, `otp`, `type`, `otpable_type`, `otpable_id`, `expired_at`, `created_at`, `updated_at`) VALUES
(1, '1111', 'phone', 'App\\Models\\User', 1, '2025-03-15 03:41:27', '2025-03-15 01:41:22', '2025-03-15 01:41:27'),
(2, '1111', 'phone', 'App\\Models\\User', 2, '2025-03-15 17:25:54', '2025-03-15 15:25:47', '2025-03-15 15:25:54'),
(3, '1111', 'phone', 'App\\Models\\User', 4, '2025-03-23 15:39:49', '2025-03-23 13:39:46', '2025-03-23 13:39:49'),
(4, '1111', 'phone', 'App\\Models\\User', 5, '2025-03-24 12:03:42', '2025-03-24 10:03:32', '2025-03-24 10:03:42'),
(5, '1111', 'phone', 'App\\Models\\User', 6, '2025-03-25 12:50:49', '2025-03-25 10:50:43', '2025-03-25 10:50:49'),
(6, '1111', 'phone', 'App\\Models\\User', 4, NULL, '2025-04-08 11:23:27', '2025-04-08 11:23:27'),
(7, '1111', 'phone', 'App\\Models\\User', 7, '2025-04-08 20:56:31', '2025-04-08 18:56:25', '2025-04-08 18:56:31'),
(8, '1111', 'phone', 'App\\Models\\User', 8, '2025-04-08 21:59:16', '2025-04-08 19:59:10', '2025-04-08 19:59:16'),
(9, '1111', 'phone', 'App\\Models\\User', 9, '2025-04-08 22:09:41', '2025-04-08 20:09:36', '2025-04-08 20:09:41'),
(10, '1111', 'phone', 'App\\Models\\User', 4, '2025-04-10 00:44:27', '2025-04-09 22:44:23', '2025-04-09 22:44:27'),
(11, '1111', 'phone', 'App\\Models\\User', 4, NULL, '2025-04-09 22:44:36', '2025-04-09 22:44:36'),
(12, '1111', 'phone', 'App\\Models\\User', 4, '2025-04-18 14:08:58', '2025-04-18 12:08:55', '2025-04-18 12:08:58'),
(13, '1111', 'phone', 'App\\Models\\User', 13, NULL, '2025-04-20 07:21:23', '2025-04-20 07:21:23'),
(14, '1111', 'phone', 'App\\Models\\User', 14, NULL, '2025-04-26 18:30:23', '2025-04-26 18:30:23'),
(15, '1111', 'phone', 'App\\Models\\User', 15, '2025-04-26 14:51:02', '2025-04-26 18:50:57', '2025-04-26 18:51:02'),
(16, '1111', 'phone', 'App\\Models\\User', 16, '2025-04-26 14:59:01', '2025-04-26 18:58:57', '2025-04-26 18:59:01'),
(17, '1111', 'phone', 'App\\Models\\User', 17, '2025-04-26 15:04:30', '2025-04-26 19:04:24', '2025-04-26 19:04:30'),
(18, '1111', 'phone', 'App\\Models\\User', 18, '2025-04-26 15:06:59', '2025-04-26 19:06:53', '2025-04-26 19:06:59'),
(19, '1111', 'phone', 'App\\Models\\User', 2, '2025-04-27 20:35:50', '2025-04-28 00:35:45', '2025-04-28 00:35:50'),
(20, '1111', 'phone', 'App\\Models\\User', 28, '2025-04-27 20:41:06', '2025-04-28 00:41:02', '2025-04-28 00:41:06'),
(21, '1111', 'phone', 'App\\Models\\User', 13, NULL, '2025-04-28 14:03:39', '2025-04-28 14:03:39'),
(22, '1111', 'phone', 'App\\Models\\User', 14, '2025-04-28 10:24:37', '2025-04-28 14:24:34', '2025-04-28 14:24:37'),
(23, '1111', 'phone', 'App\\Models\\User', 31, '2025-04-28 12:03:25', '2025-04-28 16:03:22', '2025-04-28 16:03:25'),
(24, '1111', 'phone', 'App\\Models\\User', 32, '2025-04-28 16:36:54', '2025-04-28 20:36:49', '2025-04-28 20:36:54'),
(25, '1111', 'phone', 'App\\Models\\User', 33, '2025-04-28 17:34:50', '2025-04-28 21:34:46', '2025-04-28 21:34:50'),
(26, '1111', 'phone', 'App\\Models\\User', 13, '2025-04-28 17:42:25', '2025-04-28 21:42:23', '2025-04-28 21:42:25'),
(27, '1111', 'phone', 'App\\Models\\User', 34, '2025-04-29 15:52:30', '2025-04-29 19:52:21', '2025-04-29 19:52:30'),
(28, '1111', 'phone', 'App\\Models\\User', 37, '2025-04-29 16:01:48', '2025-04-29 20:01:45', '2025-04-29 20:01:48'),
(29, '1111', 'phone', 'App\\Models\\User', 38, '2025-04-29 16:18:20', '2025-04-29 20:18:16', '2025-04-29 20:18:20'),
(30, '1111', 'phone', 'App\\Models\\User', 34, NULL, '2025-04-30 20:08:24', '2025-04-30 20:08:24'),
(31, '1111', 'phone', 'App\\Models\\User', 34, '2025-04-30 16:09:38', '2025-04-30 20:09:32', '2025-04-30 20:09:38'),
(32, '1111', 'phone', 'App\\Models\\User', 39, '2025-05-03 09:19:21', '2025-05-03 13:19:16', '2025-05-03 13:19:21'),
(33, '1111', 'phone', 'App\\Models\\User', 5, '2025-05-03 09:35:13', '2025-05-03 13:35:07', '2025-05-03 13:35:13'),
(34, '1111', 'phone', 'App\\Models\\User', 6, '2025-05-03 10:14:12', '2025-05-03 14:14:05', '2025-05-03 14:14:12'),
(35, '1111', 'phone', 'App\\Models\\User', 41, '2025-05-06 12:25:01', '2025-05-06 16:24:57', '2025-05-06 16:25:01'),
(36, '1111', 'phone', 'App\\Models\\User', 42, '2025-05-06 20:39:37', '2025-05-07 00:39:30', '2025-05-07 00:39:37'),
(37, '1111', 'phone', 'App\\Models\\User', 43, '2025-05-06 20:40:03', '2025-05-07 00:40:00', '2025-05-07 00:40:03'),
(38, '1111', 'phone', 'App\\Models\\User', 44, '2025-05-06 20:41:26', '2025-05-07 00:41:23', '2025-05-07 00:41:26'),
(39, '1111', 'phone', 'App\\Models\\User', 45, '2025-05-06 20:42:30', '2025-05-07 00:42:27', '2025-05-07 00:42:30'),
(40, '1111', 'phone', 'App\\Models\\User', 48, '2025-05-26 12:47:59', '2025-05-26 17:47:56', '2025-05-26 17:47:59'),
(41, '1111', 'phone', 'App\\Models\\User', 49, '2025-05-26 14:39:33', '2025-05-26 19:39:24', '2025-05-26 19:39:33'),
(42, '1111', 'phone', 'App\\Models\\User', 50, '2025-05-26 18:51:45', '2025-05-26 23:51:38', '2025-05-26 23:51:45'),
(43, '1111', 'phone', 'App\\Models\\User', 51, '2025-05-27 14:55:10', '2025-05-27 19:55:06', '2025-05-27 19:55:10'),
(44, '1111', 'phone', 'App\\Models\\User', 52, '2025-05-29 10:10:15', '2025-05-29 15:10:11', '2025-05-29 15:10:15'),
(45, '1111', 'phone', 'App\\Models\\User', 53, NULL, '2025-05-29 19:56:26', '2025-05-29 19:56:26'),
(46, '1111', 'phone', 'App\\Models\\User', 54, '2025-05-29 19:33:29', '2025-05-30 00:33:23', '2025-05-30 00:33:29'),
(47, '1111', 'phone', 'App\\Models\\User', 55, '2025-05-29 21:01:38', '2025-05-30 02:01:23', '2025-05-30 02:01:38'),
(48, '1111', 'phone', 'App\\Models\\User', 56, '2025-05-29 21:04:27', '2025-05-30 02:04:22', '2025-05-30 02:04:27'),
(49, '1111', 'phone', 'App\\Models\\User', 57, '2025-05-29 21:07:33', '2025-05-30 02:07:13', '2025-05-30 02:07:33'),
(50, '1111', 'phone', 'App\\Models\\User', 58, '2025-05-30 16:52:23', '2025-05-30 21:52:17', '2025-05-30 21:52:23'),
(51, '1111', 'phone', 'App\\Models\\User', 59, '2025-05-31 07:26:18', '2025-05-31 12:26:11', '2025-05-31 12:26:18'),
(52, '1111', 'phone', 'App\\Models\\User', 60, '2025-06-03 00:45:37', '2025-06-03 05:45:31', '2025-06-03 05:45:37'),
(53, '1111', 'phone', 'App\\Models\\User', 61, NULL, '2025-06-03 05:53:20', '2025-06-03 05:53:20'),
(54, '1111', 'phone', 'App\\Models\\User', 62, NULL, '2025-06-03 06:03:16', '2025-06-03 06:03:16'),
(55, '1111', 'phone', 'App\\Models\\User', 63, '2025-06-03 01:07:39', '2025-06-03 06:07:33', '2025-06-03 06:07:39'),
(56, '1111', 'phone', 'App\\Models\\User', 64, NULL, '2025-06-03 06:15:01', '2025-06-03 06:15:01'),
(57, '1111', 'phone', 'App\\Models\\User', 65, '2025-06-03 01:15:21', '2025-06-03 06:15:17', '2025-06-03 06:15:21'),
(58, '1111', 'phone', 'App\\Models\\User', 66, '2025-06-03 01:20:18', '2025-06-03 06:20:09', '2025-06-03 06:20:18'),
(59, '1111', 'phone', 'App\\Models\\User', 67, '2025-06-04 16:25:41', '2025-06-04 21:25:34', '2025-06-04 21:25:41'),
(60, '1111', 'phone', 'App\\Models\\User', 68, '2025-06-04 17:06:51', '2025-06-04 22:06:44', '2025-06-04 22:06:51'),
(61, '1111', 'phone', 'App\\Models\\User', 70, '2025-06-11 18:22:14', '2025-06-11 23:22:09', '2025-06-11 23:22:14'),
(62, '1111', 'phone', 'App\\Models\\User', 71, '2025-06-11 18:25:38', '2025-06-11 23:24:38', '2025-06-11 23:25:38'),
(63, '1111', 'phone', 'App\\Models\\User', 72, '2025-06-12 07:28:37', '2025-06-12 12:28:31', '2025-06-12 12:28:37');

-- --------------------------------------------------------

--
-- Table structure for table `pages`
--

CREATE TABLE `pages` (
  `id` bigint UNSIGNED NOT NULL,
  `title` varchar(255) CHARACTER SET utf8mb4 COLLATE utf8mb4_unicode_ci DEFAULT NULL,
  `slug` varchar(255) CHARACTER SET utf8mb4 COLLATE utf8mb4_unicode_ci DEFAULT NULL,
  `description` varchar(255) CHARACTER SET utf8mb4 COLLATE utf8mb4_unicode_ci DEFAULT NULL,
  `created_at` timestamp NULL DEFAULT NULL,
  `updated_at` timestamp NULL DEFAULT NULL
) ENGINE=InnoDB DEFAULT CHARSET=utf8mb4 COLLATE=utf8mb4_unicode_ci;

-- --------------------------------------------------------

--
-- Table structure for table `password_reset_tokens`
--

CREATE TABLE `password_reset_tokens` (
  `email` varchar(255) CHARACTER SET utf8mb4 COLLATE utf8mb4_unicode_ci NOT NULL,
  `token` varchar(255) CHARACTER SET utf8mb4 COLLATE utf8mb4_unicode_ci NOT NULL,
  `created_at` timestamp NULL DEFAULT NULL
) ENGINE=InnoDB DEFAULT CHARSET=utf8mb4 COLLATE=utf8mb4_unicode_ci;

-- --------------------------------------------------------

--
-- Table structure for table `personal_access_tokens`
--

CREATE TABLE `personal_access_tokens` (
  `id` bigint UNSIGNED NOT NULL,
  `tokenable_type` varchar(255) CHARACTER SET utf8mb4 COLLATE utf8mb4_unicode_ci NOT NULL,
  `tokenable_id` bigint UNSIGNED NOT NULL,
  `name` varchar(255) CHARACTER SET utf8mb4 COLLATE utf8mb4_unicode_ci NOT NULL,
  `token` varchar(64) CHARACTER SET utf8mb4 COLLATE utf8mb4_unicode_ci NOT NULL,
  `abilities` text CHARACTER SET utf8mb4 COLLATE utf8mb4_unicode_ci,
  `last_used_at` timestamp NULL DEFAULT NULL,
  `expires_at` timestamp NULL DEFAULT NULL,
  `created_at` timestamp NULL DEFAULT NULL,
  `updated_at` timestamp NULL DEFAULT NULL
) ENGINE=InnoDB DEFAULT CHARSET=utf8mb4 COLLATE=utf8mb4_unicode_ci;

--
-- Dumping data for table `personal_access_tokens`
--

INSERT INTO `personal_access_tokens` (`id`, `tokenable_type`, `tokenable_id`, `name`, `token`, `abilities`, `last_used_at`, `expires_at`, `created_at`, `updated_at`) VALUES
(216, 'App\\Models\\User', 54, 'auth_token', 'fdad0f718d3c2638d63884b65d060f869093a5410a93c20e4b7d1d428457a846', '[\"*\"]', '2025-05-30 01:24:03', NULL, '2025-05-30 00:33:29', '2025-05-30 01:24:03'),
(217, 'App\\Models\\User', 55, 'auth_token', '33353677c64149f5f5d57f13639bf9e19fad9e6dbbdd77b08355c026d4e2e415', '[\"*\"]', '2025-05-30 02:03:46', NULL, '2025-05-30 02:01:38', '2025-05-30 02:03:46'),
(218, 'App\\Models\\User', 56, 'auth_token', '36b02eb891aaf654ffbc57db262927a5bf40b475ae5fcedb0b45876b9b63afdd', '[\"*\"]', '2025-05-30 02:06:35', NULL, '2025-05-30 02:04:27', '2025-05-30 02:06:35'),
(219, 'App\\Models\\User', 57, 'auth_token', '3a2645483f8da2a747d3b8a765ffac617a4d47da4a15e1f16543e9efccaa95b1', '[\"*\"]', '2025-05-30 16:34:29', NULL, '2025-05-30 02:07:34', '2025-05-30 16:34:29'),
(220, 'App\\Models\\User', 57, 'auth_token', '198bec026eb6e3deb78db5892c0e04d51765f100b98564d40917711c9e0e37b5', '[\"*\"]', '2025-05-30 22:28:37', NULL, '2025-05-30 16:39:21', '2025-05-30 22:28:37'),
(221, 'App\\Models\\User', 57, 'auth_token', 'da4dd690a603904f53cb7acd26425c1bac5412c96d06c6fbef76d312563efad5', '[\"*\"]', '2025-05-31 23:42:24', NULL, '2025-05-30 16:53:10', '2025-05-31 23:42:24'),
(222, 'App\\Models\\User', 58, 'auth_token', '0a3c3772c658acf948f0ecd8fc63f4e03f28808a013b300807d828280dbf6c18', '[\"*\"]', '2025-05-30 22:03:05', NULL, '2025-05-30 21:52:23', '2025-05-30 22:03:05'),
(223, 'App\\Models\\User', 59, 'auth_token', '552790d6122e725f2a823ae3618b8d59f9a7cb0428b43de3a99a6d644404abd4', '[\"*\"]', '2025-06-16 17:50:50', NULL, '2025-05-31 12:26:18', '2025-06-16 17:50:50'),
(224, 'App\\Models\\User', 54, 'auth_token', '134d83597dbd0645361e927b8c8e6fd49af4f99f68ba0f9db91b9db3d38154f5', '[\"*\"]', '2025-05-31 17:16:52', NULL, '2025-05-31 15:01:20', '2025-05-31 17:16:52'),
(225, 'App\\Models\\User', 57, 'auth_token', 'f25166bd8c31715fc178a435a3915a6fb9ba97ba3a096a3c4cf65ae32aad2aa1', '[\"*\"]', '2025-05-31 21:20:38', NULL, '2025-05-31 19:12:47', '2025-05-31 21:20:38'),
(226, 'App\\Models\\User', 57, 'auth_token', '3c71b8e10c4412ad90a4cac07aee7164dfef5dae1e6cf0577fd339927431c88d', '[\"*\"]', '2025-06-03 01:27:21', NULL, '2025-05-31 21:22:43', '2025-06-03 01:27:21'),
(227, 'App\\Models\\User', 54, 'auth_token', 'e3f44350d8e77944b9e16579aa6e3c78bdef09e2f8b2a163795c49b596a6dda0', '[\"*\"]', '2025-05-31 23:37:44', NULL, '2025-05-31 23:30:17', '2025-05-31 23:37:44'),
(228, 'App\\Models\\User', 57, 'auth_token', '57a7ef9122352c1a1ddadc23c47ddf435b813b537dafd598fdb85c9e6b6a584d', '[\"*\"]', '2025-05-31 23:43:57', NULL, '2025-05-31 23:43:28', '2025-05-31 23:43:57'),
(229, 'App\\Models\\User', 57, 'auth_token', '72fce0d1c3db43923e2c7638c4dc7a8774b2e240449a4b2581f078d326ef2fc0', '[\"*\"]', '2025-05-31 23:53:03', NULL, '2025-05-31 23:52:46', '2025-05-31 23:53:03'),
(230, 'App\\Models\\User', 57, 'auth_token', 'd47cdf71f35ad7b6917b411dff3906da3a57bf8654667e7b43f4beffe7fdfc6b', '[\"*\"]', '2025-05-31 23:54:35', NULL, '2025-05-31 23:54:14', '2025-05-31 23:54:35'),
(231, 'App\\Models\\User', 57, 'auth_token', '587fc964e6d36b6fd9e3bfea7b2d09af3f3251c113f5877791292a5a56a711df', '[\"*\"]', '2025-05-31 23:55:31', NULL, '2025-05-31 23:55:01', '2025-05-31 23:55:31'),
(232, 'App\\Models\\User', 54, 'auth_token', '2cbd2378370217afef08f5ed87afa39cdcf95f00d888e3a70b342d64b3a9580e', '[\"*\"]', '2025-06-01 00:30:39', NULL, '2025-06-01 00:14:04', '2025-06-01 00:30:39'),
(233, 'App\\Models\\User', 57, 'auth_token', '71fcf27a3aba475f635a322de7836aef32a31cb35ecf25eb110e13ef14de69f4', '[\"*\"]', '2025-06-03 12:09:23', NULL, '2025-06-02 15:55:55', '2025-06-03 12:09:23'),
(234, 'App\\Models\\User', 57, 'auth_token', '009902964f886b39aa2130665ba77c5450e30984abc6b29954456ad7c6a28ab2', '[\"*\"]', '2025-06-02 17:08:32', NULL, '2025-06-02 17:04:47', '2025-06-02 17:08:32'),
(235, 'App\\Models\\User', 57, 'auth_token', '0d4a2617bdf4e2acc2faee000f4782f3d217bc135645b86ce12a5118ca16cdcb', '[\"*\"]', '2025-06-03 11:56:20', NULL, '2025-06-02 19:04:40', '2025-06-03 11:56:20'),
(236, 'App\\Models\\User', 58, 'auth_token', 'a3384f1a78c022aa68546e49332041020f2100cb59a1bc4a31b4391036bf66f2', '[\"*\"]', '2025-06-03 00:32:29', NULL, '2025-06-03 00:21:55', '2025-06-03 00:32:29'),
(237, 'App\\Models\\User', 58, 'auth_token', '5a9d12d4ab1070e0eccb474a03d8c3e272d370a183ba723c3b34f092ad47e837', '[\"*\"]', '2025-06-03 00:33:10', NULL, '2025-06-03 00:32:59', '2025-06-03 00:33:10'),
(238, 'App\\Models\\User', 58, 'auth_token', '95561c1fcc4554eb95d9db7496e30904af46fbf34d36790e92ec29f9ebd528f2', '[\"*\"]', '2025-06-03 00:40:34', NULL, '2025-06-03 00:37:46', '2025-06-03 00:40:34'),
(239, 'App\\Models\\User', 60, 'auth_token', '1cb24927132539a81e822c5ab7e79a58817831740a151962273e0c675238a749', '[\"*\"]', '2025-06-03 22:49:44', NULL, '2025-06-03 05:45:37', '2025-06-03 22:49:44'),
(240, 'App\\Models\\User', 63, 'auth_token', 'e103fd4484b3de241428b250a6ee57f742da7cb7466f355f7652c3106fbdc777', '[\"*\"]', NULL, NULL, '2025-06-03 06:07:39', '2025-06-03 06:07:39'),
(241, 'App\\Models\\User', 65, 'auth_token', '2df166be6f298b984503934a66a1978ca75fcf671f83860929c16ea488c3942b', '[\"*\"]', NULL, NULL, '2025-06-03 06:15:21', '2025-06-03 06:15:21'),
(242, 'App\\Models\\User', 66, 'auth_token', 'c0286f2956e3477c45de237b45b5c4f39e63b87fb0f9080501f93b900f04023f', '[\"*\"]', NULL, NULL, '2025-06-03 06:20:18', '2025-06-03 06:20:18'),
(243, 'App\\Models\\User', 60, 'auth_token', '89e0b44d8fe8e0e98685538d7bf5483bb89c048f3175a6200ccce898d300a3cb', '[\"*\"]', '2025-06-03 22:58:01', NULL, '2025-06-03 06:30:25', '2025-06-03 22:58:01'),
(244, 'App\\Models\\User', 54, 'auth_token', 'e061257ca958b6df44509d7be939497c0bedf950ba4cfda015e4aca96662de0a', '[\"*\"]', '2025-06-03 12:33:07', NULL, '2025-06-03 12:17:59', '2025-06-03 12:33:07'),
(245, 'App\\Models\\User', 54, 'auth_token', 'f762f18f45b64e2d82a729452297dd4b44a27218965e29e69c07bb72f2c146e2', '[\"*\"]', '2025-06-03 14:44:18', NULL, '2025-06-03 12:33:39', '2025-06-03 14:44:18'),
(246, 'App\\Models\\User', 57, 'auth_token', '16f2adbefc1952b78dc9c300b96a9c576a487621ce98f47ec2c6d41c0aff3719', '[\"*\"]', '2025-06-03 16:40:12', NULL, '2025-06-03 15:11:27', '2025-06-03 16:40:12'),
(247, 'App\\Models\\User', 60, 'auth_token', '6c1a5e0189b3eca17e58b86034a499f162c179d89ebf0c00e973528509846440', '[\"*\"]', '2025-06-03 22:59:39', NULL, '2025-06-03 22:59:38', '2025-06-03 22:59:39'),
(248, 'App\\Models\\User', 60, 'auth_token', '12f41a781287cd81370ed1592e7b057145712fab1e28f1556a30495e828b74f8', '[\"*\"]', '2025-06-03 23:02:30', NULL, '2025-06-03 22:59:39', '2025-06-03 23:02:30'),
(249, 'App\\Models\\User', 60, 'auth_token', '882cc60f405ae21b797743d0a53552273df63c1529f8ae78bf486dfce0f4d216', '[\"*\"]', '2025-06-03 23:12:07', NULL, '2025-06-03 23:11:13', '2025-06-03 23:12:07'),
(250, 'App\\Models\\User', 60, 'auth_token', 'a5dc19f0c444eff26f23488a65eb979327b6dc1ffd8c346113920dc9f8815809', '[\"*\"]', '2025-06-04 01:25:22', NULL, '2025-06-03 23:12:31', '2025-06-04 01:25:22'),
(251, 'App\\Models\\User', 60, 'auth_token', 'b907be94373c9e42f7ef1c774d53c63edd9ba06d00bec23d0a9c1a90b83e5d3a', '[\"*\"]', '2025-06-06 00:34:00', NULL, '2025-06-03 23:16:44', '2025-06-06 00:34:00'),
(252, 'App\\Models\\User', 57, 'auth_token', 'fa88b89f98ae9a6692e7859afd9b88be28da8fd9f9e64a35b3715b647d2b5934', '[\"*\"]', '2025-06-11 23:20:25', NULL, '2025-06-04 01:18:06', '2025-06-11 23:20:25'),
(253, 'App\\Models\\User', 67, 'auth_token', '2946ccfdf2463154d98fd945bf61f4d96f227a757cd3352a528d797cf325e34b', '[\"*\"]', NULL, NULL, '2025-06-04 21:25:41', '2025-06-04 21:25:41'),
(254, 'App\\Models\\User', 60, 'auth_token', 'd23fa1dcca5943013f747f48c73f53184c37b2bd4ec24c0b29763a2c468467b6', '[\"*\"]', '2025-06-04 21:33:27', NULL, '2025-06-04 21:26:57', '2025-06-04 21:33:27'),
(255, 'App\\Models\\User', 54, 'auth_token', 'f261fab13d1df249a1bf91e96edd978993364b8ba57320da426cee906cc18469', '[\"*\"]', '2025-06-05 17:11:42', NULL, '2025-06-04 21:51:34', '2025-06-05 17:11:42'),
(256, 'App\\Models\\User', 68, 'auth_token', '283a58c3256c81b112cc9e40a62f058ad54fe223a70b02d3e1af75d8a61a8ac6', '[\"*\"]', '2025-06-12 12:14:49', NULL, '2025-06-04 22:06:51', '2025-06-12 12:14:49'),
(257, 'App\\Models\\User', 57, 'auth_token', 'c798edc65078def29890023fdd2ea78b98662954ca0dbdad543da3b029f49c1f', '[\"*\"]', '2025-06-04 22:34:50', NULL, '2025-06-04 22:33:22', '2025-06-04 22:34:50'),
(258, 'App\\Models\\User', 60, 'auth_token', '23bd3ad5e4860703255f7e2dfc94beacca5c99a8763c56da1fd5eeb0b5c0bd4e', '[\"*\"]', '2025-06-06 02:03:02', NULL, '2025-06-05 21:11:37', '2025-06-06 02:03:02'),
(259, 'App\\Models\\User', 57, 'auth_token', 'c3bd6052de8cad5725ba08d5b5415f7626f6bb56e42685dc3e97e0e3566c2acc', '[\"*\"]', '2025-06-11 14:21:21', NULL, '2025-06-11 14:21:18', '2025-06-11 14:21:21'),
(260, 'App\\Models\\User', 70, 'auth_token', '439cb4eb207b9e112d9cab5fdcca675df3122971b89b582a9f516e61cfed239a', '[\"*\"]', '2025-06-11 23:24:18', NULL, '2025-06-11 23:22:14', '2025-06-11 23:24:18'),
(261, 'App\\Models\\User', 71, 'auth_token', '70637e120e9724f81ae4e9a04c2068565c2aa13bb23faaba35f0ae807adaaeaf', '[\"*\"]', NULL, NULL, '2025-06-11 23:25:38', '2025-06-11 23:25:38'),
(262, 'App\\Models\\User', 72, 'auth_token', 'f7bdf1e84b34dc0863bf0dd03622f4c1306d318208b612530c29527af847b27c', '[\"*\"]', '2025-06-12 12:30:08', NULL, '2025-06-12 12:28:37', '2025-06-12 12:30:08'),
(263, 'App\\Models\\User', 74, 'auth_token', '94952f882c447f79da04c06c91de0bfdf1be5073abc2f38ca81a7ddda922c1d7', '[\"*\"]', '2025-06-17 01:00:31', NULL, '2025-06-16 03:25:27', '2025-06-17 01:00:31'),
(264, 'App\\Models\\User', 74, 'auth_token', '25afc208bf31f59910c441ba4642930e715027630ff48d0410bb3b1a66aee447', '[\"*\"]', '2025-06-16 14:12:54', NULL, '2025-06-16 12:54:27', '2025-06-16 14:12:54'),
(265, 'App\\Models\\User', 58, 'auth_token', 'c7c5cb05e74ea038d1587a830af3326ccee5b0a529f7bff5eab45a79d39240ba', '[\"*\"]', '2025-06-18 18:31:37', NULL, '2025-06-17 15:36:16', '2025-06-18 18:31:37'),
(266, 'App\\Models\\User', 72, 'auth_token', '494e8464f90a55488104f4b138e43e894549a7d356e49ef7b460b9c1bee89a1a', '[\"*\"]', '2025-06-18 22:33:55', NULL, '2025-06-18 18:32:23', '2025-06-18 22:33:55'),
(267, 'App\\Models\\User', 72, 'auth_token', '5bc436af8d812022c458f030791b86591471fea3a62b7990838e9f1994aa2d37', '[\"*\"]', '2025-06-19 17:35:11', NULL, '2025-06-18 18:32:24', '2025-06-19 17:35:11');

-- --------------------------------------------------------

--
-- Table structure for table `search_histories`
--

CREATE TABLE `search_histories` (
  `id` bigint UNSIGNED NOT NULL,
  `user_id` bigint UNSIGNED DEFAULT NULL,
  `search_term` varchar(255) CHARACTER SET utf8mb4 COLLATE utf8mb4_unicode_ci DEFAULT NULL,
  `searchable_type` varchar(255) CHARACTER SET utf8mb4 COLLATE utf8mb4_unicode_ci NOT NULL,
  `searchable_id` bigint UNSIGNED NOT NULL,
  `created_at` timestamp NULL DEFAULT NULL,
  `updated_at` timestamp NULL DEFAULT NULL
) ENGINE=InnoDB DEFAULT CHARSET=utf8mb4 COLLATE=utf8mb4_unicode_ci;

--
-- Dumping data for table `search_histories`
--

INSERT INTO `search_histories` (`id`, `user_id`, `search_term`, `searchable_type`, `searchable_id`, `created_at`, `updated_at`) VALUES
(1, 57, NULL, 'App\\Models\\Brand', 8, '2025-06-02 17:42:16', '2025-06-02 17:42:16'),
(2, 57, NULL, 'App\\Models\\Model', 16, '2025-06-02 19:07:26', '2025-06-02 19:07:26'),
(3, 54, NULL, 'App\\Models\\Brand', 10, '2025-06-03 12:31:45', '2025-06-03 12:31:45'),
(4, 57, NULL, 'App\\Models\\Brand', 6, '2025-06-04 01:19:49', '2025-06-04 01:19:49'),
(5, 57, NULL, 'App\\Models\\Brand', 9, '2025-06-04 01:20:05', '2025-06-04 01:20:05'),
(6, 54, NULL, 'App\\Models\\Brand', 11, '2025-06-04 21:57:26', '2025-06-04 21:57:26');

-- --------------------------------------------------------

--
-- Table structure for table `services`
--

CREATE TABLE `services` (
  `id` bigint UNSIGNED NOT NULL,
  `title` varchar(250) CHARACTER SET utf8mb4 COLLATE utf8mb4_unicode_ci DEFAULT NULL,
  `price` decimal(10,2) NOT NULL,
  `days` varchar(255) CHARACTER SET utf8mb4 COLLATE utf8mb4_unicode_ci NOT NULL,
  `type` varchar(255) CHARACTER SET utf8mb4 COLLATE utf8mb4_unicode_ci NOT NULL,
  `status` tinyint(1) NOT NULL DEFAULT '1',
  `deleted_at` timestamp NULL DEFAULT NULL,
  `created_at` timestamp NULL DEFAULT NULL,
  `updated_at` timestamp NULL DEFAULT NULL
) ENGINE=InnoDB DEFAULT CHARSET=utf8mb4 COLLATE=utf8mb4_unicode_ci;

--
-- Dumping data for table `services`
--

INSERT INTO `services` (`id`, `title`, `price`, `days`, `type`, `status`, `deleted_at`, `created_at`, `updated_at`) VALUES
(1, '{\r\n\"ar\" : \"اعلان لمدة ٣ ايام\",\r\n\"en\" : \"ad for 3 days\"\r\n}', 150.00, '3', 'real', 1, NULL, NULL, NULL),
(2, '{\r\n\"ar\" : \"فحص السيارة\",\r\n\"en\" : \"check car\"\r\n}', 120.00, '10', 'check', 1, NULL, NULL, NULL),
(3, '{\r\n\"ar\" : \"اعلان مميز لمدة اسبوع\",\r\n\"en\" : \"feature ad for a week\"\r\n}', 55.00, '7', 'feature_ad', 1, NULL, NULL, NULL),
(4, '{\r\n\"ar\" : \"اعلان بالرئيسية لمدة ٤ ايام\",\r\n\"en\" : \"home ad for 4 days\"\r\n}', 120.00, '4', 'home_ad', 1, NULL, NULL, NULL),
(5, '{\"ar\":\"اشعارات لمدة ٤ ايام\",\"en\":\"اشعارات لمدة ٤ ايام\"}', 170.00, '4', 'notification_ad', 1, NULL, NULL, '2025-06-03 00:23:56'),
(6, '{\"ar\":\"الاعلان التجارى\",\"en\":\"الاعلان التجارى\"}', 170.00, '5', 'agency_ad', 1, NULL, NULL, '2025-06-03 00:25:15'),
(7, '{\"ar\":\"مزايا المصاريف\",\"en\":\"agency feature\"}', 130.00, '70', 'agency_feature', 1, NULL, NULL, '2025-06-03 00:26:08'),
(8, '{\r\n\"ar\" : \"اعلان لمدة 5 ايام\",\r\n\"en\" : \"ad for 5 days\"\r\n}', 150.00, '5', 'real', 1, NULL, NULL, NULL),
(9, '{\r\n\"ar\" : \"اعلان مميز لمدة شهر\",\r\n\"en\" : \"feature ad for a month\"\r\n}', 555.00, '30', 'feature_ad', 1, NULL, NULL, NULL),
(11, '{\"en\":\"test real mustafa\",\"ar\":\"test real mustafa\"}', 100.00, '2', 'real', 1, NULL, '2025-05-26 16:08:21', '2025-05-26 16:08:21');

-- --------------------------------------------------------

--
-- Table structure for table `services_requests`
--

CREATE TABLE `services_requests` (
  `id` bigint UNSIGNED NOT NULL,
  `user_id` bigint UNSIGNED DEFAULT NULL,
  `car_id` bigint UNSIGNED DEFAULT NULL,
  `service_id` bigint UNSIGNED DEFAULT NULL,
  `price` varchar(255) CHARACTER SET utf8mb4 COLLATE utf8mb4_unicode_ci DEFAULT NULL,
  `status` varchar(255) CHARACTER SET utf8mb4 COLLATE utf8mb4_unicode_ci NOT NULL,
  `expired_at` date DEFAULT NULL,
  `created_at` timestamp NULL DEFAULT NULL,
  `updated_at` timestamp NULL DEFAULT NULL
) ENGINE=InnoDB DEFAULT CHARSET=utf8mb4 COLLATE=utf8mb4_unicode_ci;

--
-- Dumping data for table `services_requests`
--

INSERT INTO `services_requests` (`id`, `user_id`, `car_id`, `service_id`, `price`, `status`, `expired_at`, `created_at`, `updated_at`) VALUES
(62, 54, 108, 3, '55.00', '0', NULL, '2025-05-30 01:22:45', '2025-05-31 19:32:17'),
(63, 57, 115, 3, '55.00', '0', NULL, '2025-05-30 17:11:11', '2025-06-03 15:35:04'),
(64, 57, 115, 9, '555.00', '0', NULL, '2025-05-30 17:11:11', '2025-05-30 17:11:11'),
(65, 57, 115, 1, '150.00', '0', NULL, '2025-05-30 17:11:11', '2025-05-30 17:11:11'),
(66, 57, 115, 8, '150.00', '0', NULL, '2025-05-30 17:11:11', '2025-05-30 17:11:11'),
(67, 57, 117, 3, '55.00', '0', NULL, '2025-05-30 17:17:39', '2025-05-30 17:17:39'),
(68, 57, 117, 9, '555.00', '0', NULL, '2025-05-30 17:17:39', '2025-05-30 17:17:39'),
(69, 57, 117, 4, '120.00', '0', NULL, '2025-05-30 17:17:39', '2025-06-03 15:39:29'),
(70, 58, 118, 1, '150.00', '1', '2025-06-03', '2025-05-30 22:00:34', '2025-05-31 14:38:30'),
(71, 58, 118, 3, '55.00', '1', '2025-06-07', '2025-05-30 22:00:34', '2025-05-31 14:38:30'),
(72, 54, 119, 3, '55.00', '1', '2025-06-11', '2025-05-31 16:12:44', '2025-06-04 22:05:48'),
(73, 54, 119, 2, '120.00', '0', NULL, '2025-05-31 16:12:44', '2025-05-31 16:12:44'),
(74, 54, 119, 4, '120.00', '0', NULL, '2025-05-31 16:59:38', '2025-05-31 16:59:38'),
(75, 54, 119, 5, '170.00', '0', NULL, '2025-05-31 17:14:42', '2025-05-31 17:14:42'),
(76, 54, 119, 8, '150.00', '0', NULL, '2025-05-31 17:15:55', '2025-05-31 17:15:55'),
(77, 58, 118, 5, '170.00', '0', NULL, '2025-06-03 00:26:29', '2025-06-03 17:39:52'),
(78, 58, 123, 5, '170.00', '0', NULL, '2025-06-03 00:40:31', '2025-06-03 00:40:31'),
(79, 58, 123, 1, '150.00', '0', NULL, '2025-06-03 00:40:31', '2025-06-03 00:40:31'),
(80, 54, 124, 3, '55.00', '1', '2025-06-11', '2025-06-03 12:30:56', '2025-06-04 22:05:27'),
(81, 74, 127, 3, '55.00', '0', NULL, '2025-06-17 01:00:09', '2025-06-17 01:00:09'),
(82, 74, 126, 3, '55.00', '0', NULL, '2025-06-17 01:00:09', '2025-06-17 01:00:09');

-- --------------------------------------------------------

--
-- Table structure for table `sessions`
--

CREATE TABLE `sessions` (
  `id` varchar(255) CHARACTER SET utf8mb4 COLLATE utf8mb4_unicode_ci NOT NULL,
  `user_id` bigint UNSIGNED DEFAULT NULL,
  `ip_address` varchar(45) CHARACTER SET utf8mb4 COLLATE utf8mb4_unicode_ci DEFAULT NULL,
  `user_agent` text CHARACTER SET utf8mb4 COLLATE utf8mb4_unicode_ci,
  `payload` longtext CHARACTER SET utf8mb4 COLLATE utf8mb4_unicode_ci NOT NULL,
  `last_activity` int NOT NULL
) ENGINE=InnoDB DEFAULT CHARSET=utf8mb4 COLLATE=utf8mb4_unicode_ci;

--
-- Dumping data for table `sessions`
--

INSERT INTO `sessions` (`id`, `user_id`, `ip_address`, `user_agent`, `payload`, `last_activity`) VALUES
('13Ka2LCePqw9C6R0b1WiZfIJ7WpH6HuSHQvSIZOm', NULL, '197.160.155.4', 'Mozilla/5.0 (Windows NT 10.0; Win64; x64) AppleWebKit/537.36 (KHTML, like Gecko) Chrome/136.0.0.0 Safari/537.36', 'YTozOntzOjY6Il90b2tlbiI7czo0MDoiUDVYeUN2emYwQWUxNUwxMW10Wm1jVVduamY0TU1BWFNCMVNnME82bCI7czo5OiJfcHJldmlvdXMiO2E6MTp7czozOiJ1cmwiO3M6NDY6Imh0dHBzOi8vY2FyLXByb2plY3QucGVyZmVjdC10ZWFtd29yay5jb20vbG9naW4iO31zOjY6Il9mbGFzaCI7YToyOntzOjM6Im9sZCI7YTowOnt9czozOiJuZXciO2E6MDp7fX19', 1750333261),
('6epXTLkhzbOUPVzbkwM7l1Yp2nhi5iy53eqpUCpr', NULL, '3.0.175.153', 'Mozilla/5.0 (Windows NT 10.0; Win64; x64) AppleWebKit/537.36 (KHTML, like Gecko) Chrome/78.0.3904.108 Safari/537.36', 'YTozOntzOjY6Il90b2tlbiI7czo0MDoiTGNZNk9Ldm1vV1ZoSFJ0UDFxMm9JNjN0Q0h5aU9kOE11Zml2RXFNaCI7czo5OiJfcHJldmlvdXMiO2E6MTp7czozOiJ1cmwiO3M6NDY6Imh0dHBzOi8vY2FyLXByb2plY3QucGVyZmVjdC10ZWFtd29yay5jb20vbG9naW4iO31zOjY6Il9mbGFzaCI7YToyOntzOjM6Im9sZCI7YTowOnt9czozOiJuZXciO2E6MDp7fX19', 1750273533),
('fdQU42CwUF5WhZVJOO57hhfLzk9QFVuw6fIc0K8V', NULL, '154.177.185.131', 'WhatsApp/2.23.20.0', 'YTozOntzOjY6Il90b2tlbiI7czo0MDoiUGFsY3J5M3EyYzgwVFZKbFVJSnh6ZHdDemtGYXQ5V2F2dWFRbGowTCI7czo5OiJfcHJldmlvdXMiO2E6MTp7czozOiJ1cmwiO3M6NDY6Imh0dHBzOi8vY2FyLXByb2plY3QucGVyZmVjdC10ZWFtd29yay5jb20vbG9naW4iO31zOjY6Il9mbGFzaCI7YToyOntzOjM6Im9sZCI7YTowOnt9czozOiJuZXciO2E6MDp7fX19', 1750258732),
('jOlf1IYXg9tGqBN4Bjl6gz1kUzIHvMzMDRNQcIwi', 1, '156.197.141.71', 'Mozilla/5.0 (Windows NT 10.0; Win64; x64) AppleWebKit/537.36 (KHTML, like Gecko) Chrome/137.0.0.0 Safari/537.36', 'YTo0OntzOjY6Il90b2tlbiI7czo0MDoicERPQWVyZEdreTNiYUd3dFN2c0hoaGY4SkU5TWtzZ2Q3dlNkd09pdCI7czo5OiJfcHJldmlvdXMiO2E6MTp7czozOiJ1cmwiO3M6NTE6Imh0dHBzOi8vY2FyLXByb2plY3QucGVyZmVjdC10ZWFtd29yay5jb20vZGFzaC9pbmRleCI7fXM6NjoiX2ZsYXNoIjthOjI6e3M6Mzoib2xkIjthOjA6e31zOjM6Im5ldyI7YTowOnt9fXM6NTI6ImxvZ2luX2FkbWluXzU5YmEzNmFkZGMyYjJmOTQwMTU4MGYwMTRjN2Y1OGVhNGUzMDk4OWQiO2k6MTt9', 1750333338),
('k83EVR7Sf8qk3GmlmOaZSt0abI8OA8CW28BoZG75', NULL, '197.53.177.232', 'WhatsApp/2.23.20.0', 'YTozOntzOjY6Il90b2tlbiI7czo0MDoiRXh0cFlOQjVoWHpPR2hYN25WeklMUjlQT0x5aUJhaUVJZ1c3aDBmbCI7czo5OiJfcHJldmlvdXMiO2E6MTp7czozOiJ1cmwiO3M6NDY6Imh0dHBzOi8vY2FyLXByb2plY3QucGVyZmVjdC10ZWFtd29yay5jb20vbG9naW4iO31zOjY6Il9mbGFzaCI7YToyOntzOjM6Im9sZCI7YTowOnt9czozOiJuZXciO2E6MDp7fX19', 1750253329),
('laKaRBp8p6g27BqCd3EnyCDq2FaQYXyY2WGcZYv8', 1, '197.39.184.241', 'Mozilla/5.0 (Windows NT 10.0; Win64; x64) AppleWebKit/537.36 (KHTML, like Gecko) Chrome/137.0.0.0 Safari/537.36', 'YTo0OntzOjY6Il90b2tlbiI7czo0MDoiWG5lSWhWeDhraUVCNkFxR1JGMjZPVGd6dEI2NHJMTENmTlk0SDVWSSI7czo5OiJfcHJldmlvdXMiO2E6MTp7czozOiJ1cmwiO3M6NTE6Imh0dHBzOi8vY2FyLXByb2plY3QucGVyZmVjdC10ZWFtd29yay5jb20vZGFzaC9pbmRleCI7fXM6NjoiX2ZsYXNoIjthOjI6e3M6Mzoib2xkIjthOjA6e31zOjM6Im5ldyI7YTowOnt9fXM6NTI6ImxvZ2luX2FkbWluXzU5YmEzNmFkZGMyYjJmOTQwMTU4MGYwMTRjN2Y1OGVhNGUzMDk4OWQiO2k6MTt9', 1750263430),
('uT1tIyDNPTYux68NUQo7KTpbiw3MDQMP9N2SqOvy', 1, '197.53.177.232', 'Mozilla/5.0 (Windows NT 10.0; Win64; x64) AppleWebKit/537.36 (KHTML, like Gecko) Chrome/137.0.0.0 Safari/537.36', 'YTo0OntzOjY6Il90b2tlbiI7czo0MDoiVHAydFpNSlI5ajU4bnNMZjVsWjJzYjNHQjVCQnoxR09ucGZjbVVjdCI7czo5OiJfcHJldmlvdXMiO2E6MTp7czozOiJ1cmwiO3M6NTE6Imh0dHBzOi8vY2FyLXByb2plY3QucGVyZmVjdC10ZWFtd29yay5jb20vZGFzaC9pbmRleCI7fXM6NjoiX2ZsYXNoIjthOjI6e3M6Mzoib2xkIjthOjA6e31zOjM6Im5ldyI7YTowOnt9fXM6NTI6ImxvZ2luX2FkbWluXzU5YmEzNmFkZGMyYjJmOTQwMTU4MGYwMTRjN2Y1OGVhNGUzMDk4OWQiO2k6MTt9', 1750253684),
('XdBay457tWdAJcjxcqRbz8StjBX9gUnqfnbDUNuu', NULL, '154.177.178.160', 'Mozilla/5.0 (Windows NT 10.0; Win64; x64) AppleWebKit/537.36 (KHTML, like Gecko) Chrome/137.0.0.0 Safari/537.36', 'YTo0OntzOjY6Il90b2tlbiI7czo0MDoieXNTVUl2WGVRanU3RHJkZndJc1dtTjdXcERNWURXczlhUTF4ZFQ1SyI7czo5OiJfcHJldmlvdXMiO2E6MTp7czozOiJ1cmwiO3M6NTE6Imh0dHBzOi8vY2FyLXByb2plY3QucGVyZmVjdC10ZWFtd29yay5jb20vZGFzaC9pbmRleCI7fXM6NjoiX2ZsYXNoIjthOjI6e3M6Mzoib2xkIjthOjA6e31zOjM6Im5ldyI7YTowOnt9fXM6NTI6ImxvZ2luX2FkbWluXzU5YmEzNmFkZGMyYjJmOTQwMTU4MGYwMTRjN2Y1OGVhNGUzMDk4OWQiO2k6MTt9', 1750264883);

-- --------------------------------------------------------

--
-- Table structure for table `users`
--

CREATE TABLE `users` (
  `id` bigint UNSIGNED NOT NULL,
  `name` varchar(255) CHARACTER SET utf8mb4 COLLATE utf8mb4_unicode_ci DEFAULT NULL,
  `email` varchar(255) CHARACTER SET utf8mb4 COLLATE utf8mb4_unicode_ci DEFAULT NULL,
  `phone` varchar(255) CHARACTER SET utf8mb4 COLLATE utf8mb4_unicode_ci DEFAULT NULL,
  `email_verified_at` timestamp NULL DEFAULT NULL,
  `password` varchar(255) CHARACTER SET utf8mb4 COLLATE utf8mb4_unicode_ci DEFAULT NULL,
  `remember_token` varchar(100) CHARACTER SET utf8mb4 COLLATE utf8mb4_unicode_ci DEFAULT NULL,
  `created_at` timestamp NULL DEFAULT NULL,
  `updated_at` timestamp NULL DEFAULT NULL,
  `type` varchar(20) CHARACTER SET utf8mb4 COLLATE utf8mb4_unicode_ci NOT NULL DEFAULT 'individual',
  `fcm_token` varchar(250) CHARACTER SET utf8mb4 COLLATE utf8mb4_unicode_ci DEFAULT NULL,
  `deleted_at` timestamp NULL DEFAULT NULL,
  `provider_type` varchar(255) CHARACTER SET utf8mb4 COLLATE utf8mb4_unicode_ci DEFAULT 'email',
  `provider_id` varchar(255) CHARACTER SET utf8mb4 COLLATE utf8mb4_unicode_ci DEFAULT NULL,
  `birthdate` date DEFAULT NULL,
  `photo` varchar(255) COLLATE utf8mb4_unicode_ci DEFAULT NULL
) ENGINE=InnoDB DEFAULT CHARSET=utf8mb4 COLLATE=utf8mb4_unicode_ci;

--
-- Dumping data for table `users`
--

INSERT INTO `users` (`id`, `name`, `email`, `phone`, `email_verified_at`, `password`, `remember_token`, `created_at`, `updated_at`, `type`, `fcm_token`, `deleted_at`, `provider_type`, `provider_id`, `birthdate`, `photo`) VALUES
(54, 'Anas', 'anaselo@live.com', '0096555083030', NULL, '$2y$12$y/5NuQVNkqTB0cKaLJ3o2uG6jRy0OLQDens.s0PYsnEXMjBC3/GJu', NULL, '2025-05-30 00:33:23', '2025-06-04 21:51:34', 'individual', 'fsjXIBXORlOKujeafEDleg:APA91bHubENPwtz3ShVIP7-rQyGL9thJbngT_LxZoEYgAFu9chEOFJMwu7rHMLuLVhziumGt5yIdCj4II2vUIkYjN4G7B0EsOwcx7IJSQdnvEaRJJ3F7K-g', NULL, 'email', NULL, '2025-05-29', NULL),
(55, NULL, NULL, '01120140410', NULL, NULL, NULL, '2025-05-30 02:01:23', '2025-05-30 02:01:38', 'individual', 'dK1jAIB2QrOFvgkIiYSlOP:APA91bEd55rYcSPmj9oJy0bTjF7Da2g8lbv4GIqEioK-8SkAxy2ExtDKwhMpT_VwKDHzFipjmUUUTsUv2KSmTS-En6SehGJwRI4MjzKpBAzMFd7ONVjxod4', NULL, 'email', NULL, NULL, NULL),
(56, NULL, NULL, '01120140412', NULL, NULL, NULL, '2025-05-30 02:04:22', '2025-05-30 02:04:27', 'individual', 'dK1jAIB2QrOFvgkIiYSlOP:APA91bEd55rYcSPmj9oJy0bTjF7Da2g8lbv4GIqEioK-8SkAxy2ExtDKwhMpT_VwKDHzFipjmUUUTsUv2KSmTS-En6SehGJwRI4MjzKpBAzMFd7ONVjxod4', NULL, 'email', NULL, NULL, NULL),
(57, 'test', 'mohamedhisham1369@gmail.com', '01120140411', NULL, '$2y$12$rNz0mMpcRMwNEuCHvpe40O0LLRuymGj1FEOOrbyLG9wDyMaKIpFZu', NULL, '2025-05-30 02:07:13', '2025-06-11 23:20:25', 'individual', 'elpt4PSFS_GidXXVLOYCZu:APA91bF69ytj88YXiw8V8Cnty8axNzF-UCKdIgM-NazvOXiKss2o6Z165g75lh_60P3-a3kTgrXm_rRrR_vCsoXrIruJj25_EJbdUQMzlnTUJIVtXKGK3Fg', '2025-06-11 23:20:25', 'email', NULL, '2025-05-29', NULL),
(58, 'El Mansour cars', 'Mansour@gmail.com', '01115028039', NULL, '$2y$12$gu0WBnPChvd3Tiac58af9eJaFqeu9SGbh/f2JsPh.5KbqUs.Da.YO', NULL, '2025-05-30 21:52:17', '2025-06-17 15:36:16', 'agency', 'ffDgEzk-T1SB1wCYFRA-BQ:APA91bE5VTmfNyKxIM_qZbb5eo6AY0phLL1QCXN0DeuGQ0jdgnNwcNMU2RAKPGTM_kmPcjOjCvYY8YjocP0lzs4IE3OxCKZSa7UjKweGB3OH4-RtB4pq3Fc', NULL, 'email', NULL, '1998-05-31', 'user/KmfEGvDCFMmbDke812Q61WhcrFl2YHnNXlsV0DU6.jpg'),
(59, 'أحمد زياد', 'ahmad.331991@hotmail.com', '0983682701', NULL, '$2y$12$2sdg.lHpxa5ymn1YZcsTjuAY44ZCEdhdSNFZVUZOllmr0ek2Y43BW', NULL, '2025-05-31 12:26:11', '2025-05-31 12:27:09', 'agency', 'eN7VIS39TAiiq8m5lwr4D0:APA91bEdWqeTmm1qB1gLt1VyNYN_OXFiyjRsctS2lVUwBty7Are-GVdHkoxaf9vC7ROR0udRrXLHnhSKgnDRrbls9O6r4elFmI5gO9Ljzibu8I99okZ0Ma0', NULL, 'email', NULL, '1991-03-03', NULL),
(60, 'hh', 'kz@perfect.com', '01289918448', NULL, '$2y$12$E8lcEYisp7dHcsgcieIZ3ePz2GH7rikJU7y24MPAgrRsYx4jrinCy', NULL, '2025-06-03 05:45:31', '2025-06-04 21:26:57', 'individual', NULL, NULL, 'email', NULL, '2001-06-13', NULL),
(61, NULL, NULL, '01289918442', NULL, NULL, NULL, '2025-06-03 05:53:20', '2025-06-03 05:53:20', 'individual', NULL, NULL, 'email', NULL, NULL, NULL),
(62, NULL, NULL, '01289918441', NULL, NULL, NULL, '2025-06-03 06:03:16', '2025-06-03 06:03:16', 'individual', NULL, NULL, 'email', NULL, NULL, NULL),
(63, NULL, NULL, '01289918443', NULL, NULL, NULL, '2025-06-03 06:07:33', '2025-06-03 06:07:33', 'individual', NULL, NULL, 'email', NULL, NULL, NULL),
(64, NULL, NULL, '01064794114', NULL, NULL, NULL, '2025-06-03 06:15:01', '2025-06-03 06:15:01', 'individual', NULL, NULL, 'email', NULL, NULL, NULL),
(65, NULL, NULL, '01064794112', NULL, NULL, NULL, '2025-06-03 06:15:17', '2025-06-03 06:15:17', 'individual', NULL, NULL, 'email', NULL, NULL, NULL),
(66, NULL, NULL, '01064794111', NULL, NULL, NULL, '2025-06-03 06:20:09', '2025-06-03 06:20:09', 'individual', NULL, NULL, 'email', NULL, NULL, NULL),
(67, NULL, NULL, '01289918449', NULL, NULL, NULL, '2025-06-04 21:25:34', '2025-06-04 21:25:34', 'individual', NULL, NULL, 'email', NULL, NULL, NULL),
(68, 'test', 'test@gmail.com', '01235678910', NULL, '$2y$12$tHXYleko2lopJE/2vnA33O1gMVjU.RAE69mSDsTfvWlqNtkjrjwF.', NULL, '2025-06-04 22:06:44', '2025-06-12 12:18:37', 'individual', 'f21s5WfhSCe_5yoHssNsKG:APA91bG_rbi-gjWFoJc71F2Y7ELLw7GBsOFLL-OqsMimOt__V2n2sdgfyOm2WcpxQOF9koOjqUv-erQYiZKsY6Nb9qK9QSIIFyRWKijR5RCXh5t2T0uDYhQ', '2025-06-12 12:18:37', 'email', NULL, '1998-06-04', NULL),
(70, 'test', 'test3@gmail.com', '01120140413', NULL, '$2y$12$i0emxE3A0BVLB.ERU1e9Zuke.ocKMXPC7hlfb6En15dTXyyP9M/0C', NULL, '2025-06-11 23:22:09', '2025-06-12 12:18:32', 'individual', 'dK1jAIB2QrOFvgkIiYSlOP:APA91bEd55rYcSPmj9oJy0bTjF7Da2g8lbv4GIqEioK-8SkAxy2ExtDKwhMpT_VwKDHzFipjmUUUTsUv2KSmTS-En6SehGJwRI4MjzKpBAzMFd7ONVjxod4', '2025-06-12 12:18:32', 'email', NULL, '2025-06-11', NULL),
(71, NULL, NULL, '01120140414', NULL, NULL, NULL, '2025-06-11 23:24:38', '2025-06-11 23:25:38', 'individual', 'dK1jAIB2QrOFvgkIiYSlOP:APA91bEd55rYcSPmj9oJy0bTjF7Da2g8lbv4GIqEioK-8SkAxy2ExtDKwhMpT_VwKDHzFipjmUUUTsUv2KSmTS-En6SehGJwRI4MjzKpBAzMFd7ONVjxod4', NULL, 'email', NULL, NULL, NULL),
(72, 'TK MOTORS', 'Tk@gmail.com', '0991748071', NULL, '$2y$12$Q8./x7TVGiMBjF9dv5raWuvmQMiNt6S4VwLsCHfwIvKG3frlOia6q', NULL, '2025-06-12 12:28:31', '2025-06-18 18:32:24', 'agency', 'fj56WK5NS5i4Lcmngstn9e:APA91bGiFSHfTVvtOHSwb4riLCEzZ4bDg-yta6chh1bA3ouOgEEEy7K5uYi8C7cAU1y1RJclgkNL7G3UzyA1QO8HPQT7o58RFEemHPF1BbWZa8UvSyPtPZI', NULL, 'email', NULL, '2010-06-13', NULL),
(74, 'Mohamed Hisham', 'mohamed.bibi28@yahoo.com', NULL, NULL, NULL, NULL, '2025-06-16 03:25:26', '2025-06-16 12:54:27', 'individual', 'edCSMcIrQ0SXm80-Q2vxdI:APA91bH1dad9L9RiVbgwEuPYAovElK6wX7A1tWf5Wlxq3stVj9_dYdoS07XYtVKxdchVIpod4riGvkSCJQtldSTEalA5qq7qVWEZOnX4ampdpn3iS5Pdvqc', NULL, 'facebook', 'qS4cagsCVfUPMZwbiLzF9a7yCZD3', NULL, NULL);

-- --------------------------------------------------------

--
-- Table structure for table `user_favorite_cars`
--

CREATE TABLE `user_favorite_cars` (
  `id` bigint UNSIGNED NOT NULL,
  `user_id` bigint UNSIGNED NOT NULL,
  `car_id` bigint UNSIGNED NOT NULL,
  `created_at` timestamp NULL DEFAULT NULL,
  `updated_at` timestamp NULL DEFAULT NULL
) ENGINE=InnoDB DEFAULT CHARSET=utf8mb4 COLLATE=utf8mb4_unicode_ci;

--
-- Dumping data for table `user_favorite_cars`
--

INSERT INTO `user_favorite_cars` (`id`, `user_id`, `car_id`, `created_at`, `updated_at`) VALUES
(41, 57, 113, '2025-05-30 21:54:26', '2025-05-30 21:54:26'),
(42, 58, 118, '2025-05-30 22:00:46', '2025-05-30 22:00:46'),
(44, 54, 118, '2025-05-31 17:00:31', '2025-05-31 17:00:31'),
(53, 60, 123, '2025-06-03 07:05:23', '2025-06-03 07:05:23'),
(54, 54, 124, '2025-06-03 12:33:47', '2025-06-03 12:33:47'),
(55, 74, 127, '2025-06-17 00:57:17', '2025-06-17 00:57:17'),
(56, 74, 126, '2025-06-17 00:57:38', '2025-06-17 00:57:38');

--
-- Indexes for dumped tables
--

--
-- Indexes for table `admins`
--
ALTER TABLE `admins`
  ADD PRIMARY KEY (`id`),
  ADD UNIQUE KEY `admins_email_unique` (`email`),
  ADD UNIQUE KEY `admins_phone_unique` (`phone`);

--
-- Indexes for table `banners`
--
ALTER TABLE `banners`
  ADD PRIMARY KEY (`id`);

--
-- Indexes for table `blog`
--
ALTER TABLE `blog`
  ADD PRIMARY KEY (`id`);

--
-- Indexes for table `brands`
--
ALTER TABLE `brands`
  ADD PRIMARY KEY (`id`);

--
-- Indexes for table `cache`
--
ALTER TABLE `cache`
  ADD PRIMARY KEY (`key`);

--
-- Indexes for table `cache_locks`
--
ALTER TABLE `cache_locks`
  ADD PRIMARY KEY (`key`);

--
-- Indexes for table `cars`
--
ALTER TABLE `cars`
  ADD PRIMARY KEY (`id`),
  ADD KEY `cars_user_id_foreign` (`user_id`),
  ADD KEY `cars_brand_id_foreign` (`brand_id`),
  ADD KEY `cars_model_id_foreign` (`model_id`),
  ADD KEY `cars_city_id_foreign` (`city_id`),
  ADD KEY `cars_district_id_foreign` (`district_id`);

--
-- Indexes for table `cars_specifications`
--
ALTER TABLE `cars_specifications`
  ADD PRIMARY KEY (`id`),
  ADD KEY `cars_specifications_car_id_foreign` (`car_id`);

--
-- Indexes for table `categories`
--
ALTER TABLE `categories`
  ADD PRIMARY KEY (`id`);

--
-- Indexes for table `chats`
--
ALTER TABLE `chats`
  ADD PRIMARY KEY (`id`);

--
-- Indexes for table `chat_messages`
--
ALTER TABLE `chat_messages`
  ADD PRIMARY KEY (`id`),
  ADD KEY `chat_messages_chat_id_foreign` (`chat_id`),
  ADD KEY `chat_messages_car_id_foreign` (`car_id`),
  ADD KEY `chat_messages_from_id_foreign` (`from_id`),
  ADD KEY `chat_messages_to_id_foreign` (`to_id`);

--
-- Indexes for table `cities`
--
ALTER TABLE `cities`
  ADD PRIMARY KEY (`id`);

--
-- Indexes for table `contacts`
--
ALTER TABLE `contacts`
  ADD PRIMARY KEY (`id`);

--
-- Indexes for table `districts`
--
ALTER TABLE `districts`
  ADD PRIMARY KEY (`id`),
  ADD KEY `districts_city_id_foreign` (`city_id`);

--
-- Indexes for table `failed_jobs`
--
ALTER TABLE `failed_jobs`
  ADD PRIMARY KEY (`id`),
  ADD UNIQUE KEY `failed_jobs_uuid_unique` (`uuid`);

--
-- Indexes for table `files`
--
ALTER TABLE `files`
  ADD PRIMARY KEY (`id`),
  ADD KEY `files_file_type_file_id_index` (`file_type`,`file_id`);

--
-- Indexes for table `jobs`
--
ALTER TABLE `jobs`
  ADD PRIMARY KEY (`id`),
  ADD KEY `jobs_queue_index` (`queue`);

--
-- Indexes for table `job_batches`
--
ALTER TABLE `job_batches`
  ADD PRIMARY KEY (`id`);

--
-- Indexes for table `migrations`
--
ALTER TABLE `migrations`
  ADD PRIMARY KEY (`id`);

--
-- Indexes for table `models`
--
ALTER TABLE `models`
  ADD PRIMARY KEY (`id`),
  ADD KEY `models_brand_id_foreign` (`brand_id`);

--
-- Indexes for table `notifications`
--
ALTER TABLE `notifications`
  ADD PRIMARY KEY (`id`),
  ADD KEY `notifications_notifiable_type_notifiable_id_index` (`notifiable_type`,`notifiable_id`);

--
-- Indexes for table `notification_center`
--
ALTER TABLE `notification_center`
  ADD PRIMARY KEY (`id`),
  ADD KEY `notification_center_send_type_send_id_index` (`send_type`,`send_id`);

--
-- Indexes for table `otps`
--
ALTER TABLE `otps`
  ADD PRIMARY KEY (`id`),
  ADD KEY `otps_otpable_type_otpable_id_index` (`otpable_type`,`otpable_id`);

--
-- Indexes for table `pages`
--
ALTER TABLE `pages`
  ADD PRIMARY KEY (`id`);

--
-- Indexes for table `password_reset_tokens`
--
ALTER TABLE `password_reset_tokens`
  ADD PRIMARY KEY (`email`);

--
-- Indexes for table `personal_access_tokens`
--
ALTER TABLE `personal_access_tokens`
  ADD PRIMARY KEY (`id`),
  ADD UNIQUE KEY `personal_access_tokens_token_unique` (`token`),
  ADD KEY `personal_access_tokens_tokenable_type_tokenable_id_index` (`tokenable_type`,`tokenable_id`);

--
-- Indexes for table `search_histories`
--
ALTER TABLE `search_histories`
  ADD PRIMARY KEY (`id`),
  ADD KEY `search_histories_searchable_type_searchable_id_index` (`searchable_type`,`searchable_id`),
  ADD KEY `search_histories_user_id_index` (`user_id`),
  ADD KEY `search_histories_search_term_index` (`search_term`);

--
-- Indexes for table `services`
--
ALTER TABLE `services`
  ADD PRIMARY KEY (`id`);

--
-- Indexes for table `services_requests`
--
ALTER TABLE `services_requests`
  ADD PRIMARY KEY (`id`),
  ADD KEY `services_requests_user_id_foreign` (`user_id`),
  ADD KEY `services_requests_car_id_foreign` (`car_id`),
  ADD KEY `services_requests_service_id_foreign` (`service_id`);

--
-- Indexes for table `sessions`
--
ALTER TABLE `sessions`
  ADD PRIMARY KEY (`id`),
  ADD KEY `sessions_user_id_index` (`user_id`),
  ADD KEY `sessions_last_activity_index` (`last_activity`);

--
-- Indexes for table `users`
--
ALTER TABLE `users`
  ADD PRIMARY KEY (`id`),
  ADD UNIQUE KEY `users_phone_unique` (`phone`),
  ADD UNIQUE KEY `users_email_unique` (`email`);

--
-- Indexes for table `user_favorite_cars`
--
ALTER TABLE `user_favorite_cars`
  ADD PRIMARY KEY (`id`);

--
-- AUTO_INCREMENT for dumped tables
--

--
-- AUTO_INCREMENT for table `admins`
--
ALTER TABLE `admins`
  MODIFY `id` bigint UNSIGNED NOT NULL AUTO_INCREMENT, AUTO_INCREMENT=2;

--
-- AUTO_INCREMENT for table `banners`
--
ALTER TABLE `banners`
  MODIFY `id` bigint UNSIGNED NOT NULL AUTO_INCREMENT, AUTO_INCREMENT=11;

--
-- AUTO_INCREMENT for table `blog`
--
ALTER TABLE `blog`
  MODIFY `id` bigint UNSIGNED NOT NULL AUTO_INCREMENT, AUTO_INCREMENT=6;

--
-- AUTO_INCREMENT for table `brands`
--
ALTER TABLE `brands`
  MODIFY `id` bigint UNSIGNED NOT NULL AUTO_INCREMENT, AUTO_INCREMENT=19;

--
-- AUTO_INCREMENT for table `cars`
--
ALTER TABLE `cars`
  MODIFY `id` bigint UNSIGNED NOT NULL AUTO_INCREMENT, AUTO_INCREMENT=144;

--
-- AUTO_INCREMENT for table `cars_specifications`
--
ALTER TABLE `cars_specifications`
  MODIFY `id` bigint UNSIGNED NOT NULL AUTO_INCREMENT, AUTO_INCREMENT=839;

--
-- AUTO_INCREMENT for table `categories`
--
ALTER TABLE `categories`
  MODIFY `id` bigint UNSIGNED NOT NULL AUTO_INCREMENT;

--
-- AUTO_INCREMENT for table `chats`
--
ALTER TABLE `chats`
  MODIFY `id` bigint UNSIGNED NOT NULL AUTO_INCREMENT, AUTO_INCREMENT=23;

--
-- AUTO_INCREMENT for table `chat_messages`
--
ALTER TABLE `chat_messages`
  MODIFY `id` bigint UNSIGNED NOT NULL AUTO_INCREMENT, AUTO_INCREMENT=44;

--
-- AUTO_INCREMENT for table `cities`
--
ALTER TABLE `cities`
  MODIFY `id` bigint UNSIGNED NOT NULL AUTO_INCREMENT, AUTO_INCREMENT=6;

--
-- AUTO_INCREMENT for table `contacts`
--
ALTER TABLE `contacts`
  MODIFY `id` bigint UNSIGNED NOT NULL AUTO_INCREMENT, AUTO_INCREMENT=2;

--
-- AUTO_INCREMENT for table `districts`
--
ALTER TABLE `districts`
  MODIFY `id` bigint UNSIGNED NOT NULL AUTO_INCREMENT, AUTO_INCREMENT=7;

--
-- AUTO_INCREMENT for table `failed_jobs`
--
ALTER TABLE `failed_jobs`
  MODIFY `id` bigint UNSIGNED NOT NULL AUTO_INCREMENT;

--
-- AUTO_INCREMENT for table `files`
--
ALTER TABLE `files`
  MODIFY `id` bigint UNSIGNED NOT NULL AUTO_INCREMENT, AUTO_INCREMENT=457;

--
-- AUTO_INCREMENT for table `jobs`
--
ALTER TABLE `jobs`
  MODIFY `id` bigint UNSIGNED NOT NULL AUTO_INCREMENT;

--
-- AUTO_INCREMENT for table `migrations`
--
ALTER TABLE `migrations`
  MODIFY `id` int UNSIGNED NOT NULL AUTO_INCREMENT, AUTO_INCREMENT=41;

--
-- AUTO_INCREMENT for table `models`
--
ALTER TABLE `models`
  MODIFY `id` bigint UNSIGNED NOT NULL AUTO_INCREMENT, AUTO_INCREMENT=35;

--
-- AUTO_INCREMENT for table `notification_center`
--
ALTER TABLE `notification_center`
  MODIFY `id` bigint UNSIGNED NOT NULL AUTO_INCREMENT;

--
-- AUTO_INCREMENT for table `otps`
--
ALTER TABLE `otps`
  MODIFY `id` bigint UNSIGNED NOT NULL AUTO_INCREMENT, AUTO_INCREMENT=64;

--
-- AUTO_INCREMENT for table `pages`
--
ALTER TABLE `pages`
  MODIFY `id` bigint UNSIGNED NOT NULL AUTO_INCREMENT;

--
-- AUTO_INCREMENT for table `personal_access_tokens`
--
ALTER TABLE `personal_access_tokens`
  MODIFY `id` bigint UNSIGNED NOT NULL AUTO_INCREMENT, AUTO_INCREMENT=268;

--
-- AUTO_INCREMENT for table `search_histories`
--
ALTER TABLE `search_histories`
  MODIFY `id` bigint UNSIGNED NOT NULL AUTO_INCREMENT, AUTO_INCREMENT=7;

--
-- AUTO_INCREMENT for table `services`
--
ALTER TABLE `services`
  MODIFY `id` bigint UNSIGNED NOT NULL AUTO_INCREMENT, AUTO_INCREMENT=12;

--
-- AUTO_INCREMENT for table `services_requests`
--
ALTER TABLE `services_requests`
  MODIFY `id` bigint UNSIGNED NOT NULL AUTO_INCREMENT, AUTO_INCREMENT=83;

--
-- AUTO_INCREMENT for table `users`
--
ALTER TABLE `users`
  MODIFY `id` bigint UNSIGNED NOT NULL AUTO_INCREMENT, AUTO_INCREMENT=75;

--
-- AUTO_INCREMENT for table `user_favorite_cars`
--
ALTER TABLE `user_favorite_cars`
  MODIFY `id` bigint UNSIGNED NOT NULL AUTO_INCREMENT, AUTO_INCREMENT=57;

--
-- Constraints for dumped tables
--

--
-- Constraints for table `cars`
--
ALTER TABLE `cars`
  ADD CONSTRAINT `cars_brand_id_foreign` FOREIGN KEY (`brand_id`) REFERENCES `brands` (`id`) ON DELETE SET NULL,
  ADD CONSTRAINT `cars_city_id_foreign` FOREIGN KEY (`city_id`) REFERENCES `cities` (`id`) ON DELETE SET NULL,
  ADD CONSTRAINT `cars_district_id_foreign` FOREIGN KEY (`district_id`) REFERENCES `districts` (`id`) ON DELETE SET NULL,
  ADD CONSTRAINT `cars_model_id_foreign` FOREIGN KEY (`model_id`) REFERENCES `models` (`id`) ON DELETE SET NULL,
  ADD CONSTRAINT `cars_user_id_foreign` FOREIGN KEY (`user_id`) REFERENCES `users` (`id`) ON DELETE CASCADE;

--
-- Constraints for table `cars_specifications`
--
ALTER TABLE `cars_specifications`
  ADD CONSTRAINT `cars_specifications_car_id_foreign` FOREIGN KEY (`car_id`) REFERENCES `cars` (`id`) ON DELETE CASCADE;

--
-- Constraints for table `chat_messages`
--
ALTER TABLE `chat_messages`
  ADD CONSTRAINT `chat_messages_car_id_foreign` FOREIGN KEY (`car_id`) REFERENCES `cars` (`id`),
  ADD CONSTRAINT `chat_messages_chat_id_foreign` FOREIGN KEY (`chat_id`) REFERENCES `chats` (`id`),
  ADD CONSTRAINT `chat_messages_from_id_foreign` FOREIGN KEY (`from_id`) REFERENCES `users` (`id`),
  ADD CONSTRAINT `chat_messages_to_id_foreign` FOREIGN KEY (`to_id`) REFERENCES `users` (`id`);

--
-- Constraints for table `districts`
--
ALTER TABLE `districts`
  ADD CONSTRAINT `districts_city_id_foreign` FOREIGN KEY (`city_id`) REFERENCES `cities` (`id`) ON DELETE CASCADE;

--
-- Constraints for table `models`
--
ALTER TABLE `models`
  ADD CONSTRAINT `models_brand_id_foreign` FOREIGN KEY (`brand_id`) REFERENCES `brands` (`id`) ON DELETE CASCADE;

--
-- Constraints for table `search_histories`
--
ALTER TABLE `search_histories`
  ADD CONSTRAINT `search_histories_user_id_foreign` FOREIGN KEY (`user_id`) REFERENCES `users` (`id`) ON DELETE CASCADE;
COMMIT;

